000
CDUS43 KDTX 010541
CLIFNT


CLIMATE REPORT
NATIONAL WEATHER SERVICE DETROIT/PONTIAC MI
141 AM EDT FRI MAY 1 2015


...................................

...THE FLINT MI CLIMATE SUMMARY FOR APRIL 30 2015...

CLIMATE NORMAL PERIOD 1981 TO 2010
CLIMATE RECORD PERIOD 1921 TO 2015


WEATHER ITEM   OBSERVED TIME   RECORD YEAR NORMAL DEPARTURE LAST
                VALUE   (LST)  VALUE       VALUE  FROM      YEAR
                                                  NORMAL
..................................................................
TEMPERATURE (F)
 YESTERDAY
  MAXIMUM         64    341 PM  86    1942  63      1       69
  MINIMUM         43    813 AM  20    1939  40      3       51
  AVERAGE         54                        52      2       60

PRECIPITATION (IN)
  YESTERDAY        T             1.26 1962   0.10  -0.10     0.05
  MONTH TO DATE    1.63                      2.89  -1.26     2.48
  SINCE MAR 1      2.55                      4.80  -2.25     3.69
  SINCE JAN 1      4.72                      7.91  -3.19     7.70

SNOWFALL (IN)
  YESTERDAY        0.0           0.8    MM   0.0    0.0      0.0
  MONTH TO DATE    0.3                       2.3   -2.0      1.3
  SINCE MAR 1      4.8                       8.8   -4.0     10.7
  SINCE JUL 1     45.3                      47.4   -2.1     83.9
  SNOW DEPTH       0

DEGREE DAYS
 HEATING
  YESTERDAY       11                        14     -3        5
  MONTH TO DATE  491                       563    -72      527
  SINCE MAR 1   1481                      1519    -38     1731
  SINCE JUL 1   6789                      6607    182     7252

 COOLING
  YESTERDAY        0                         0      0        0
  MONTH TO DATE    0                         4     -4        0
  SINCE MAR 1      0                         4     -4        0
  SINCE JAN 1      0                         4     -4        0
..................................................................


WIND (MPH)
  HIGHEST WIND SPEED    20   HIGHEST WIND DIRECTION    NE (40)
  HIGHEST GUST SPEED    30   HIGHEST GUST DIRECTION    NE (30)
  AVERAGE WIND SPEED     8.7


SKY COVER
  POSSIBLE SUNSHINE  MM
  AVERAGE SKY COVER 0.9


WEATHER CONDITIONS
 THE FOLLOWING WEATHER WAS RECORDED YESTERDAY.
  LIGHT RAIN


RELATIVE HUMIDITY (PERCENT)
 HIGHEST    80          1200 AM
 LOWEST     46           300 PM
 AVERAGE    63

..........................................................


THE FLINT MI CLIMATE NORMALS FOR TODAY
                         NORMAL    RECORD    YEAR
 MAXIMUM TEMPERATURE (F)   64        86      1942
 MINIMUM TEMPERATURE (F)   40        26      1978
                                             1963


SUNRISE AND SUNSET
MAY  1 2015...........SUNRISE   629 AM EDT   SUNSET   836 PM EDT
MAY  2 2015...........SUNRISE   628 AM EDT   SUNSET   837 PM EDT


-  INDICATES NEGATIVE NUMBERS.
R  INDICATES RECORD WAS SET OR TIED.
MM INDICATES DATA IS MISSING.
T  INDICATES TRACE AMOUNT.




$$
