000
CDUS43 KDTX 140540
CLIFNT


CLIMATE REPORT
NATIONAL WEATHER SERVICE DETROIT/PONTIAC MI
139 AM EDT TUE APR 14 2015


...................................

...THE FLINT MI CLIMATE SUMMARY FOR APRIL 13 2015...

CLIMATE NORMAL PERIOD 1981 TO 2010
CLIMATE RECORD PERIOD 1921 TO 2015


WEATHER ITEM   OBSERVED TIME   RECORD YEAR NORMAL DEPARTURE LAST
                VALUE   (LST)  VALUE       VALUE  FROM      YEAR
                                                  NORMAL
..................................................................
TEMPERATURE (F)
 YESTERDAY
  MAXIMUM         68   1129 AM  85    1941  56     12       74
  MINIMUM         49   1159 PM  15    1950  35     14       49
  AVERAGE         59                        46     13       62

PRECIPITATION (IN)
  YESTERDAY        T             0.99 1952   0.10  -0.10     0.01
  MONTH TO DATE    1.17                      1.23  -0.06     0.66
  SINCE MAR 1      2.09                      3.14  -1.05     1.87
  SINCE JAN 1      4.26                      6.25  -1.99     5.88

SNOWFALL (IN)
  YESTERDAY        0.0           1.3    MM   0.1   -0.1      0.0
  MONTH TO DATE    T                         1.5   -1.5       T
  SINCE MAR 1      4.5                       8.0   -3.5      9.4
  SINCE JUL 1     45.0                      46.6   -1.6     82.6
  SNOW DEPTH       0

DEGREE DAYS
 HEATING
  YESTERDAY        6                        20    -14        3
  MONTH TO DATE  220                       285    -65      241
  SINCE MAR 1   1210                      1242    -32     1445
  SINCE JUL 1   6518                      6330    188     6966

 COOLING
  YESTERDAY        0                         0      0        0
  MONTH TO DATE    0                         0      0        0
  SINCE MAR 1      0                         0      0        0
  SINCE JAN 1      0                         0      0        0
..................................................................


WIND (MPH)
  HIGHEST WIND SPEED    31   HIGHEST WIND DIRECTION     W (280)
  HIGHEST GUST SPEED    38   HIGHEST GUST DIRECTION     W (280)
  AVERAGE WIND SPEED    13.1


SKY COVER
  POSSIBLE SUNSHINE  MM
  AVERAGE SKY COVER 0.6


WEATHER CONDITIONS
 THE FOLLOWING WEATHER WAS RECORDED YESTERDAY.
  LIGHT RAIN


RELATIVE HUMIDITY (PERCENT)
 HIGHEST    54           200 AM
 LOWEST     36           800 AM
 AVERAGE    45

..........................................................


THE FLINT MI CLIMATE NORMALS FOR TODAY
                         NORMAL    RECORD    YEAR
 MAXIMUM TEMPERATURE (F)   57        81      1941
 MINIMUM TEMPERATURE (F)   35        20      1950
                                             1943


SUNRISE AND SUNSET
APRIL 14 2015.........SUNRISE   655 AM EDT   SUNSET   816 PM EDT
APRIL 15 2015.........SUNRISE   654 AM EDT   SUNSET   817 PM EDT


-  INDICATES NEGATIVE NUMBERS.
R  INDICATES RECORD WAS SET OR TIED.
MM INDICATES DATA IS MISSING.
T  INDICATES TRACE AMOUNT.




$$
