000
CDUS43 KDTX 290555
CLIFNT


CLIMATE REPORT
NATIONAL WEATHER SERVICE DETROIT/PONTIAC MI
155 AM EDT WED APR 29 2015


...................................

...THE FLINT MI CLIMATE SUMMARY FOR APRIL 28 2015...

CLIMATE NORMAL PERIOD 1981 TO 2010
CLIMATE RECORD PERIOD 1921 TO 2015


WEATHER ITEM   OBSERVED TIME   RECORD YEAR NORMAL DEPARTURE LAST
                VALUE   (LST)  VALUE       VALUE  FROM      YEAR
                                                  NORMAL
..................................................................
TEMPERATURE (F)
 YESTERDAY
  MAXIMUM         65    502 PM  85    1990  63      2       57
                                      1986
  MINIMUM         30    447 AM  24    1946  40    -10       38
  AVERAGE         48                        51     -3       48

PRECIPITATION (IN)
  YESTERDAY        0.00          1.14 1956   0.09  -0.09      T
  MONTH TO DATE    1.50                      2.69  -1.19     1.47
  SINCE MAR 1      2.42                      4.60  -2.18     2.68
  SINCE JAN 1      4.59                      7.71  -3.12     6.69

SNOWFALL (IN)
  YESTERDAY        0.0           T      MM   0.1   -0.1      0.0
  MONTH TO DATE    0.3                       2.3   -2.0      1.3
  SINCE MAR 1      4.8                       8.8   -4.0     10.7
  SINCE JUL 1     45.3                      47.4   -2.1     83.9
  SNOW DEPTH       0

DEGREE DAYS
 HEATING
  YESTERDAY       17                        14      3       17
  MONTH TO DATE  469                       535    -66      519
  SINCE MAR 1   1459                      1492    -33     1723
  SINCE JUL 1   6767                      6580    187     7244

 COOLING
  YESTERDAY        0                         0      0        0
  MONTH TO DATE    0                         0      0        0
  SINCE MAR 1      0                         0      0        0
  SINCE JAN 1      0                         0      0        0
..................................................................


WIND (MPH)
  HIGHEST WIND SPEED    12   HIGHEST WIND DIRECTION     N (350)
  HIGHEST GUST SPEED    16   HIGHEST GUST DIRECTION    NW (330)
  AVERAGE WIND SPEED     3.6


SKY COVER
  POSSIBLE SUNSHINE  MM
  AVERAGE SKY COVER 0.1


WEATHER CONDITIONS
 THE FOLLOWING WEATHER WAS RECORDED YESTERDAY.
  NO SIGNIFICANT WEATHER WAS OBSERVED.


RELATIVE HUMIDITY (PERCENT)
 HIGHEST    92           600 AM
 LOWEST     34           400 PM
 AVERAGE    63

..........................................................


THE FLINT MI CLIMATE NORMALS FOR TODAY
                         NORMAL    RECORD    YEAR
 MAXIMUM TEMPERATURE (F)   63        82      1942
 MINIMUM TEMPERATURE (F)   40        22      2012


SUNRISE AND SUNSET
APRIL 29 2015.........SUNRISE   632 AM EDT   SUNSET   833 PM EDT
APRIL 30 2015.........SUNRISE   631 AM EDT   SUNSET   834 PM EDT


-  INDICATES NEGATIVE NUMBERS.
R  INDICATES RECORD WAS SET OR TIED.
MM INDICATES DATA IS MISSING.
T  INDICATES TRACE AMOUNT.




$$
