000
CDUS43 KDTX 192026
CLIFNT


CLIMATE REPORT
NATIONAL WEATHER SERVICE DETROIT/PONTIAC MI
425 PM EDT SUN APR 19 2015


...................................

...THE FLINT MI CLIMATE SUMMARY FOR APRIL 19 2015...
VALID TODAY AS OF 0400 PM LOCAL TIME.

CLIMATE NORMAL PERIOD 1981 TO 2010
CLIMATE RECORD PERIOD 1921 TO 2015


WEATHER ITEM   OBSERVED TIME   RECORD YEAR NORMAL DEPARTURE LAST
                VALUE   (LST)  VALUE       VALUE  FROM      YEAR
                                                  NORMAL
..................................................................
TEMPERATURE (F)
 TODAY
  MAXIMUM         69    150 PM  83    2005  59     10       59
  MINIMUM         41    609 AM  22    1926  37      4       32
  AVERAGE         55                        48      7       46

PRECIPITATION (IN)
  TODAY            0.00          1.29 1941   0.10  -0.10     0.00
  MONTH TO DATE    1.19                      1.85  -0.66     0.95
  SINCE MAR 1      2.11                      3.76  -1.65     2.16
  SINCE JAN 1      4.28                      6.87  -2.59     6.17

SNOWFALL (IN)
  TODAY            0.0           0.8    MM   0.1   -0.1      0.0
  MONTH TO DATE    T                         2.0   -2.0      1.3
  SINCE MAR 1      4.5                       8.5   -4.0     10.7
  SINCE JUL 1     45.0                      47.1   -2.1     83.9
  SNOW DEPTH       0

DEGREE DAYS
 HEATING
  TODAY           10                        17     -7       19
  MONTH TO DATE  279                       394   -115      379
  SINCE MAR 1   1269                      1351    -82     1583
  SINCE JUL 1   6577                      6439    138     7104

 COOLING
  TODAY            0                         0      0        0
  MONTH TO DATE    0                         0      0        0
  SINCE MAR 1      0                         0      0        0
  SINCE JAN 1      0                         0      0        0
..................................................................


WIND (MPH)
  HIGHEST WIND SPEED    22   HIGHEST WIND DIRECTION     E (100)
  HIGHEST GUST SPEED    27   HIGHEST GUST DIRECTION     E (100)
  AVERAGE WIND SPEED    12.2


SKY COVER
  POSSIBLE SUNSHINE  MM
  AVERAGE SKY COVER 0.1


WEATHER CONDITIONS
 THE FOLLOWING WEATHER WAS RECORDED TODAY.
  NO SIGNIFICANT WEATHER WAS OBSERVED.


RELATIVE HUMIDITY (PERCENT)
 HIGHEST    62           300 AM
 LOWEST     31          1000 AM
 AVERAGE    47

..........................................................


THE FLINT MI CLIMATE NORMALS FOR TOMORROW
                         NORMAL    RECORD    YEAR
 MAXIMUM TEMPERATURE (F)   59        83      1987
 MINIMUM TEMPERATURE (F)   37        24      1956
                                             1928


SUNRISE AND SUNSET
APRIL 19 2015.........SUNRISE   647 AM EDT   SUNSET   822 PM EDT
APRIL 20 2015.........SUNRISE   646 AM EDT   SUNSET   823 PM EDT


-  INDICATES NEGATIVE NUMBERS.
R  INDICATES RECORD WAS SET OR TIED.
MM INDICATES DATA IS MISSING.
T  INDICATES TRACE AMOUNT.




$$
