000
CDUS43 KDTX 122045
CLIFNT


CLIMATE REPORT
NATIONAL WEATHER SERVICE DETROIT/PONTIAC MI
445 PM EDT SUN APR 12 2015


...................................

...THE FLINT MI CLIMATE SUMMARY FOR APRIL 12 2015...
VALID TODAY AS OF 0400 PM LOCAL TIME.

CLIMATE NORMAL PERIOD 1981 TO 2010
CLIMATE RECORD PERIOD 1921 TO 2015


WEATHER ITEM   OBSERVED TIME   RECORD YEAR NORMAL DEPARTURE LAST
                VALUE   (LST)  VALUE       VALUE  FROM      YEAR
                                                  NORMAL
..................................................................
TEMPERATURE (F)
 TODAY
  MAXIMUM         68    259 PM  81    1977  56     12       73
  MINIMUM         32    259 AM  19    1950  34     -2       37
                                      1940
  AVERAGE         50                        45      5       55

PRECIPITATION (IN)
  TODAY            0.00          1.03 1996   0.10  -0.10     0.22
  MONTH TO DATE    1.17                      1.13   0.04     0.65
  SINCE MAR 1      2.09                      3.04  -0.95     1.86
  SINCE JAN 1      4.26                      6.15  -1.89     5.87

SNOWFALL (IN)
  TODAY            0.0           1.9    MM   0.1   -0.1      0.0
  MONTH TO DATE    T                         1.4   -1.4       T
  SINCE MAR 1      4.5                       7.9   -3.4      9.4
  SINCE JUL 1     45.0                      46.5   -1.5     82.6
  SNOW DEPTH       0

DEGREE DAYS
 HEATING
  TODAY           15                        20     -5       10
  MONTH TO DATE  214                       265    -51      238
  SINCE MAR 1   1204                      1222    -18     1442
  SINCE JUL 1   6512                      6310    202     6963

 COOLING
  TODAY            0                         0      0        0
  MONTH TO DATE    0                         0      0        0
  SINCE MAR 1      0                         0      0        0
  SINCE JAN 1      0                         0      0        0
..................................................................


WIND (MPH)
  HIGHEST WIND SPEED    18   HIGHEST WIND DIRECTION     S (190)
  HIGHEST GUST SPEED    23   HIGHEST GUST DIRECTION    SW (210)
  AVERAGE WIND SPEED     6.6


SKY COVER
  POSSIBLE SUNSHINE  MM
  AVERAGE SKY COVER 0.0


WEATHER CONDITIONS
 THE FOLLOWING WEATHER WAS RECORDED TODAY.
  NO SIGNIFICANT WEATHER WAS OBSERVED.


RELATIVE HUMIDITY (PERCENT)
 HIGHEST    89           300 AM
 LOWEST     29           100 PM
 AVERAGE    59

..........................................................


THE FLINT MI CLIMATE NORMALS FOR TOMORROW
                         NORMAL    RECORD    YEAR
 MAXIMUM TEMPERATURE (F)   56        85      1941
 MINIMUM TEMPERATURE (F)   35        15      1950


SUNRISE AND SUNSET
APRIL 12 2015.........SUNRISE   659 AM EDT   SUNSET   814 PM EDT
APRIL 13 2015.........SUNRISE   657 AM EDT   SUNSET   815 PM EDT


-  INDICATES NEGATIVE NUMBERS.
R  INDICATES RECORD WAS SET OR TIED.
MM INDICATES DATA IS MISSING.
T  INDICATES TRACE AMOUNT.




$$
