000
CDUS43 KDTX 230536
CLIFNT


CLIMATE REPORT
NATIONAL WEATHER SERVICE DETROIT/PONTIAC MI
136 AM EDT THU APR 23 2015


...................................

...THE FLINT MI CLIMATE SUMMARY FOR APRIL 22 2015...

CLIMATE NORMAL PERIOD 1981 TO 2010
CLIMATE RECORD PERIOD 1921 TO 2015


WEATHER ITEM   OBSERVED TIME   RECORD YEAR NORMAL DEPARTURE LAST
                VALUE   (LST)  VALUE       VALUE  FROM      YEAR
                                                  NORMAL
..................................................................
TEMPERATURE (F)
 YESTERDAY
  MAXIMUM         41    131 PM  84    1985  60    -19       58
                                      1980
  MINIMUM         34   1145 PM  20    1927  38     -4       39
  AVERAGE         38                        49    -11       49

PRECIPITATION (IN)
  YESTERDAY        T             1.75 1999   0.09  -0.09     0.12
  MONTH TO DATE    1.50                      2.13  -0.63     1.24
  SINCE MAR 1      2.42                      4.04  -1.62     2.45
  SINCE JAN 1      4.59                      7.15  -2.56     6.46

SNOWFALL (IN)
  YESTERDAY        0.3           0.6    MM   0.1    0.2      0.0
  MONTH TO DATE    0.3                       2.1   -1.8      1.3
  SINCE MAR 1      4.8                       8.6   -3.8     10.7
  SINCE JUL 1     45.3                      47.2   -1.9     83.9
  SNOW DEPTH       0

DEGREE DAYS
 HEATING
  YESTERDAY       27                        16     11       16
  MONTH TO DATE  340                       444   -104      407
  SINCE MAR 1   1330                      1401    -71     1611
  SINCE JUL 1   6638                      6489    149     7132

 COOLING
  YESTERDAY        0                         0      0        0
  MONTH TO DATE    0                         0      0        0
  SINCE MAR 1      0                         0      0        0
  SINCE JAN 1      0                         0      0        0
..................................................................


WIND (MPH)
  HIGHEST WIND SPEED    29   HIGHEST WIND DIRECTION     W (280)
  HIGHEST GUST SPEED    34   HIGHEST GUST DIRECTION     W (280)
  AVERAGE WIND SPEED    15.0


SKY COVER
  POSSIBLE SUNSHINE  MM
  AVERAGE SKY COVER 0.9


WEATHER CONDITIONS
 THE FOLLOWING WEATHER WAS RECORDED YESTERDAY.
  LIGHT SNOW
  HAZE


RELATIVE HUMIDITY (PERCENT)
 HIGHEST    70          1200 AM
 LOWEST     44           200 PM
 AVERAGE    57

..........................................................


THE FLINT MI CLIMATE NORMALS FOR TODAY
                         NORMAL    RECORD    YEAR
 MAXIMUM TEMPERATURE (F)   61        88      1925
 MINIMUM TEMPERATURE (F)   38        22      1986
                                             1930


SUNRISE AND SUNSET
APRIL 23 2015.........SUNRISE   641 AM EDT   SUNSET   826 PM EDT
APRIL 24 2015.........SUNRISE   639 AM EDT   SUNSET   828 PM EDT


-  INDICATES NEGATIVE NUMBERS.
R  INDICATES RECORD WAS SET OR TIED.
MM INDICATES DATA IS MISSING.
T  INDICATES TRACE AMOUNT.




$$
