000
CDUS43 KDTX 232028
CLIFNT


CLIMATE REPORT
NATIONAL WEATHER SERVICE DETROIT/PONTIAC MI
427 PM EDT THU APR 23 2015


...................................

...THE FLINT MI CLIMATE SUMMARY FOR APRIL 23 2015...
VALID TODAY AS OF 0400 PM LOCAL TIME.

CLIMATE NORMAL PERIOD 1981 TO 2010
CLIMATE RECORD PERIOD 1921 TO 2015


WEATHER ITEM   OBSERVED TIME   RECORD YEAR NORMAL DEPARTURE LAST
                VALUE   (LST)  VALUE       VALUE  FROM      YEAR
                                                  NORMAL
..................................................................
TEMPERATURE (F)
 TODAY
  MAXIMUM         39    259 PM  88    1925  61    -22       55
  MINIMUM         31    829 AM  22    1986  38     -7       36
                                      1930
  AVERAGE         35                        49    -14       46

PRECIPITATION (IN)
  TODAY            T             0.90 1999   0.09  -0.09     0.00
  MONTH TO DATE    1.50                      2.22  -0.72     1.24
  SINCE MAR 1      2.42                      4.13  -1.71     2.45
  SINCE JAN 1      4.59                      7.24  -2.65     6.46

SNOWFALL (IN)
  TODAY            T             3.5  2005   0.0    0.0      0.0
  MONTH TO DATE    0.3                       2.1   -1.8      1.3
  SINCE MAR 1      4.8                       8.6   -3.8     10.7
  SINCE JUL 1     45.3                      47.2   -1.9     83.9
  SNOW DEPTH       0

DEGREE DAYS
 HEATING
  TODAY           30                        16     14       19
  MONTH TO DATE  370                       460    -90      426
  SINCE MAR 1   1360                      1417    -57     1630
  SINCE JUL 1   6668                      6505    163     7151

 COOLING
  TODAY            0                         0      0        0
  MONTH TO DATE    0                         0      0        0
  SINCE MAR 1      0                         0      0        0
  SINCE JAN 1      0                         0      0        0
..................................................................


WIND (MPH)
  HIGHEST WIND SPEED    22   HIGHEST WIND DIRECTION    NW (300)
  HIGHEST GUST SPEED    28   HIGHEST GUST DIRECTION    NW (300)
  AVERAGE WIND SPEED    15.2


SKY COVER
  POSSIBLE SUNSHINE  MM
  AVERAGE SKY COVER 1.0


WEATHER CONDITIONS
 THE FOLLOWING WEATHER WAS RECORDED TODAY.
  LIGHT SNOW


RELATIVE HUMIDITY (PERCENT)
 HIGHEST    72           500 AM
 LOWEST     47          1000 AM
 AVERAGE    60

..........................................................


THE FLINT MI CLIMATE NORMALS FOR TOMORROW
                         NORMAL    RECORD    YEAR
 MAXIMUM TEMPERATURE (F)   61        88      1925
 MINIMUM TEMPERATURE (F)   38        25      1996


SUNRISE AND SUNSET
APRIL 23 2015.........SUNRISE   641 AM EDT   SUNSET   826 PM EDT
APRIL 24 2015.........SUNRISE   639 AM EDT   SUNSET   828 PM EDT


-  INDICATES NEGATIVE NUMBERS.
R  INDICATES RECORD WAS SET OR TIED.
MM INDICATES DATA IS MISSING.
T  INDICATES TRACE AMOUNT.




$$
