000
CDUS43 KDTX 312027
CLIFNT


CLIMATE REPORT
NATIONAL WEATHER SERVICE DETROIT/PONTIAC MI
427 PM EDT TUE MAR 31 2015


...................................

...THE FLINT MI CLIMATE SUMMARY FOR MARCH 31 2015...
VALID TODAY AS OF 0400 PM LOCAL TIME.

CLIMATE NORMAL PERIOD 1981 TO 2010
CLIMATE RECORD PERIOD 1921 TO 2015


WEATHER ITEM   OBSERVED TIME   RECORD YEAR NORMAL DEPARTURE LAST
                VALUE   (LST)  VALUE       VALUE  FROM      YEAR
                                                  NORMAL
..................................................................
TEMPERATURE (F)
 TODAY
  MAXIMUM         47    229 PM  77    1943  50     -3       61
  MINIMUM         34    827 AM   0    1923  30      4       27
  AVERAGE         41                        40      1       44

PRECIPITATION (IN)
  TODAY            0.48          1.41 1949   0.08   0.40     0.00
  MONTH TO DATE    0.92                      1.91  -0.99     1.21
  SINCE MAR 1      0.92                      1.91  -0.99     1.21
  SINCE JAN 1      3.09                      5.02  -1.93     5.22

SNOWFALL (IN)
  TODAY            0.8           2.0  2011   0.1    0.7      0.0
  MONTH TO DATE    4.5                       6.5   -2.0      9.4
  SINCE MAR 1      4.5                       6.5   -2.0      9.4
  SINCE JUL 1     45.0                      45.1   -0.1     82.6
  SNOW DEPTH       1

DEGREE DAYS
 HEATING
  TODAY           24                        25     -1       21
  MONTH TO DATE  990                       956     34     1204
  SINCE MAR 1    990                       957     33     1204
  SINCE JUL 1   6298                      6045    253     6725

 COOLING
  TODAY            0                         0      0        0
  MONTH TO DATE    0                         0      0        0
  SINCE MAR 1      0                         0      0        0
  SINCE JAN 1      0                         0      0        0
..................................................................


WIND (MPH)
  HIGHEST WIND SPEED    15   HIGHEST WIND DIRECTION     N (10)
  HIGHEST GUST SPEED    18   HIGHEST GUST DIRECTION     N (360)
  AVERAGE WIND SPEED     8.9


SKY COVER
  POSSIBLE SUNSHINE  MM
  AVERAGE SKY COVER 1.0


WEATHER CONDITIONS
 THE FOLLOWING WEATHER WAS RECORDED TODAY.
  RAIN
  LIGHT RAIN
  LIGHT SNOW
  FOG


RELATIVE HUMIDITY (PERCENT)
 HIGHEST    89           200 AM
 LOWEST     54          1200 AM
 AVERAGE    72

..........................................................


THE FLINT MI CLIMATE NORMALS FOR TOMORROW
                         NORMAL    RECORD    YEAR
 MAXIMUM TEMPERATURE (F)   51        79      2010
 MINIMUM TEMPERATURE (F)   31         7      1923


SUNRISE AND SUNSET
MARCH 31 2015.........SUNRISE   719 AM EDT   SUNSET   800 PM EDT
APRIL  1 2015.........SUNRISE   717 AM EDT   SUNSET   801 PM EDT


-  INDICATES NEGATIVE NUMBERS.
R  INDICATES RECORD WAS SET OR TIED.
MM INDICATES DATA IS MISSING.
T  INDICATES TRACE AMOUNT.




$$
