000
CXUS53 KDTX 042008 AAA
CLMFNT

CLIMATE REPORT
NATIONAL WEATHER SERVICE DETROIT/PONTIAC MI
214 PM EST MON FEB 2 2015

...................................

...THE FLINT MI CLIMATE SUMMARY FOR THE MONTH OF JANUARY 2015...

CLIMATE NORMAL PERIOD 1981 TO 2010
CLIMATE RECORD PERIOD 1921 TO 2015

WEATHER         OBSERVED          NORMAL  DEPART
                 VALUE   DATE(S)  VALUE   FROM
                                          NORMAL
................................................
TEMPERATURE (F)
RECORD
 HIGH              65   01/25/1950
 LOW              -25   01/18/1976
HIGHEST            44   01/17        MM      MM
LOWEST            -19   01/14        MM      MM
AVG. MAXIMUM     29.0              29.6    -0.6
AVG. MINIMUM     12.9              15.3    -2.4
MEAN             20.9              22.4    -1.5
DAYS MAX >= 90      0               0.0     0.0
DAYS MAX <= 32     17              18.9    -1.9
DAYS MIN <= 32     30              28.9     1.1
DAYS MIN <= 0       2               4.7    -2.7

PRECIPITATION (INCHES)
RECORD
 MAXIMUM         4.02   2006
 MINIMUM         0.07   1945
TOTALS           1.32              1.63   -0.31
DAILY AVG.       0.04              0.05   -0.01
DAYS >= .01        12              13.6    -1.6
DAYS >= .10         5               4.8     0.2
DAYS >= .50         1               0.8     0.2
DAYS >= 1.00        0               0.1    -0.1
GREATEST
 24 HR. TOTAL    0.54   01/03 TO 01/04
 STORM TOTAL       MM
 (MM/DD(HH))            MM

SNOWFALL (INCHES)
RECORDS
 TOTAL           32.9   2014
TOTALS           13.5              13.1     0.4
 LIQUID EQUIV    1.35              1.30    0.05
SINCE 7/1        23.5              27.8    -4.3
 LIQUID 7/1      2.35
DAYS >= TRACE      22              12.8     9.2
DAYS >= 1.0         8               3.9     4.1
GREATEST
 SNOW DEPTH         5   01/25
                        01/24
                        01/23
 24 HR TOTAL      2.2   MM
 STORM TOTAL       MM
 (MM/DD(HH))            MM

DEGREE_DAYS
HEATING TOTAL    1358              1319      39
 SINCE 7/1       3812              3964    -152
COOLING TOTAL       0                 0       0
 SINCE 1/1          0                 0       0

FREEZE DATES
RECORD
 EARLIEST     MM
 LATEST       MM
EARLIEST                        MM
LATEST                          MM
.................................................

WIND (MPH)
AVERAGE WIND SPEED              9.9
HIGHEST WIND SPEED/DIRECTION    30/310    DATE  01/29
HIGHEST GUST SPEED/DIRECTION    38/320    DATE  01/29

SKY COVER
POSSIBLE SUNSHINE (PERCENT)   MM
AVERAGE SKY COVER           0.60
NUMBER OF DAYS FAIR            4
NUMBER OF DAYS PC             12
NUMBER OF DAYS CLOUDY         15

AVERAGE RH (PERCENT)     69

WEATHER CONDITIONS. NUMBER OF DAYS WITH
THUNDERSTORM              0     MIXED PRECIP               0
HEAVY RAIN                0     RAIN                       0
LIGHT RAIN                4     FREEZING RAIN              0
LT FREEZING RAIN          1     HAIL                       0
HEAVY SNOW                1     SNOW                       4
LIGHT SNOW               20     SLEET                      0
FOG                      13     FOG W/VIS <= 1/4 MILE      0
HAZE                     23

-  INDICATES NEGATIVE NUMBERS.
R  INDICATES RECORD WAS SET OR TIED.
MM INDICATES DATA IS MISSING.
T  INDICATES TRACE AMOUNT.

$$

=================================================================
       SOUTHEAST MICHIGAN CLIMATE SUMMARY FOR JANUARY 2015


JANUARY 2015 MONTHLY STATISTICS AND RANKINGS
-----------------------------------------------------------------

SNOWFALL
                ACTUAL    NORMAL*    DEPARTURE     RANKING
DETROIT AREA    14.2"     12.5"       +1.7"     42ND MOST SNOWY
FLINT AREA      13.5"     13.1"       +0.4"     33RD MOST SNOWY
SAGINAW         11.9"     11.9"        0.0"     40TH MOST SNOWY

SNOW YEAR SINCE JULY 1

                ACTUAL    NORMAL*    DEPARTURE     RANKING
DETROIT AREA    18.3"     23.7"       -5.4"      51ST LEAST SNOWY
FLINT AREA      23.5"     27.8"       -4.3"      44TH MOST SNOWY
SAGINAW         15.7"     24.8"       -9.1"      26TH LEAST SNOWY


PRECIPITATION
                ACTUAL    NORMAL*    DEPARTURE     RANKING
DETROIT AREA    1.42"      1.20"      +0.22"     44TH DRIEST
FLINT AREA      1.35"      1.30"      +0.05"     42ND DRIEST
SAGINAW         1.02"      1.71"      -0.69"     29TH DRIEST

WATER YEAR SINCE JANUARY 1

                ACTUAL    NORMAL*    DEPARTURE     RANKING
DETROIT AREA     1.42"     1.20"      +0.22"     44TH DRIEST
FLINT AREA       1.35"     1.30"      +0.05"     42ND DRIEST
SAGINAW          1.02"     1.71"      -0.69"     29TH DRIEST

      *NORMAL TO DATE (AS OF JANUARY 31, 2015)

AVERAGE TEMPERATURE
                ACTUAL    NORMAL     DEPARTURE     RANKING
DETROIT AREA     21.2      25.6        -4.4      36TH COLDEST
FLINT AREA       20.9      22.4        -1.5      32ND COLDEST
SAGINAW          20.8      22.2        -1.4      44TH COLDEST

AVERAGE HIGH TEMPERATURE
                ACTUAL    NORMAL     DEPARTURE     RANKING
DETROIT AREA     28.1      32.0        -3.9      36TH COLDEST
FLINT AREA       29.0      29.6        -0.6      38TH COLDEST
SAGINAW          28.1      28.9        -0.8      45TH COLDEST

AVERAGE LOW TEMPERATURE
                ACTUAL    NORMAL     DEPARTURE     RANKING
DETROIT AREA     14.4      19.1        -4.7      36TH COLDEST
FLINT AREA       12.9      15.3        -2.4      28TH COLDEST
SAGINAW          13.6      15.6        -2.0      41ST COLDEST


DETROIT AREA HAS A CLIMATE RECORD DATING TO NOVEMBER 1874
FLINT AREA HAS A CLIMATE RECORD DATING TO JANUARY 1921
SAGINAW HAS A CLIMATE RECORD DATING TO 1912
