000
CXUS53 KDTX 021324 RRA
CLMFNT

CLIMATE REPORT
NATIONAL WEATHER SERVICE DETROIT/PONTIAC MI
920 AM EDT THU APR 2 2015

...................................

...THE FLINT MI CLIMATE SUMMARY FOR THE MONTH OF MARCH 2015...

CLIMATE NORMAL PERIOD 1981 TO 2010
CLIMATE RECORD PERIOD 1921 TO 2015

WEATHER         OBSERVED          NORMAL  DEPART
                 VALUE   DATE(S)  VALUE   FROM
                                          NORMAL
................................................
TEMPERATURE (F)
RECORD
 HIGH              86   03/21/2012
 LOW              -16   03/03/2014
HIGHEST            66   03/16        MM      MM
LOWEST             -5   03/06        MM      MM
AVG. MAXIMUM     43.0              43.5    -0.5
AVG. MINIMUM     22.5              24.8    -2.3
MEAN             32.8              34.1    -1.3
DAYS MAX >= 90      0               0.0     0.0
DAYS MAX <= 32      6               4.6     1.4
DAYS MIN <= 32     26              24.1     1.9
DAYS MIN <= 0       2               0.3     1.7

PRECIPITATION (INCHES)
RECORD
 MAXIMUM         4.33   1948
 MINIMUM         0.25   1958
TOTALS           0.92              1.91   -0.99
DAILY AVG.       0.03              0.06   -0.03
DAYS >= .01         6              11.3    -5.3
DAYS >= .10         3               5.0    -2.0
DAYS >= .50         0               0.8    -0.8
DAYS >= 1.00        0               0.2    -0.2
GREATEST
 24 HR. TOTAL    0.48   03/31 TO 03/31
 STORM TOTAL       MM
 (MM/DD(HH))            MM

SNOWFALL (INCHES)
RECORDS
 TOTAL           19.4   1965
                        0
                        0
TOTALS            4.5               6.5    -2.0
 LIQUID EQUIV    0.45              0.60   -0.15
SINCE 7/1        45.0              45.1    -0.1
 LIQUID 7/1      4.50
DAYS >= TRACE       6               6.2    -0.2
DAYS >= 1.0         1               2.2    -1.2
GREATEST
 SNOW DEPTH        11   03/04
 24 HR TOTAL      2.9   MM
 STORM TOTAL       MM
 (MM/DD(HH))            MM

DEGREE_DAYS
HEATING TOTAL     990               957      33
 SINCE 7/1       6298              6045     253
COOLING TOTAL       0                 0       0
 SINCE 1/1          0                 0       0

FREEZE DATES
RECORD
 EARLIEST     MM
 LATEST       MM
EARLIEST                        MM
LATEST                          MM
.................................................

WIND (MPH)
AVERAGE WIND SPEED              9.7
HIGHEST WIND SPEED/DIRECTION    38/280    DATE  03/30
HIGHEST GUST SPEED/DIRECTION    48/290    DATE  03/30

SKY COVER
POSSIBLE SUNSHINE (PERCENT)   MM
AVERAGE SKY COVER           0.40
NUMBER OF DAYS FAIR           17
NUMBER OF DAYS PC             10
NUMBER OF DAYS CLOUDY          4

AVERAGE RH (PERCENT)     59

WEATHER CONDITIONS. NUMBER OF DAYS WITH
THUNDERSTORM              0     MIXED PRECIP               0
HEAVY RAIN                0     RAIN                       2
LIGHT RAIN                3     FREEZING RAIN              0
LT FREEZING RAIN          1     HAIL                       0
HEAVY SNOW                1     SNOW                       1
LIGHT SNOW                6     SLEET                      0
FOG                      11     FOG W/VIS <= 1/4 MILE      1
HAZE                     13

-  INDICATES NEGATIVE NUMBERS.
R  INDICATES RECORD WAS SET OR TIED.
MM INDICATES DATA IS MISSING.
T  INDICATES TRACE AMOUNT.

$$
