000
CDUS43 KGRR 310512
CLIGRR


CLIMATE REPORT
NATIONAL WEATHER SERVICE GRAND RAPIDS, MI
112 AM EDT TUE MAR 31 2015


...................................

...THE GRAND RAPIDS MI CLIMATE SUMMARY FOR MARCH 30 2015...

CLIMATE NORMAL PERIOD 1981 TO 2010
CLIMATE RECORD PERIOD 1892 TO 2015


WEATHER ITEM   OBSERVED TIME   RECORD YEAR NORMAL DEPARTURE LAST
                VALUE   (LST)  VALUE       VALUE  FROM      YEAR
                                                  NORMAL
..................................................................
TEMPERATURE (F)
 YESTERDAY
  MAXIMUM         54    327 PM  76    1910  51      3       50
  MINIMUM         34    702 AM   1    1954  32      2       24
  AVERAGE         44                        41      3       37

PRECIPITATION (IN)
  YESTERDAY        0.14          1.21 1974   0.09   0.05     0.00
  MONTH TO DATE    0.99                      2.28  -1.29     1.54
  SINCE MAR 1      0.99                      2.28  -1.29     1.54
  SINCE JAN 1      4.03                      6.16  -2.13     7.34

SNOWFALL (IN)
  YESTERDAY        0.0           3.0  1928   0.2   -0.2      0.0
  MONTH TO DATE    3.2                       8.2   -5.0      6.4
  SINCE MAR 1      3.2                       8.2   -5.0      6.4
  SINCE JUL 1     78.0                      73.0    5.0    114.2
  SNOW DEPTH       0

DEGREE DAYS
 HEATING
  YESTERDAY       21                        24     -3       28
  MONTH TO DATE  982                       887     95     1165
  SINCE MAR 1    982                       887     95     1165
  SINCE JUL 1   6284                      5664    620     6446

 COOLING
  YESTERDAY        0                         0      0        0
  MONTH TO DATE    0                         0      0        0
  SINCE MAR 1      0                         0      0        0
  SINCE JAN 1      0                         0      0        0
..................................................................


WIND (MPH)
  RESULTANT WIND SPEED  14   RESULTANT WIND DIRECTION   W (280)
  HIGHEST WIND SPEED    31   HIGHEST WIND DIRECTION    NW (300)
  HIGHEST GUST SPEED    40   HIGHEST GUST DIRECTION    NW (310)
  AVERAGE WIND SPEED    14.2


SKY COVER
  POSSIBLE SUNSHINE  80 PERCENT
  AVERAGE SKY COVER 0.5


WEATHER CONDITIONS
 THE FOLLOWING WEATHER WAS RECORDED YESTERDAY.
  LIGHT RAIN
  FOG


RELATIVE HUMIDITY (PERCENT)
 HIGHEST    89          1100 PM
 LOWEST     32           400 PM
 AVERAGE    61

..........................................................


THE GRAND RAPIDS MI CLIMATE NORMALS FOR TODAY
                         NORMAL    RECORD    YEAR
 MAXIMUM TEMPERATURE (F)   51        78      2010
                                             1986
 MINIMUM TEMPERATURE (F)   32         6      1923


SUNRISE AND SUNSET
MARCH 31 2015.........SUNRISE   726 AM EDT   SUNSET   807 PM EDT
APRIL  1 2015.........SUNRISE   725 AM EDT   SUNSET   808 PM EDT


-  INDICATES NEGATIVE NUMBERS.
R  INDICATES RECORD WAS SET OR TIED.
MM INDICATES DATA IS MISSING.
T  INDICATES TRACE AMOUNT.




$$
