000
CDUS43 KGRR 300517
CLIGRR


CLIMATE REPORT
NATIONAL WEATHER SERVICE GRAND RAPIDS, MI
117 AM EDT MON MAR 30 2015


...................................

...THE GRAND RAPIDS MI CLIMATE SUMMARY FOR MARCH 29 2015...

CLIMATE NORMAL PERIOD 1981 TO 2010
CLIMATE RECORD PERIOD 1892 TO 2015


WEATHER ITEM   OBSERVED TIME   RECORD YEAR NORMAL DEPARTURE LAST
                VALUE   (LST)  VALUE       VALUE  FROM      YEAR
                                                  NORMAL
..................................................................
TEMPERATURE (F)
 YESTERDAY
  MAXIMUM         44    101 PM  82    1910  50     -6       41
  MINIMUM         18    153 AM   6    1970  31    -13       28
  AVERAGE         31                        41    -10       35

PRECIPITATION (IN)
  YESTERDAY        0.10          0.83 1973   0.09   0.01     0.00
                                      1963
  MONTH TO DATE    0.85                      2.19  -1.34     1.54
  SINCE MAR 1      0.85                      2.19  -1.34     1.54
  SINCE JAN 1      3.89                      6.07  -2.18     7.34

SNOWFALL (IN)
  YESTERDAY        0.1           7.5  1954   0.1    0.0      0.0
  MONTH TO DATE    3.2                       8.0   -4.8      6.4
  SINCE MAR 1      3.2                       8.0   -4.8      6.4
  SINCE JUL 1     78.0                      72.8    5.2    114.2
  SNOW DEPTH       0

DEGREE DAYS
 HEATING
  YESTERDAY       34                        24     10       30
  MONTH TO DATE  961                       863     98     1137
  SINCE MAR 1    961                       863     98     1137
  SINCE JUL 1   6263                      5640    623     6418

 COOLING
  YESTERDAY        0                         0      0        0
  MONTH TO DATE    0                         0      0        0
  SINCE MAR 1      0                         0      0        0
  SINCE JAN 1      0                         0      0        0
..................................................................


WIND (MPH)
  RESULTANT WIND SPEED  13   RESULTANT WIND DIRECTION   S (200)
  HIGHEST WIND SPEED    31   HIGHEST WIND DIRECTION    SW (240)
  HIGHEST GUST SPEED    38   HIGHEST GUST DIRECTION     S (200)
  AVERAGE WIND SPEED    16.5


SKY COVER
  POSSIBLE SUNSHINE  44 PERCENT
  AVERAGE SKY COVER 0.7


WEATHER CONDITIONS
 THE FOLLOWING WEATHER WAS RECORDED YESTERDAY.
  RAIN
  LIGHT RAIN
  LIGHT SNOW
  FOG
  HAZE


RELATIVE HUMIDITY (PERCENT)
 HIGHEST    92           800 PM
 LOWEST     29           100 PM
 AVERAGE    61

..........................................................


THE GRAND RAPIDS MI CLIMATE NORMALS FOR TODAY
                         NORMAL    RECORD    YEAR
 MAXIMUM TEMPERATURE (F)   51        76      1910
 MINIMUM TEMPERATURE (F)   32         1      1954


SUNRISE AND SUNSET
MARCH 30 2015.........SUNRISE   728 AM EDT   SUNSET   806 PM EDT
MARCH 31 2015.........SUNRISE   726 AM EDT   SUNSET   807 PM EDT


-  INDICATES NEGATIVE NUMBERS.
R  INDICATES RECORD WAS SET OR TIED.
MM INDICATES DATA IS MISSING.
T  INDICATES TRACE AMOUNT.




$$
