000
CDUS43 KGRR 240530
CLIGRR


CLIMATE REPORT
NATIONAL WEATHER SERVICE GRAND RAPIDS, MI
130 AM EDT FRI APR 24 2015


...................................

...THE GRAND RAPIDS MI CLIMATE SUMMARY FOR APRIL 23 2015...

CLIMATE NORMAL PERIOD 1981 TO 2010
CLIMATE RECORD PERIOD 1892 TO 2015


WEATHER ITEM   OBSERVED TIME   RECORD YEAR NORMAL DEPARTURE LAST
                VALUE   (LST)  VALUE       VALUE  FROM      YEAR
                                                  NORMAL
..................................................................
TEMPERATURE (F)
 YESTERDAY
  MAXIMUM         45    449 PM  84    1925  62    -17       58
                                      1915
  MINIMUM         32   1114 PM  20    1986  40     -8       32
  AVERAGE         39                        51    -12       45

PRECIPITATION (IN)
  YESTERDAY        T             1.44 1999   0.10  -0.10     0.00
  MONTH TO DATE    4.07                      2.55   1.52     1.81
  SINCE MAR 1      5.12                      4.92   0.20     3.35
  SINCE JAN 1      8.16                      8.80  -0.64     9.15

SNOWFALL (IN)
  YESTERDAY        T             0.7  2005   0.0    0.0      0.0
  MONTH TO DATE    0.1                       1.7   -1.6      1.8
  SINCE MAR 1      3.3                      10.0   -6.7      8.2
  SINCE JUL 1     78.1                      74.8    3.3    116.0
  SNOW DEPTH       0

DEGREE DAYS
 HEATING
  YESTERDAY       26                        14     12       20
  MONTH TO DATE  397                       427    -30      424
  SINCE MAR 1   1401                      1337     64     1607
  SINCE JUL 1   6703                      6114    589     6888

 COOLING
  YESTERDAY        0                         0      0        0
  MONTH TO DATE    0                         0      0        2
  SINCE MAR 1      0                         1     -1        2
  SINCE JAN 1      0                         1     -1        2
..................................................................


WIND (MPH)
  RESULTANT WIND SPEED  11   RESULTANT WIND DIRECTION  NW (300)
  HIGHEST WIND SPEED    20   HIGHEST WIND DIRECTION    NW (300)
  HIGHEST GUST SPEED    25   HIGHEST GUST DIRECTION     W (280)
  AVERAGE WIND SPEED    11.1


SKY COVER
  POSSIBLE SUNSHINE  39 PERCENT
  AVERAGE SKY COVER 0.6


WEATHER CONDITIONS
 THE FOLLOWING WEATHER WAS RECORDED YESTERDAY.
  NO SIGNIFICANT WEATHER WAS OBSERVED.


RELATIVE HUMIDITY (PERCENT)
 HIGHEST    75           100 AM
 LOWEST     37           500 PM
 AVERAGE    56

..........................................................


THE GRAND RAPIDS MI CLIMATE NORMALS FOR TODAY
                         NORMAL    RECORD    YEAR
 MAXIMUM TEMPERATURE (F)   62        86      1915
 MINIMUM TEMPERATURE (F)   41        26      1971
                                             1969


SUNRISE AND SUNSET
APRIL 24 2015.........SUNRISE   647 AM EDT   SUNSET   835 PM EDT
APRIL 25 2015.........SUNRISE   645 AM EDT   SUNSET   836 PM EDT


-  INDICATES NEGATIVE NUMBERS.
R  INDICATES RECORD WAS SET OR TIED.
MM INDICATES DATA IS MISSING.
T  INDICATES TRACE AMOUNT.




$$
