000
CDUS43 KGRR 140516
CLIGRR


CLIMATE REPORT
NATIONAL WEATHER SERVICE GRAND RAPIDS, MI
116 AM EDT TUE APR 14 2015


...................................

...THE GRAND RAPIDS MI CLIMATE SUMMARY FOR APRIL 13 2015...

CLIMATE NORMAL PERIOD 1981 TO 2010
CLIMATE RECORD PERIOD 1892 TO 2015


WEATHER ITEM   OBSERVED TIME   RECORD YEAR NORMAL DEPARTURE LAST
                VALUE   (LST)  VALUE       VALUE  FROM      YEAR
                                                  NORMAL
..................................................................
TEMPERATURE (F)
 YESTERDAY
  MAXIMUM         62    508 PM  80    1941  57      5       67
  MINIMUM         40   1152 AM  16    1957  37      3       50
  AVERAGE         51                        47      4       59

PRECIPITATION (IN)
  YESTERDAY        0.17          1.09 1983   0.12   0.05     0.68
  MONTH TO DATE    3.18                      1.42   1.76     1.34
  SINCE MAR 1      4.23                      3.79   0.44     2.88
  SINCE JAN 1      7.27                      7.67  -0.40     8.68

SNOWFALL (IN)
  YESTERDAY        0.0           2.8  1962   0.1   -0.1      0.0
  MONTH TO DATE    T                         1.3   -1.3       T
  SINCE MAR 1      3.2                       9.6   -6.4      6.4
  SINCE JUL 1     78.0                      74.4    3.6    114.2
  SNOW DEPTH       0

DEGREE DAYS
 HEATING
  YESTERDAY       14                        18     -4        6
  MONTH TO DATE  244                       266    -22      248
  SINCE MAR 1   1248                      1176     72     1431
  SINCE JUL 1   6550                      5953    597     6712

 COOLING
  YESTERDAY        0                         0      0        0
  MONTH TO DATE    0                         0      0        0
  SINCE MAR 1      0                         1     -1        0
  SINCE JAN 1      0                         1     -1        0
..................................................................


WIND (MPH)
  RESULTANT WIND SPEED   8   RESULTANT WIND DIRECTION   W (250)
  HIGHEST WIND SPEED    28   HIGHEST WIND DIRECTION     W (280)
  HIGHEST GUST SPEED    35   HIGHEST GUST DIRECTION     W (270)
  AVERAGE WIND SPEED    13.2


SKY COVER
  POSSIBLE SUNSHINE  50 PERCENT
  AVERAGE SKY COVER 0.6


WEATHER CONDITIONS
 THE FOLLOWING WEATHER WAS RECORDED YESTERDAY.
  RAIN
  LIGHT RAIN
  FOG


RELATIVE HUMIDITY (PERCENT)
 HIGHEST    86           900 AM
 LOWEST     34           500 PM
 AVERAGE    60

..........................................................


THE GRAND RAPIDS MI CLIMATE NORMALS FOR TODAY
                         NORMAL    RECORD    YEAR
 MAXIMUM TEMPERATURE (F)   58        80      2006
                                             1941
 MINIMUM TEMPERATURE (F)   37        21      1953
                                             1943


SUNRISE AND SUNSET
APRIL 14 2015.........SUNRISE   703 AM EDT   SUNSET   823 PM EDT
APRIL 15 2015.........SUNRISE   701 AM EDT   SUNSET   824 PM EDT


-  INDICATES NEGATIVE NUMBERS.
R  INDICATES RECORD WAS SET OR TIED.
MM INDICATES DATA IS MISSING.
T  INDICATES TRACE AMOUNT.




$$
