000
CDUS43 KGRR 122123
CLIGRR


CLIMATE REPORT
NATIONAL WEATHER SERVICE GRAND RAPIDS, MI
523 PM EDT SUN APR 12 2015


...................................

...THE GRAND RAPIDS MI CLIMATE SUMMARY FOR APRIL 12 2015...
VALID TODAY AS OF 0500 PM LOCAL TIME.

CLIMATE NORMAL PERIOD 1981 TO 2010
CLIMATE RECORD PERIOD 1892 TO 2015


WEATHER ITEM   OBSERVED TIME   RECORD YEAR NORMAL DEPARTURE LAST
                VALUE   (LST)  VALUE       VALUE  FROM      YEAR
                                                  NORMAL
..................................................................
TEMPERATURE (F)
 TODAY
  MAXIMUM         67    301 PM  82    1977  57     10       71
  MINIMUM         37    606 AM  19    1950  37      0       39
                                      1939
  AVERAGE         52                        47      5       55

PRECIPITATION (IN)
  TODAY            0.00          1.10 1994   0.12  -0.12     0.10
  MONTH TO DATE    3.01                      1.30   1.71     0.66
  SINCE MAR 1      4.06                      3.67   0.39     2.20
  SINCE JAN 1      7.10                      7.55  -0.45     8.00

SNOWFALL (IN)
  TODAY            0.0           1.2  1989   0.0    0.0      0.0
  MONTH TO DATE    T                         1.2   -1.2       T
  SINCE MAR 1      3.2                       9.5   -6.3      6.4
  SINCE JUL 1     78.0                      74.3    3.7    114.2
  SNOW DEPTH       0

DEGREE DAYS
 HEATING
  TODAY           13                        18     -5       10
  MONTH TO DATE  230                       248    -18      242
  SINCE MAR 1   1234                      1158     76     1425
  SINCE JUL 1   6536                      5935    601     6706

 COOLING
  TODAY            0                         0      0        0
  MONTH TO DATE    0                         0      0        0
  SINCE MAR 1      0                         1     -1        0
  SINCE JAN 1      0                         1     -1        0
..................................................................


WIND (MPH)
  RESULTANT WIND SPEED  11   RESULTANT WIND DIRECTION   S (180)
  HIGHEST WIND SPEED    18   HIGHEST WIND DIRECTION     S (190)
  HIGHEST GUST SPEED    23   HIGHEST GUST DIRECTION     S (170)
  AVERAGE WIND SPEED    11.6


SKY COVER
  AVERAGE SKY COVER 0.3


WEATHER CONDITIONS
 THE FOLLOWING WEATHER WAS RECORDED TODAY.
  NO SIGNIFICANT WEATHER WAS OBSERVED.


RELATIVE HUMIDITY (PERCENT)
 HIGHEST    70          1200 AM
 LOWEST     29           200 PM
 AVERAGE    50

..........................................................


THE GRAND RAPIDS MI CLIMATE NORMALS FOR TOMORROW
                         NORMAL    RECORD    YEAR
 MAXIMUM TEMPERATURE (F)   57        80      1941
 MINIMUM TEMPERATURE (F)   37        16      1957


SUNRISE AND SUNSET
APRIL 12 2015.........SUNRISE   706 AM EDT   SUNSET   821 PM EDT
APRIL 13 2015.........SUNRISE   704 AM EDT   SUNSET   822 PM EDT


-  INDICATES NEGATIVE NUMBERS.
R  INDICATES RECORD WAS SET OR TIED.
MM INDICATES DATA IS MISSING.
T  INDICATES TRACE AMOUNT.




$$
