000
CDUS43 KGRR 270525
CLIGRR


CLIMATE REPORT
NATIONAL WEATHER SERVICE GRAND RAPIDS, MI
125 AM EDT MON APR 27 2015


...................................

...THE GRAND RAPIDS MI CLIMATE SUMMARY FOR APRIL 26 2015...

CLIMATE NORMAL PERIOD 1981 TO 2010
CLIMATE RECORD PERIOD 1892 TO 2015


WEATHER ITEM   OBSERVED TIME   RECORD YEAR NORMAL DEPARTURE LAST
                VALUE   (LST)  VALUE       VALUE  FROM      YEAR
                                                  NORMAL
..................................................................
TEMPERATURE (F)
 YESTERDAY
  MAXIMUM         61    458 PM  88    1915  63     -2       59
  MINIMUM         34    615 AM  24    1907  41     -7       40
  AVERAGE         48                        52     -4       50

PRECIPITATION (IN)
  YESTERDAY        0.00          1.48 1995   0.11  -0.11     0.00
  MONTH TO DATE    4.07                      2.87   1.20     2.00
  SINCE MAR 1      5.12                      5.24  -0.12     3.54
  SINCE JAN 1      8.16                      9.12  -0.96     9.34

SNOWFALL (IN)
  YESTERDAY        0.0           T    2011   0.0    0.0      0.0
                                      1996
  MONTH TO DATE    0.1                       1.8   -1.7      1.8
  SINCE MAR 1      3.3                      10.1   -6.8      8.2
  SINCE JUL 1     78.1                      74.9    3.2    116.0
  SNOW DEPTH       0

DEGREE DAYS
 HEATING
  YESTERDAY       17                        13      4       15
  MONTH TO DATE  454                       468    -14      467
  SINCE MAR 1   1458                      1378     80     1650
  SINCE JUL 1   6760                      6155    605     6931

 COOLING
  YESTERDAY        0                         0      0        0
  MONTH TO DATE    0                         0      0        2
  SINCE MAR 1      0                         1     -1        2
  SINCE JAN 1      0                         1     -1        2
..................................................................


WIND (MPH)
  RESULTANT WIND SPEED   7   RESULTANT WIND DIRECTION   N (360)
  HIGHEST WIND SPEED    21   HIGHEST WIND DIRECTION     N (340)
  HIGHEST GUST SPEED    27   HIGHEST GUST DIRECTION    NW (320)
  AVERAGE WIND SPEED     8.2


SKY COVER
  POSSIBLE SUNSHINE  94 PERCENT
  AVERAGE SKY COVER 0.2


WEATHER CONDITIONS
 THE FOLLOWING WEATHER WAS RECORDED YESTERDAY.
  NO SIGNIFICANT WEATHER WAS OBSERVED.


RELATIVE HUMIDITY (PERCENT)
 HIGHEST    64           200 AM
 LOWEST     27           400 PM
 AVERAGE    46

..........................................................


THE GRAND RAPIDS MI CLIMATE NORMALS FOR TODAY
                         NORMAL    RECORD    YEAR
 MAXIMUM TEMPERATURE (F)   63        85      1990
 MINIMUM TEMPERATURE (F)   42        27      1928


SUNRISE AND SUNSET
APRIL 27 2015.........SUNRISE   642 AM EDT   SUNSET   838 PM EDT
APRIL 28 2015.........SUNRISE   641 AM EDT   SUNSET   839 PM EDT


-  INDICATES NEGATIVE NUMBERS.
R  INDICATES RECORD WAS SET OR TIED.
MM INDICATES DATA IS MISSING.
T  INDICATES TRACE AMOUNT.




$$
