000
CDUS43 KGRR 190518
CLIGRR


CLIMATE REPORT
NATIONAL WEATHER SERVICE GRAND RAPIDS, MI
117 AM EDT SUN APR 19 2015


...................................

...THE GRAND RAPIDS MI CLIMATE SUMMARY FOR APRIL 18 2015...

CLIMATE NORMAL PERIOD 1981 TO 2010
CLIMATE RECORD PERIOD 1892 TO 2015


WEATHER ITEM   OBSERVED TIME   RECORD YEAR NORMAL DEPARTURE LAST
                VALUE   (LST)  VALUE       VALUE  FROM      YEAR
                                                  NORMAL
..................................................................
TEMPERATURE (F)
 YESTERDAY
  MAXIMUM         73    224 PM  86    2004  59     14       61
                                      2002
                                      1977
  MINIMUM         46    503 AM  22    1983  39      7       38
                                      1926
  AVERAGE         60                        49     11       50

PRECIPITATION (IN)
  YESTERDAY        0.00          3.30 2013   0.11  -0.11     0.00
  MONTH TO DATE    3.21                      2.00   1.21     1.62
  SINCE MAR 1      4.26                      4.37  -0.11     3.16
  SINCE JAN 1      7.30                      8.25  -0.95     8.96

SNOWFALL (IN)
  YESTERDAY        0.0           1.8  2011   0.1   -0.1      0.0
  MONTH TO DATE    T                         1.6   -1.6      1.8
  SINCE MAR 1      3.2                       9.9   -6.7      8.2
  SINCE JUL 1     78.0                      74.7    3.3    116.0
  SNOW DEPTH       0

DEGREE DAYS
 HEATING
  YESTERDAY        5                        16    -11       15
  MONTH TO DATE  295                       351    -56      361
  SINCE MAR 1   1299                      1261     38     1544
  SINCE JUL 1   6601                      6038    563     6825

 COOLING
  YESTERDAY        0                         0      0        0
  MONTH TO DATE    0                         0      0        0
  SINCE MAR 1      0                         1     -1        0
  SINCE JAN 1      0                         1     -1        0
..................................................................


WIND (MPH)
  RESULTANT WIND SPEED  10   RESULTANT WIND DIRECTION   E (80)
  HIGHEST WIND SPEED    22   HIGHEST WIND DIRECTION     E (90)
  HIGHEST GUST SPEED    26   HIGHEST GUST DIRECTION     E (100)
  AVERAGE WIND SPEED    11.7


SKY COVER
  POSSIBLE SUNSHINE 100 PERCENT
  AVERAGE SKY COVER 0.4


WEATHER CONDITIONS
 THE FOLLOWING WEATHER WAS RECORDED YESTERDAY.
  NO SIGNIFICANT WEATHER WAS OBSERVED.


RELATIVE HUMIDITY (PERCENT)
 HIGHEST    82           500 AM
 LOWEST     18           600 PM
 AVERAGE    50

..........................................................


THE GRAND RAPIDS MI CLIMATE NORMALS FOR TODAY
                         NORMAL    RECORD    YEAR
 MAXIMUM TEMPERATURE (F)   60        82      1985
 MINIMUM TEMPERATURE (F)   39        19      1897


SUNRISE AND SUNSET
APRIL 19 2015.........SUNRISE   654 AM EDT   SUNSET   829 PM EDT
APRIL 20 2015.........SUNRISE   653 AM EDT   SUNSET   830 PM EDT


-  INDICATES NEGATIVE NUMBERS.
R  INDICATES RECORD WAS SET OR TIED.
MM INDICATES DATA IS MISSING.
T  INDICATES TRACE AMOUNT.




$$
