000
CDUS43 KGRR 172128
CLIGRR


CLIMATE REPORT
NATIONAL WEATHER SERVICE GRAND RAPIDS, MI
526 PM EDT FRI APR 17 2015


...................................

...THE GRAND RAPIDS MI CLIMATE SUMMARY FOR APRIL 17 2015...
VALID TODAY AS OF 0500 PM LOCAL TIME.

CLIMATE NORMAL PERIOD 1981 TO 2010
CLIMATE RECORD PERIOD 1892 TO 2015


WEATHER ITEM   OBSERVED TIME   RECORD YEAR NORMAL DEPARTURE LAST
                VALUE   (LST)  VALUE       VALUE  FROM      YEAR
                                                  NORMAL
..................................................................
TEMPERATURE (F)
 TODAY
  MAXIMUM         75    359 PM  84    1976  59     16       65
  MINIMUM         37    437 AM  24    1983  38     -1       35
  AVERAGE         56                        49      7       50

PRECIPITATION (IN)
  TODAY            0.00          2.94 1922   0.13  -0.13     0.00
  MONTH TO DATE    3.21                      1.89   1.32     1.62
  SINCE MAR 1      4.26                      4.26   0.00     3.16
  SINCE JAN 1      7.30                      8.14  -0.84     8.96

SNOWFALL (IN)
  TODAY            0.0           1.3  1964   0.0    0.0      0.0
  MONTH TO DATE    T                         1.5   -1.5      1.8
  SINCE MAR 1      3.2                       9.8   -6.6      8.2
  SINCE JUL 1     78.0                      74.6    3.4    116.0
  SNOW DEPTH       0

DEGREE DAYS
 HEATING
  TODAY            9                        17     -8       15
  MONTH TO DATE  290                       335    -45      346
  SINCE MAR 1   1294                      1245     49     1529
  SINCE JUL 1   6596                      6022    574     6810

 COOLING
  TODAY            0                         0      0        0
  MONTH TO DATE    0                         0      0        0
  SINCE MAR 1      0                         1     -1        0
  SINCE JAN 1      0                         1     -1        0
..................................................................


WIND (MPH)
  RESULTANT WIND SPEED   5   RESULTANT WIND DIRECTION   W (250)
  HIGHEST WIND SPEED    17   HIGHEST WIND DIRECTION     W (250)
  HIGHEST GUST SPEED    27   HIGHEST GUST DIRECTION     W (250)
  AVERAGE WIND SPEED     5.4


SKY COVER
  AVERAGE SKY COVER 0.3


WEATHER CONDITIONS
 THE FOLLOWING WEATHER WAS RECORDED TODAY.
  FOG
  HAZE


RELATIVE HUMIDITY (PERCENT)
 HIGHEST    92           600 AM
 LOWEST     25           300 PM
 AVERAGE    59

..........................................................


THE GRAND RAPIDS MI CLIMATE NORMALS FOR TOMORROW
                         NORMAL    RECORD    YEAR
 MAXIMUM TEMPERATURE (F)   59        86      2004
                                             2002
                                             1977
 MINIMUM TEMPERATURE (F)   39        22      1983
                                             1926


SUNRISE AND SUNSET
APRIL 17 2015.........SUNRISE   658 AM EDT   SUNSET   826 PM EDT
APRIL 18 2015.........SUNRISE   656 AM EDT   SUNSET   828 PM EDT


-  INDICATES NEGATIVE NUMBERS.
R  INDICATES RECORD WAS SET OR TIED.
MM INDICATES DATA IS MISSING.
T  INDICATES TRACE AMOUNT.




$$

63
