000
CDUS43 KGRR 040521
CLIGRR


CLIMATE REPORT
NATIONAL WEATHER SERVICE GRAND RAPIDS, MI
117 AM EDT MON MAY 4 2015


...................................

...THE GRAND RAPIDS MI CLIMATE SUMMARY FOR MAY 3 2015...

CLIMATE NORMAL PERIOD 1981 TO 2010
CLIMATE RECORD PERIOD 1892 TO 2015


WEATHER ITEM   OBSERVED TIME   RECORD YEAR NORMAL DEPARTURE LAST
                VALUE   (LST)  VALUE       VALUE  FROM      YEAR
                                                  NORMAL
..................................................................
TEMPERATURE (F)
 YESTERDAY
  MAXIMUM         79    223 PM  87    1955  65     14       59
                                      1938
  MINIMUM         49    509 AM  26    1971  44      5       46
  AVERAGE         64                        54     10       53

PRECIPITATION (IN)
  YESTERDAY        0.00          2.03 1919   0.12  -0.12     0.09
  MONTH TO DATE    0.00                      0.36  -0.36     0.38
  SINCE MAR 1      5.12                      6.08  -0.96     4.54
  SINCE JAN 1      8.16                      9.96  -1.80    10.34

SNOWFALL (IN)
  YESTERDAY        0.0           1.3  1954   0.0    0.0      0.0
  MONTH TO DATE    0.0                       0.0    0.0      0.0
  SINCE MAR 1      3.3                      10.1   -6.8      8.2
  SINCE JUL 1     78.1                      74.9    3.2    116.0
  SNOW DEPTH       0

DEGREE DAYS
 HEATING
  YESTERDAY        1                        11    -10       12
  MONTH TO DATE   14                        34    -20       51
  SINCE MAR 1   1529                      1462     67     1751
  SINCE JUL 1   6831                      6239    592     7032

 COOLING
  YESTERDAY        0                         0      0        0
  MONTH TO DATE    0                         0      0        0
  SINCE MAR 1      0                         8     -8        2
  SINCE JAN 1      0                         8     -8        2
..................................................................


WIND (MPH)
  RESULTANT WIND SPEED  10   RESULTANT WIND DIRECTION  SW (210)
  HIGHEST WIND SPEED    23   HIGHEST WIND DIRECTION    SW (220)
  HIGHEST GUST SPEED    31   HIGHEST GUST DIRECTION     W (250)
  AVERAGE WIND SPEED    10.3


SKY COVER
  POSSIBLE SUNSHINE  59 PERCENT
  AVERAGE SKY COVER 0.5


WEATHER CONDITIONS
 THE FOLLOWING WEATHER WAS RECORDED YESTERDAY.
  NO SIGNIFICANT WEATHER WAS OBSERVED.


RELATIVE HUMIDITY (PERCENT)
 HIGHEST    66           500 AM
 LOWEST     29          1200 PM
 AVERAGE    48

..........................................................


THE GRAND RAPIDS MI CLIMATE NORMALS FOR TODAY
                         NORMAL    RECORD    YEAR
 MAXIMUM TEMPERATURE (F)   66        88      1949
 MINIMUM TEMPERATURE (F)   44        26      2005
                                             1971


SUNRISE AND SUNSET
MAY  4 2015...........SUNRISE   632 AM EDT   SUNSET   846 PM EDT
MAY  5 2015...........SUNRISE   631 AM EDT   SUNSET   847 PM EDT


-  INDICATES NEGATIVE NUMBERS.
R  INDICATES RECORD WAS SET OR TIED.
MM INDICATES DATA IS MISSING.
T  INDICATES TRACE AMOUNT.




$$
