000
CDUS43 KMQT 030515
CLIMQT


CLIMATE REPORT
NATIONAL WEATHER SERVICE MARQUETTE MI
114 AM EDT SUN MAY 3 2015


...................................

...THE MARQUETTE MI CLIMATE SUMMARY FOR MAY 2 2015...

CLIMATE NORMAL PERIOD 1981 TO 2010
CLIMATE RECORD PERIOD 1961 TO 2015


WEATHER ITEM   OBSERVED RECORD YEAR NORMAL DEPARTURE LAST
                VALUE   VALUE       VALUE  FROM      YEAR
                                           NORMAL
...........................................................
TEMPERATURE (F)
 YESTERDAY
  MAXIMUM         71     78    1999  56     15       47
  MINIMUM         46     19    1966  35     11       35
  AVERAGE         59                 46     13       41

PRECIPITATION (IN)
  YESTERDAY        0.00   1.96 1973   0.09  -0.09      T
  MONTH TO DATE    0.00               0.18  -0.18     0.17
  SINCE MAR 1      3.76               6.22  -2.46     6.58
  SINCE JAN 1      6.68              10.77  -4.09    10.10

SNOWFALL (IN)
  YESTERDAY        0.0    2.3  1976   0.1   -0.1      0.0
  MONTH TO DATE    0.0                0.2   -0.2      0.0
  SINCE MAR 1     24.4               49.6  -25.2     65.8
  SINCE JUL 1    178.4              202.0  -23.6    195.3
  SNOW DEPTH       0

DEGREE DAYS
 HEATING
  YESTERDAY        6                 19    -13       24
  MONTH TO DATE   23                 39    -16       49
  SINCE MAR 1   2085               2117    -32     2523
  SINCE JUL 1   9396               8741    655     9845

 COOLING
  YESTERDAY        0                  0      0        0
  MONTH TO DATE    0                  0      0        0
  SINCE MAR 1      0                  1     -1        0
  SINCE JAN 1      0                  1     -1        0
...........................................................


WIND (MPH)
  RESULTANT WIND SPEED  MM   RESULTANT WIND DIRECTION  MM
  HIGHEST WIND SPEED    MM   HIGHEST WIND DIRECTION    MM
  HIGHEST GUST SPEED    17   HIGHEST GUST DIRECTION    SW (225)
  AVERAGE WIND SPEED    MM


SKY COVER
  POSSIBLE SUNSHINE  MM
  AVERAGE SKY COVER  MM


WEATHER CONDITIONS
 THE FOLLOWING WEATHER WAS RECORDED YESTERDAY.
  NO SIGNIFICANT WEATHER WAS OBSERVED.


RELATIVE HUMIDITY (PERCENT)
 HIGHEST    MM
 LOWEST     MM
 AVERAGE    MM

..........................................................


THE MARQUETTE MI CLIMATE NORMALS FOR TODAY
                         NORMAL    RECORD    YEAR
 MAXIMUM TEMPERATURE (F)   57        80      2000
 MINIMUM TEMPERATURE (F)   36        20      1967


SUNRISE AND SUNSET
MAY  3 2015...........SUNRISE   633 AM EDT   SUNSET   902 PM EDT
MAY  4 2015...........SUNRISE   632 AM EDT   SUNSET   903 PM EDT


-  INDICATES NEGATIVE NUMBERS.
R  INDICATES RECORD WAS SET OR TIED.
MM INDICATES DATA IS MISSING.
T  INDICATES TRACE AMOUNT.




$$
