000
CDUS43 KMQT 280516
CLIMQT


CLIMATE REPORT
NATIONAL WEATHER SERVICE MARQUETTE MI
113 AM EDT TUE APR 28 2015


...................................

...THE MARQUETTE MI CLIMATE SUMMARY FOR APRIL 27 2015...

CLIMATE NORMAL PERIOD 1981 TO 2010
CLIMATE RECORD PERIOD 1961 TO 2015


WEATHER ITEM   OBSERVED RECORD YEAR NORMAL DEPARTURE LAST
                VALUE   VALUE       VALUE  FROM      YEAR
                                           NORMAL
...........................................................
TEMPERATURE (F)
 YESTERDAY
  MAXIMUM         48     82    1986  54     -6       42
  MINIMUM         32     15    2004  33     -1       22
  AVERAGE         40                 44     -4       32

PRECIPITATION (IN)
  YESTERDAY        0.00   0.90 1969   0.10  -0.10      T
  MONTH TO DATE    2.50               2.73  -0.23     3.46
  SINCE MAR 1      3.76               5.76  -2.00     5.42
  SINCE JAN 1      6.68              10.31  -3.63     8.94

SNOWFALL (IN)
  YESTERDAY        0.0    2.1  2005   0.2   -0.2      0.0
  MONTH TO DATE   13.1               13.9   -0.8     31.7
  SINCE MAR 1     24.4               48.8  -24.4     61.7
  SINCE JUL 1    178.4              201.2  -22.8    191.2
  SNOW DEPTH       0

DEGREE DAYS
 HEATING
  YESTERDAY       25                 22      3       33
  MONTH TO DATE  745                751     -6      870
  SINCE MAR 1   1994               2014    -20     2393
  SINCE JUL 1   9305               8638    667     9715

 COOLING
  YESTERDAY        0                  0      0        0
  MONTH TO DATE    0                  0      0        0
  SINCE MAR 1      0                  0      0        0
  SINCE JAN 1      0                  0      0        0
...........................................................


WIND (MPH)
  RESULTANT WIND SPEED  MM   RESULTANT WIND DIRECTION  MM
  HIGHEST WIND SPEED    MM   HIGHEST WIND DIRECTION    MM
  HIGHEST GUST SPEED    23   HIGHEST GUST DIRECTION    NW (315)
  AVERAGE WIND SPEED    MM


SKY COVER
  POSSIBLE SUNSHINE  MM
  AVERAGE SKY COVER  MM


WEATHER CONDITIONS
 THE FOLLOWING WEATHER WAS RECORDED YESTERDAY.
  NO SIGNIFICANT WEATHER WAS OBSERVED.


RELATIVE HUMIDITY (PERCENT)
 HIGHEST    MM
 LOWEST     MM
 AVERAGE    MM

..........................................................


THE MARQUETTE MI CLIMATE NORMALS FOR TODAY
                         NORMAL    RECORD    YEAR
 MAXIMUM TEMPERATURE (F)   54        77      1990
 MINIMUM TEMPERATURE (F)   34        17      1965


SUNRISE AND SUNSET
APRIL 28 2015.........SUNRISE   641 AM EDT   SUNSET   855 PM EDT
APRIL 29 2015.........SUNRISE   639 AM EDT   SUNSET   857 PM EDT


-  INDICATES NEGATIVE NUMBERS.
R  INDICATES RECORD WAS SET OR TIED.
MM INDICATES DATA IS MISSING.
T  INDICATES TRACE AMOUNT.




$$
