000
CDUS43 KMQT 110511
CLIMQT


CLIMATE REPORT
NATIONAL WEATHER SERVICE MARQUETTE MI
109 AM EDT SAT APR 11 2015


...................................

...THE MARQUETTE MI CLIMATE SUMMARY FOR APRIL 10 2015...

CLIMATE NORMAL PERIOD 1981 TO 2010
CLIMATE RECORD PERIOD 1961 TO 2015


WEATHER ITEM   OBSERVED RECORD YEAR NORMAL DEPARTURE LAST
                VALUE   VALUE       VALUE  FROM      YEAR
                                           NORMAL
...........................................................
TEMPERATURE (F)
 YESTERDAY
  MAXIMUM         38     73    1977  45     -7       50
  MINIMUM         30     -3    2007  25      5       33
  AVERAGE         34                 35     -1       42

PRECIPITATION (IN)
  YESTERDAY        1.05   1.08 2002   0.11   0.94      T
  MONTH TO DATE    1.60               1.08   0.52     1.13
  SINCE MAR 1      2.86               4.11  -1.25     3.09
  SINCE JAN 1      5.78               8.66  -2.88     6.61

SNOWFALL (IN)
  YESTERDAY        8.6 R  4.0  1992   0.6    8.0      0.0
  MONTH TO DATE    9.7                7.1    2.6     10.7
  SINCE MAR 1     21.0               42.0  -21.0     40.7
  SINCE JUL 1    175.0              194.4  -19.4    170.2
  SNOW DEPTH      15

DEGREE DAYS
 HEATING
  YESTERDAY       31                 30      1       23
  MONTH TO DATE  332                320     12      315
  SINCE MAR 1   1581               1583     -2     1838
  SINCE JUL 1   8892               8207    685     9160

 COOLING
  YESTERDAY        0                  0      0        0
  MONTH TO DATE    0                  0      0        0
  SINCE MAR 1      0                  0      0        0
  SINCE JAN 1      0                  0      0        0
...........................................................


WIND (MPH)
  RESULTANT WIND SPEED  MM   RESULTANT WIND DIRECTION  MM
  HIGHEST WIND SPEED    MM   HIGHEST WIND DIRECTION    MM
  HIGHEST GUST SPEED    29   HIGHEST GUST DIRECTION    NW (315)
  AVERAGE WIND SPEED    MM


SKY COVER
  POSSIBLE SUNSHINE  MM
  AVERAGE SKY COVER  MM


WEATHER CONDITIONS
 THE FOLLOWING WEATHER WAS RECORDED YESTERDAY.
  LIGHT RAIN
  LT FREEZING RAIN
  HEAVY SNOW
  SNOW
  LIGHT SNOW
  FOG


RELATIVE HUMIDITY (PERCENT)
 HIGHEST    MM
 LOWEST     MM
 AVERAGE    MM

..........................................................


THE MARQUETTE MI CLIMATE NORMALS FOR TODAY
                         NORMAL    RECORD    YEAR
 MAXIMUM TEMPERATURE (F)   45        78      1977
 MINIMUM TEMPERATURE (F)   26         7      1973


SUNRISE AND SUNSET
APRIL 11 2015.........SUNRISE   711 AM EDT   SUNSET   832 PM EDT
APRIL 12 2015.........SUNRISE   709 AM EDT   SUNSET   834 PM EDT


-  INDICATES NEGATIVE NUMBERS.
R  INDICATES RECORD WAS SET OR TIED.
MM INDICATES DATA IS MISSING.
T  INDICATES TRACE AMOUNT.




$$
