000
CDUS43 KMQT 140529
CLIMQT


CLIMATE REPORT
NATIONAL WEATHER SERVICE MARQUETTE MI
124 AM EDT TUE APR 14 2015


...................................

...THE MARQUETTE MI CLIMATE SUMMARY FOR APRIL 13 2015...

CLIMATE NORMAL PERIOD 1981 TO 2010
CLIMATE RECORD PERIOD 1961 TO 2015


WEATHER ITEM   OBSERVED RECORD YEAR NORMAL DEPARTURE LAST
                VALUE   VALUE       VALUE  FROM      YEAR
                                           NORMAL
...........................................................
TEMPERATURE (F)
 YESTERDAY
  MAXIMUM         56     69    1998  46     10       50
  MINIMUM         40      4    1992  27     13       32
  AVERAGE         48                 37     11       41

PRECIPITATION (IN)
  YESTERDAY        0.28   0.87 1985   0.11   0.17     0.01
  MONTH TO DATE    1.88               1.40   0.48     1.23
  SINCE MAR 1      3.14               4.43  -1.29     3.19
  SINCE JAN 1      6.06               8.98  -2.92     6.71

SNOWFALL (IN)
  YESTERDAY        0.0    8.2  1996   0.5   -0.5       T
  MONTH TO DATE    9.7                8.8    0.9     10.7
  SINCE MAR 1     21.0               43.7  -22.7     40.7
  SINCE JUL 1    175.0              196.1  -21.1    170.2
  SNOW DEPTH       T

DEGREE DAYS
 HEATING
  YESTERDAY       17                 28    -11       24
  MONTH TO DATE  381                406    -25      401
  SINCE MAR 1   1630               1669    -39     1924
  SINCE JUL 1   8941               8293    648     9246

 COOLING
  YESTERDAY        0                  0      0        0
  MONTH TO DATE    0                  0      0        0
  SINCE MAR 1      0                  0      0        0
  SINCE JAN 1      0                  0      0        0
...........................................................


WIND (MPH)
  RESULTANT WIND SPEED  MM   RESULTANT WIND DIRECTION  MM
  HIGHEST WIND SPEED    MM   HIGHEST WIND DIRECTION    MM
  HIGHEST GUST SPEED    37   HIGHEST GUST DIRECTION     W (270)
  AVERAGE WIND SPEED    MM


SKY COVER
  POSSIBLE SUNSHINE  MM
  AVERAGE SKY COVER  MM


WEATHER CONDITIONS
 THE FOLLOWING WEATHER WAS RECORDED YESTERDAY.
  LIGHT RAIN


RELATIVE HUMIDITY (PERCENT)
 HIGHEST    MM
 LOWEST     MM
 AVERAGE    MM

..........................................................


THE MARQUETTE MI CLIMATE NORMALS FOR TODAY
                         NORMAL    RECORD    YEAR
 MAXIMUM TEMPERATURE (F)   47        83      2003
 MINIMUM TEMPERATURE (F)   27         9      2008
                                             1996


SUNRISE AND SUNSET
APRIL 14 2015.........SUNRISE   705 AM EDT   SUNSET   836 PM EDT
APRIL 15 2015.........SUNRISE   704 AM EDT   SUNSET   838 PM EDT


-  INDICATES NEGATIVE NUMBERS.
R  INDICATES RECORD WAS SET OR TIED.
MM INDICATES DATA IS MISSING.
T  INDICATES TRACE AMOUNT.




$$
