000
CDUS43 KMQT 010537
CLIMQT


CLIMATE REPORT
NATIONAL WEATHER SERVICE MARQUETTE MI
135 AM EDT FRI MAY 1 2015


...................................

...THE MARQUETTE MI CLIMATE SUMMARY FOR APRIL 30 2015...

CLIMATE NORMAL PERIOD 1981 TO 2010
CLIMATE RECORD PERIOD 1961 TO 2015


WEATHER ITEM   OBSERVED RECORD YEAR NORMAL DEPARTURE LAST
                VALUE   VALUE       VALUE  FROM      YEAR
                                           NORMAL
...........................................................
TEMPERATURE (F)
 YESTERDAY
  MAXIMUM         48     84    2001  55     -7       47
  MINIMUM         32     22    2003  35     -3       34
                               1971
  AVERAGE         40                 45     -5       41

PRECIPITATION (IN)
  YESTERDAY        T      1.45 1996   0.09  -0.09      T
  MONTH TO DATE    2.50               3.01  -0.51     4.45
  SINCE MAR 1      3.76               6.04  -2.28     6.41
  SINCE JAN 1      6.68              10.59  -3.91     9.93

SNOWFALL (IN)
  YESTERDAY        0.0   12.6  1996   0.2   -0.2      0.0
  MONTH TO DATE   13.1               14.5   -1.4     35.8
  SINCE MAR 1     24.4               49.4  -25.0     65.8
  SINCE JUL 1    178.4              201.8  -23.4    195.3
  SNOW DEPTH       0

DEGREE DAYS
 HEATING
  YESTERDAY       25                 20      5       24
  MONTH TO DATE  813                813      0      951
  SINCE MAR 1   2062               2078    -16     2474
  SINCE JUL 1   9373               8702    671     9796

 COOLING
  YESTERDAY        0                  0      0        0
  MONTH TO DATE    0                  1     -1        0
  SINCE MAR 1      0                  1     -1        0
  SINCE JAN 1      0                  1     -1        0
...........................................................


WIND (MPH)
  RESULTANT WIND SPEED  MM   RESULTANT WIND DIRECTION  MM
  HIGHEST WIND SPEED    MM   HIGHEST WIND DIRECTION    MM
  HIGHEST GUST SPEED    21   HIGHEST GUST DIRECTION     N (360)
  AVERAGE WIND SPEED    MM


SKY COVER
  POSSIBLE SUNSHINE  MM
  AVERAGE SKY COVER  MM


WEATHER CONDITIONS
 THE FOLLOWING WEATHER WAS RECORDED YESTERDAY.
  LIGHT RAIN


RELATIVE HUMIDITY (PERCENT)
 HIGHEST    MM
 LOWEST     MM
 AVERAGE    MM

..........................................................


THE MARQUETTE MI CLIMATE NORMALS FOR TODAY
                         NORMAL    RECORD    YEAR
 MAXIMUM TEMPERATURE (F)   56        80      1992
 MINIMUM TEMPERATURE (F)   35        20      1963


SUNRISE AND SUNSET
MAY  1 2015...........SUNRISE   636 AM EDT   SUNSET   859 PM EDT
MAY  2 2015...........SUNRISE   635 AM EDT   SUNSET   901 PM EDT


-  INDICATES NEGATIVE NUMBERS.
R  INDICATES RECORD WAS SET OR TIED.
MM INDICATES DATA IS MISSING.
T  INDICATES TRACE AMOUNT.




$$
