000
CDUS43 KMQT 230503
CLIMQT

CLIMATE REPORT
NATIONAL WEATHER SERVICE MARQUETTE MI
102 AM EDT THU APR 23 2015


...................................

...THE MARQUETTE MI CLIMATE SUMMARY FOR APRIL 22 2015...

CLIMATE NORMAL PERIOD 1981 TO 2010
CLIMATE RECORD PERIOD 1961 TO 2015


WEATHER ITEM   OBSERVED RECORD YEAR NORMAL DEPARTURE LAST
                VALUE   VALUE       VALUE  FROM      YEAR
                                           NORMAL
...........................................................
TEMPERATURE (F)
 YESTERDAY
  MAXIMUM         26     92    1980  51    -25       37
  MINIMUM         20     14    1986  31    -11       29
  AVERAGE         23                 41    -18       33

PRECIPITATION (IN)
  YESTERDAY        0.13   0.77 1972   0.09   0.04      T
  MONTH TO DATE    2.50               2.27   0.23     3.01
  SINCE MAR 1      3.76               5.30  -1.54     4.97
  SINCE JAN 1      6.68               9.85  -3.17     8.49

SNOWFALL (IN)
  YESTERDAY        2.9    7.7  1972   0.3    2.6       T
  MONTH TO DATE   13.1               12.5    0.6     29.0
  SINCE MAR 1     24.4               47.4  -23.0     59.0
  SINCE JUL 1    178.4              199.8  -21.4    188.5
  SNOW DEPTH       1

DEGREE DAYS
 HEATING
  YESTERDAY       42                 24     18       32
  MONTH TO DATE  593                638    -45      717
  SINCE MAR 1   1842               1901    -59     2240
  SINCE JUL 1   9153               8525    628     9562

 COOLING
  YESTERDAY        0                  0      0        0
  MONTH TO DATE    0                  0      0        0
  SINCE MAR 1      0                  0      0        0
  SINCE JAN 1      0                  0      0        0
...........................................................


WIND (MPH)
  RESULTANT WIND SPEED  MM   RESULTANT WIND DIRECTION  MM
  HIGHEST WIND SPEED    MM   HIGHEST WIND DIRECTION    MM
  HIGHEST GUST SPEED    25   HIGHEST GUST DIRECTION    NW (315)
  AVERAGE WIND SPEED    MM


SKY COVER
  POSSIBLE SUNSHINE  MM
  AVERAGE SKY COVER  MM


WEATHER CONDITIONS
 THE FOLLOWING WEATHER WAS RECORDED YESTERDAY.
  LIGHT SNOW


RELATIVE HUMIDITY (PERCENT)
 HIGHEST    MM
 LOWEST     MM
 AVERAGE    MM

..........................................................


THE MARQUETTE MI CLIMATE NORMALS FOR TODAY
                         NORMAL    RECORD    YEAR
 MAXIMUM TEMPERATURE (F)   52        75      1990
                                             1985
 MINIMUM TEMPERATURE (F)   32        17      2009


SUNRISE AND SUNSET
APRIL 23 2015.........SUNRISE   649 AM EDT   SUNSET   849 PM EDT
APRIL 24 2015.........SUNRISE   648 AM EDT   SUNSET   850 PM EDT


-  INDICATES NEGATIVE NUMBERS.
R  INDICATES RECORD WAS SET OR TIED.
MM INDICATES DATA IS MISSING.
T  INDICATES TRACE AMOUNT.




$$
