000
CDUS43 KMQT 122105
CLIMQT


CLIMATE REPORT
NATIONAL WEATHER SERVICE MARQUETTE MI
504 PM EDT SUN APR 12 2015


...................................

...THE MARQUETTE MI CLIMATE SUMMARY FOR APRIL 12 2015...
VALID TODAY AS OF 0500 PM LOCAL TIME.

CLIMATE NORMAL PERIOD 1981 TO 2010
CLIMATE RECORD PERIOD 1961 TO 2015


WEATHER ITEM   OBSERVED RECORD YEAR NORMAL DEPARTURE LAST
                VALUE   VALUE       VALUE  FROM      YEAR
                                           NORMAL
...........................................................
TEMPERATURE (F)
 TODAY
  MAXIMUM         68     80    1968  46     22       36
  MINIMUM         46      9    1992  26     20       28
  AVERAGE         57                 36     21       32

PRECIPITATION (IN)
  TODAY            0.00   1.21 1982   0.11  -0.11     0.09
  MONTH TO DATE    1.60               1.29   0.31     1.22
  SINCE MAR 1      2.86               4.32  -1.46     3.18
  SINCE JAN 1      5.78               8.87  -3.09     6.70

SNOWFALL (IN)
  TODAY            0.0    9.4  2013   0.6   -0.6       T
                               1972
  MONTH TO DATE    9.7                8.3    1.4     10.7
  SINCE MAR 1     21.0               43.2  -22.2     40.7
  SINCE JUL 1    175.0              195.6  -20.6    170.2
  SNOW DEPTH       9

DEGREE DAYS
 HEATING
  TODAY            8                 29    -21       33
  MONTH TO DATE  364                378    -14      377
  SINCE MAR 1   1613               1641    -28     1900
  SINCE JUL 1   8924               8265    659     9222

 COOLING
  TODAY            0                  0      0        0
  MONTH TO DATE    0                  0      0        0
  SINCE MAR 1      0                  0      0        0
  SINCE JAN 1      0                  0      0        0
...........................................................


WIND (MPH)
  HIGHEST WIND SPEED    MM   HIGHEST WIND DIRECTION    MM
  HIGHEST GUST SPEED    34   HIGHEST GUST DIRECTION     S (180)
  AVERAGE WIND SPEED    MM


SKY COVER
  POSSIBLE SUNSHINE  MM
  AVERAGE SKY COVER  MM


WEATHER CONDITIONS
 THE FOLLOWING WEATHER WAS RECORDED TODAY.
  NO SIGNIFICANT WEATHER WAS OBSERVED.


RELATIVE HUMIDITY (PERCENT)
 HIGHEST    MM
 LOWEST     MM
 AVERAGE    MM

..........................................................


THE MARQUETTE MI CLIMATE NORMALS FOR TOMORROW
                         NORMAL    RECORD    YEAR
 MAXIMUM TEMPERATURE (F)   46        69      1998
 MINIMUM TEMPERATURE (F)   27         4      1992


SUNRISE AND SUNSET
APRIL 12 2015.........SUNRISE   709 AM EDT   SUNSET   834 PM EDT
APRIL 13 2015.........SUNRISE   707 AM EDT   SUNSET   835 PM EDT


-  INDICATES NEGATIVE NUMBERS.
R  INDICATES RECORD WAS SET OR TIED.
MM INDICATES DATA IS MISSING.
T  INDICATES TRACE AMOUNT.




$$
