000
CDUS43 KMQT 300511
CLIMQT


CLIMATE REPORT
NATIONAL WEATHER SERVICE MARQUETTE MI
111 AM EDT THU APR 30 2015


...................................

...THE MARQUETTE MI CLIMATE SUMMARY FOR APRIL 29 2015...

CLIMATE NORMAL PERIOD 1981 TO 2010
CLIMATE RECORD PERIOD 1961 TO 2015


WEATHER ITEM   OBSERVED RECORD YEAR NORMAL DEPARTURE LAST
                VALUE   VALUE       VALUE  FROM      YEAR
                                           NORMAL
...........................................................
TEMPERATURE (F)
 YESTERDAY
  MAXIMUM         48     80    2007  55     -7       37
  MINIMUM         36     19    1979  34      2       31
  AVERAGE         42                 44     -2       34

PRECIPITATION (IN)
  YESTERDAY        0.00   0.99 2014   0.10  -0.10     0.99
  MONTH TO DATE    2.50               2.92  -0.42     4.45
  SINCE MAR 1      3.76               5.95  -2.19     6.41
  SINCE JAN 1      6.68              10.50  -3.82     9.93

SNOWFALL (IN)
  YESTERDAY        0.0    4.1  2014   0.2   -0.2      4.1
  MONTH TO DATE   13.1               14.3   -1.2     35.8
  SINCE MAR 1     24.4               49.2  -24.8     65.8
  SINCE JUL 1    178.4              201.6  -23.2    195.3
  SNOW DEPTH       0

DEGREE DAYS
 HEATING
  YESTERDAY       23                 21      2       31
  MONTH TO DATE  788                793     -5      927
  SINCE MAR 1   2037               2056    -19     2450
  SINCE JUL 1   9348               8680    668     9772

 COOLING
  YESTERDAY        0                  0      0        0
  MONTH TO DATE    0                  0      0        0
  SINCE MAR 1      0                  0      0        0
  SINCE JAN 1      0                  0      0        0
...........................................................

WIND (MPH)
  RESULTANT WIND SPEED  MM   RESULTANT WIND DIRECTION  MM
  HIGHEST WIND SPEED    MM   HIGHEST WIND DIRECTION    MM
  HIGHEST GUST SPEED    26   HIGHEST GUST DIRECTION    NW (315)
  AVERAGE WIND SPEED    MM

SKY COVER
  POSSIBLE SUNSHINE  MM
  AVERAGE SKY COVER  MM

WEATHER CONDITIONS
 THE FOLLOWING WEATHER WAS RECORDED YESTERDAY.
  NO SIGNIFICANT WEATHER WAS OBSERVED.

RELATIVE HUMIDITY (PERCENT)
 HIGHEST    MM
 LOWEST     MM
 AVERAGE    MM
..........................................................


THE MARQUETTE MI CLIMATE NORMALS FOR TODAY
                         NORMAL    RECORD    YEAR
 MAXIMUM TEMPERATURE (F)   55        84      2001
 MINIMUM TEMPERATURE (F)   35        22      2003
                                             1971


SUNRISE AND SUNSET
APRIL 30 2015.........SUNRISE   638 AM EDT   SUNSET   858 PM EDT
MAY  1 2015...........SUNRISE   636 AM EDT   SUNSET   859 PM EDT


-  INDICATES NEGATIVE NUMBERS.
R  INDICATES RECORD WAS SET OR TIED.
MM INDICATES DATA IS MISSING.
T  INDICATES TRACE AMOUNT.




$$
