000
CXUS51 KBUF 171205
CF6ART
PRELIMINARY LOCAL CLIMATOLOGICAL DATA (WS FORM: F-6)

                                          STATION:   WATERTOWN NY
                                          MONTH:     APRIL
                                          YEAR:      2015
                                          LATITUDE:   43 59 N
                                          LONGITUDE:  76  2 W

  TEMPERATURE IN F:       :PCPN:    SNOW:  WIND      :SUNSHINE: SKY     :PK WND
================================================================================
1   2   3   4   5  6A  6B    7    8   9   10  11  12  13   14  15   16   17  18
                                     12Z  AVG MX 2MIN
DY MAX MIN AVG DEP HDD CDD  WTR  SNW DPTH SPD SPD DIR MIN PSBL S-S WX    SPD DR
================================================================================

 1  39  14  27 -11  38   0 0.00    M    M  3.8 15 260   M    M   0        18 260
 2  66  31  49  11  16   0 0.20    M    M  8.9 20 190   M    M   6 12     31 170
 3  56  40  48  10  17   0 0.15    M    M  6.0 15 220   M    M   6 128    18 260
 4  40  32  36  -3  29   0 0.20    M    M 12.3 24 350   M    M   7 1      32 340
 5  39  28  34  -5  31   0 0.01    M    M 10.8 22 230   M    M   5 1      31 220
 6  46  29  38  -2  27   0    T    M    M  7.8 20  20   M    M   7        24  20
 7  50  32  41   1  24   0 0.00    M    M 13.1 23  40   M    M   5        27  40
 8  47  29  38  -3  27   0 0.27    M    M 10.6 18 100   M    M   7 1      27 100
 9  51  38  45   4  20   0 0.02    M    M  8.6 22 160   M    M  10        33 170
10  61  41  51   9  14   0 0.13    M    M 18.9 35 220   M    M   9 3      47 230
11  45  37  41  -1  24   0 0.00    M    M 13.7 22 230   M    M   5        34 230
12  63  33  48   6  17   0 0.00    M    M  6.7 16 230   M    M   0        21 230
13  81  32  57  14   8   0 0.16    M    M  9.9 35 250   M    M   2 1      54 260
14  58  35  47   4  18   0 0.00    M    M  8.3 18 230   M    M   1        25 230
15  59  27  43  -1  22   0 0.00    M    M  6.8 18 250   M    M   0        25 310
16  69  25  47   3  18   0 0.02    M    M  5.2 21 210   M    M   2        28 210
================================================================================
SM  870  503       350   0  1.16    M    151.4          M       72
================================================================================
AV 54.4 31.4                               9.5 FASTST   M    M   5    MAX(MPH)
                                 MISC ---->  # 35 220               # 54  260
================================================================================
NOTES:
# LAST OF SEVERAL OCCURRENCES

COLUMN 17 PEAK WIND IN M.P.H.

PRELIMINARY LOCAL CLIMATOLOGICAL DATA (WS FORM: F-6) , PAGE 2

                                          STATION:  WATERTOWN NY
                                          MONTH:    APRIL
                                          YEAR:     2015
                                          LATITUDE:   43 59 N
                                          LONGITUDE:  76  2 W

[TEMPERATURE DATA]      [PRECIPITATION DATA]       SYMBOLS USED IN COLUMN 16

AVERAGE MONTHLY: 42.9   TOTAL FOR MONTH:   1.16    1 = FOG OR MIST
DPTR FM NORMAL:   2.0   DPTR FM NORMAL:   -0.40    2 = FOG REDUCING VISIBILITY
HIGHEST:    81 ON 13    GRTST 24HR  0.35 ON  3- 4      TO 1/4 MILE OR LESS
LOWEST:     14 ON  1                               3 = THUNDER
                        SNOW, ICE PELLETS, HAIL    4 = ICE PELLETS
                        TOTAL MONTH:    M          5 = HAIL
                        GRTST 24HR    M  ON   M    6 = FREEZING RAIN OR DRIZZLE
                        GRTST DEPTH:  M  ON   M    7 = DUSTSTORM OR SANDSTORM:
                                                       VSBY 1/2 MILE OR LESS
                                                   8 = SMOKE OR HAZE
[NO. OF DAYS WITH]      [WEATHER - DAYS WITH]      9 = BLOWING SNOW
                                                   X = TORNADO
MAX 32 OR BELOW:   0    0.01 INCH OR MORE:   9
MAX 90 OR ABOVE:   0    0.10 INCH OR MORE:   6
MIN 32 OR BELOW:  10    0.50 INCH OR MORE:   0
MIN  0 OR BELOW:   0    1.00 INCH OR MORE:   0

[HDD (BASE 65) ]
TOTAL THIS MO.   350    CLEAR  (SCALE 0-3)   6
DPTR FM NORMAL   -35    PTCLDY (SCALE 4-7)   8
TOTAL FM JUL 1  7051    CLOUDY (SCALE 8-10)  2
DPTR FM NORMAL   159

[CDD (BASE 65) ]
TOTAL THIS MO.     0
DPTR FM NORMAL     0    [PRESSURE DATA]
TOTAL FM JAN 1     0    HIGHEST SLP M ON M
DPTR FM NORMAL     0    LOWEST  SLP 29.49 ON 10

[REMARKS]
