000
CXAK56 PABE 191207
CF6BET

PRELIMINARY LOCAL CLIMATOLOGICAL DATA (WS FORM: F-6)

                                          STATION:   BETHEL
                                          MONTH:     04
                                          YEAR:      2015
                                          LATITUDE:   60 47 N
                                          LONGITUDE: 161 50 W

  TEMPERATURE IN F:       :PCPN:    SNOW:  WIND      :SUNSHINE: SKY     :PK WND
================================================================================
1   2   3   4   5  6A  6B    7     8   9   10  11  12  13   14  15   16  17  18
                                      12Z  AVG MX 2MIN
DY MAX MIN AVG DEP HDD CDD  WTR   SNW DPTH SPD SPD DIR MIN PSBL S-S WX   SPD DR
================================================================================

 1  26  13  20   1  45   0  0.00  0.0   T 12.9 20  300   M    M   M       25 300
 2  23  10  17  -3  48   0     T    T   T 11.5 16  330   M    M   M       20 330
 3  42   9  26   6  39   0  0.00  0.0   T  6.9 14   70   M    M   M       16  60
 4  35  30  33  12  32   0  0.22  4.0   T 13.5 24  170   M    M   M 19    30 170
 5  37  29  33  12  32   0  0.12    T   4 16.4 36  160   M    M   M 1     45 160
 6  39  26  33  11  32   0  0.02    T   T 13.9 31  160   M    M   M 1     40 170
 7  34  23  29   7  36   0  0.01  0.1   T  7.3 13  260   M    M   M       16 250
 8  36  25  31   8  34   0  0.01  0.1   T 11.3 22  140   M    M   M 18    27 140
 9  39  29  34  11  31   0  0.01    T   T  8.6 21  320   M    M   M       27 320
10  31  19  25   1  40   0  0.02    T   T 19.9 29  290   M    M   M 1     36 290
11  23  16  20  -4  45   0     T  0.4   T  8.2 16  250   M    M   M 1     19 250
12  25  15  20  -5  45   0     T    T   T  9.9 17  300   M    M   M       22 320
13  32   8  20  -5  45   0  0.00  0.0   T  7.9 14   20   M    M   M       17  10
14  40  18  29   3  36   0  0.00  0.0   T 13.4 24  330   M    M   M       30 320
15  25  12  19  -8  46   0  0.00  0.0   0 17.9 25  320   M    M   M       30 320
16  28   6  17 -10  48   0  0.00  0.0   T 10.3 16  300   M    M   M       20 320
17  43  11  27  -1  38   0  0.00  0.0   T 11.6 24   30   M    M   M       31  30
18  49  30  40  12  25   0  0.01  0.0   T 13.2 30  160   M    M   M       38 150
================================================================================
SM  607  329       697   0  0.42 4.6    214.6           M        M
================================================================================
AV 33.7 18.3                             11.9 FASTST  PSBL  %   M    MAX(MPH)
                                 MISC ---->     36  160                 45 160
================================================================================
NOTES:
# LAST OF SEVERAL OCCURRENCES

COLUMN 17 PEAK WIND IN M.P.H.

PRELIMINARY LOCAL CLIMATOLOGICAL DATA (WS FORM: F-6) , PAGE 2

                                          STATION:   BETHEL
                                          MONTH:     04
                                          YEAR:      2015
                                          LATITUDE:  60 47 N
                                          LONGITUDE: 161 50 W

[TEMPERATURE DATA]      [PRECIPITATION DATA]       SYMBOLS USED IN COLUMN 16

AVERAGE MONTHLY:26.0   TOTAL FOR MONTH: 0.42       1 = FOG
DPTR FM NORMAL:  2.4   DPTR FM NORMAL: -0.00       2 = FOG REDUCING VISIBILITY
HIGHEST:    49 ON 18    GRTST 24HR   0.22 ON  4        TO 1/4 MILE OR LESS
LOWEST:      6 ON 16                               3 = THUNDER
                        SNOW, ICE PELLETS, HAIL    4 = ICE PELLETS
                        TOTAL MONTH: 4.6 INCHES  5 = HAIL
                        GRTST 24HR   4.0 ON  4     6 = GLAZE OR RIME
                        GRTST DEPTH:    4 ON  5    7 = BLOWING DUST OR SAND:
                                                       VSBY 1/2 MILE OR LESS
                                                   8 = SMOKE OR HAZE
[NO. OF DAYS WITH]      [WEATHER - DAYS WITH]      9 = BLOWING SNOW
                                                   X = TORNADO
MAX 32 OR BELOW:   8    0.01 INCH OR MORE:   8
MAX 70 OR ABOVE:   0    0.10 INCH OR MORE:   2
MIN 32 OR BELOW:  18    0.50 INCH OR MORE:   0
MIN  0 OR BELOW:   0    1.00 INCH OR MORE:   0

[HDD (BASE 65) ]
TOTAL THIS MO.   697    CLEAR  (SCALE 0-3)   M
DPTR FM NORMAL   -48    PTCLDY (SCALE 4-7)   M
SEASONAL TOTAL  9842    CLOUDY (SCALE 8-10)  M
DPTR FM NORMAL -1193

[CDD (BASE 65) ]
TOTAL THIS MO.     0
DPTR FM NORMAL     0    [PRESSURE DATA]
SEASONAL TOTAL     0    HIGHEST SLP     M
DPTR FM NORMAL     0    LOWEST  SLP     M

[REMARKS]
