000
CXUS55 KBOI 211002
CF6BOI
PRELIMINARY LOCAL CLIMATOLOGICAL DATA (WS FORM: F-6)

                                          STATION:   BOISE ID
                                          MONTH:     APRIL
                                          YEAR:      2015
                                          LATITUDE:   43 34 N
                                          LONGITUDE: 116 13 W

  TEMPERATURE IN F:       :PCPN:    SNOW:  WIND      :SUNSHINE: SKY     :PK WND
================================================================================
1   2   3   4   5  6A  6B    7    8   9   10  11  12  13   14  15   16   17  18
                                     12Z  AVG MX 2MIN
DY MAX MIN AVG DEP HDD CDD  WTR  SNW DPTH SPD SPD DIR MIN PSBL S-S WX    SPD DR
================================================================================

 1  53  36  45  -3  20   0    T  0.0    0 10.6 25 300   M    M   4        32 300
 2  54  26  40  -8  25   0 0.00  0.0    0  7.3 22 310   M    M   0        28 310
 3  58  30  44  -4  21   0 0.00  0.0    0  7.6 17 150   M    M   0        26 150
 4  57  40  49   1  16   0    T  0.0    0  5.6 15 300   M    M   7        20 310
 5  54  40  47  -2  18   0 0.20  0.0    0  6.4 18 250   M    M   7 1      23 260
 6  54  36  45  -4  20   0    T  0.0    0  5.0 15 310   M    M   2        18 270
 7  59  39  49   0  16   0    T  0.0    0  7.0 26 170   M    M   4        31 170
 8  59  43  51   2  14   0 0.12  0.0    0 10.1 23 300   M    M   8 1      28 310
 9  61  33  47  -2  18   0 0.00  0.0    0  2.8 10 130   M    M   1        16 140
10  69  42  56   6   9   0 0.00  0.0    0  9.6 17 160   M    M   0        22 160
11  57  39  48  -2  17   0 0.21  0.0    0  6.0 24 250   M    M   6 1      36 250
12  55  32  44  -6  21   0 0.00  0.0    0  4.7 12 130   M    M   1        16 320
13  77  42  60  10   5   0 0.00  0.0    0 12.4 26 140   M    M   0        32 130
14  60  36  48  -2  17   0 0.01    T    0 18.3 35 300   M    M   6 48     45 330
15  57  30  44  -6  21   0 0.00  0.0    0 16.3 30 330   M    M   1        39 310
16  63  30  47  -4  18   0 0.00  0.0    0  5.4 14 300   M    M   0        18 310
17  72  39  56   5   9   0 0.00  0.0    0  6.9 15 320   M    M   0        18 310
18  73  42  58   7   7   0 0.00  0.0    0 13.4 28 320   M    M   0        35 300
19  69  40  55   4  10   0 0.00  0.0    0  5.5 17 300   M    M   0        20 300
20  73  40  57   5   8   0 0.00  0.0    0  4.8 13 320   M    M   0        16 290
================================================================================
SM 1234  735       310   0  0.54    T    165.7          M       47
================================================================================
AV 61.7 36.8                               8.3 FASTST   M    M   2    MAX(MPH)
                                 MISC ---->  # 35 300               # 45  330
================================================================================
NOTES:
# LAST OF SEVERAL OCCURRENCES

COLUMN 17 PEAK WIND IN M.P.H.

PRELIMINARY LOCAL CLIMATOLOGICAL DATA (WS FORM: F-6) , PAGE 2

                                          STATION:  BOISE ID
                                          MONTH:    APRIL
                                          YEAR:     2015
                                          LATITUDE:   43 34 N
                                          LONGITUDE: 116 13 W

[TEMPERATURE DATA]      [PRECIPITATION DATA]       SYMBOLS USED IN COLUMN 16

AVERAGE MONTHLY: 49.2   TOTAL FOR MONTH:   0.54    1 = FOG OR MIST
DPTR FM NORMAL:  -0.4   DPTR FM NORMAL:   -0.27    2 = FOG REDUCING VISIBILITY
HIGHEST:    77 ON 13    GRTST 24HR  0.21 ON 11-11      TO 1/4 MILE OR LESS
LOWEST:     26 ON  2                               3 = THUNDER
                        SNOW, ICE PELLETS, HAIL    4 = ICE PELLETS
                        TOTAL MONTH:    T          5 = HAIL
                        GRTST 24HR    T  ON 14-14  6 = FREEZING RAIN OR DRIZZLE
                        GRTST DEPTH:   0           7 = DUSTSTORM OR SANDSTORM:
                                                       VSBY 1/2 MILE OR LESS
                                                   8 = SMOKE OR HAZE
[NO. OF DAYS WITH]      [WEATHER - DAYS WITH]      9 = BLOWING SNOW
                                                   X = TORNADO
MAX 32 OR BELOW:   0    0.01 INCH OR MORE:   4
MAX 90 OR ABOVE:   0    0.10 INCH OR MORE:   3
MIN 32 OR BELOW:   5    0.50 INCH OR MORE:   0
MIN  0 OR BELOW:   0    1.00 INCH OR MORE:   0

[HDD (BASE 65) ]
TOTAL THIS MO.   310    CLEAR  (SCALE 0-3)  13
DPTR FM NORMAL     2    PTCLDY (SCALE 4-7)   7
TOTAL FM JUL 1  4372    CLOUDY (SCALE 8-10)  0
DPTR FM NORMAL  -731

[CDD (BASE 65) ]
TOTAL THIS MO.     0
DPTR FM NORMAL     0    [PRESSURE DATA]
TOTAL FM JAN 1     0    HIGHEST SLP M ON M
DPTR FM NORMAL     0    LOWEST  SLP 29.61 ON 13

[REMARKS]
