000
CXUS51 KCLE 261004
CF6CAK
PRELIMINARY LOCAL CLIMATOLOGICAL DATA (WS FORM: F-6)

                                          STATION:   AKRON CANTON OH
                                          MONTH:     APRIL
                                          YEAR:      2015
                                          LATITUDE:   40 55 N
                                          LONGITUDE:  81 26 W

  TEMPERATURE IN F:       :PCPN:    SNOW:  WIND      :SUNSHINE: SKY     :PK WND
================================================================================
1   2   3   4   5  6A  6B    7    8   9   10  11  12  13   14  15   16   17  18
                                     12Z  AVG MX 2MIN
DY MAX MIN AVG DEP HDD CDD  WTR  SNW DPTH SPD SPD DIR MIN PSBL S-S WX    SPD DR
================================================================================

 1  60  26  43  -1  22   0 0.00  0.0    0  7.6 14 220   M    M   3 18     20 230
 2  62  42  52   8  13   0 0.58  0.0    0 12.7 29 220   M    M   7 1      36 210
 3  59  41  50   6  15   0 0.32  0.0    0  7.7 26 340   M    M  10 18     39 340
 4  48  31  40  -5  25   0    T    T    0 12.5 22 320   M    M   5 1      28 330
 5  62  39  51   6  14   0 0.00  0.0    0 12.2 25 260   M    M   4        35 270
 6  64  40  52   6  13   0 0.10  0.0    0  7.2 18 230   M    M   8 1      22 230
 7  58  52  55   9  10   0 0.49  0.0    0  7.1 15  90   M    M  10 12     17  90
 8  68  52  60  14   5   0 0.31  0.0    0  8.2 40 170   M    M  10 13     46 170
 9  67  51  59  12   6   0 0.86  0.0    0 10.9 23 190   M    M   9 13     28 170
10  67  47  57  10   8   0 0.08  0.0    0 16.9 31 260   M    M   6 1      42 250
11  58  39  49   1  16   0    T  0.0    0  9.2 23 320   M    M   5        30 330
12  68  40  54   6  11   0 0.00  0.0    0  5.4 14 110   M    M   5        17 110
13  80  53  67  19   0   2 0.17  0.0    0 15.0 30 220   M    M   7 18     38 220
14  62  46  54   5  11   0 0.00  0.0    0  7.0 14  50   M    M   9        19  70
15  66  42  54   5  11   0 0.00  0.0    0  9.6 21  80   M    M   8        25  80
16  58  48  53   3  12   0 0.26  0.0    0 11.7 23 170   M    M   9        27 170
17  71  54  63  13   2   0 0.02  0.0    0  4.8 12 300   M    M   7 8      19 340
18  77  50  64  14   1   0 0.00  0.0    0  7.5 16  20   M    M   4 8      26 360
19  73  49  61  10   4   0 0.12  0.0    0 16.6 33 140   M    M   9 13     42 150
20  68  46  57   6   8   0 0.29  0.0    0 18.5 35 220   M    M   8 18     44 210
21  58  42  50  -1  15   0 0.00  0.0    0 17.2 33 240   M    M   7        49 280
22  49  37  43  -9  22   0 0.12    T    0 13.0 26 280   M    M  10 4      35 280
23  43  32  38 -14  27   0 0.00  0.0    0 12.1 25 300   M    M   9        32 290
24  57  27  42 -10  23   0 0.00  0.0    0  9.1 21 300   M    M   3        27 270
25  54  37  46  -7  19   0 0.10  0.0    0  9.0 20  40   M    M   9 1      24  40
================================================================================
SM 1557 1063       313   2  3.82    T    268.7          M      181
================================================================================
AV 62.3 42.5                              10.7 FASTST   M    M   7    MAX(MPH)
                                 MISC ---->  # 40 170               # 49  280
================================================================================
NOTES:
# LAST OF SEVERAL OCCURRENCES

COLUMN 17 PEAK WIND IN M.P.H.

PRELIMINARY LOCAL CLIMATOLOGICAL DATA (WS FORM: F-6) , PAGE 2

                                          STATION:  AKRON CANTON OH
                                          MONTH:    APRIL
                                          YEAR:     2015
                                          LATITUDE:   40 55 N
                                          LONGITUDE:  81 26 W

[TEMPERATURE DATA]      [PRECIPITATION DATA]       SYMBOLS USED IN COLUMN 16

AVERAGE MONTHLY: 52.4   TOTAL FOR MONTH:   3.82    1 = FOG OR MIST
DPTR FM NORMAL:   4.1   DPTR FM NORMAL:    0.84    2 = FOG REDUCING VISIBILITY
HIGHEST:    80 ON 13    GRTST 24HR  0.86 ON  9- 9      TO 1/4 MILE OR LESS
LOWEST:     26 ON  1                               3 = THUNDER
                        SNOW, ICE PELLETS, HAIL    4 = ICE PELLETS
                        TOTAL MONTH:    T          5 = HAIL
                        GRTST 24HR    T  ON 22-22  6 = FREEZING RAIN OR DRIZZLE
                        GRTST DEPTH:   0           7 = DUSTSTORM OR SANDSTORM:
                                                       VSBY 1/2 MILE OR LESS
                                                   8 = SMOKE OR HAZE
[NO. OF DAYS WITH]      [WEATHER - DAYS WITH]      9 = BLOWING SNOW
                                                   X = TORNADO
MAX 32 OR BELOW:   0    0.01 INCH OR MORE:  14
MAX 90 OR ABOVE:   0    0.10 INCH OR MORE:  12
MIN 32 OR BELOW:   4    0.50 INCH OR MORE:   2
MIN  0 OR BELOW:   0    1.00 INCH OR MORE:   0

[HDD (BASE 65) ]
TOTAL THIS MO.   313    CLEAR  (SCALE 0-3)   1
DPTR FM NORMAL  -108    PTCLDY (SCALE 4-7)  13
TOTAL FM JUL 1  6084    CLOUDY (SCALE 8-10) 11
DPTR FM NORMAL   268

[CDD (BASE 65) ]
TOTAL THIS MO.     2
DPTR FM NORMAL     2    [PRESSURE DATA]
TOTAL FM JAN 1     2    HIGHEST SLP M ON M
DPTR FM NORMAL     2    LOWEST  SLP 29.41 ON 20

[REMARKS]
