000
CXUS55 KCAE 011400
CF6CUB
PRELIMINARY LOCAL CLIMATOLOGICAL DATA (WS FORM: F-6)

                                          STATION:   HAMILTON - OWENS AIRPORT SC
                                          MONTH:     MARCH
                                          YEAR:      2015
                                          LATITUDE:   33 58 N
                                          LONGITUDE:  80 59 W

  TEMPERATURE IN F:       :PCPN:    SNOW:  WIND      :SUNSHINE: SKY     :PK WND
================================================================================
1   2   3   4   5  6A  6B    7    8   9   10  11  12  13   14  15   16   17  18
                                     12Z  AVG MX 2MIN
DY MAX MIN AVG DEP HDD CDD  WTR  SNW DPTH SPD SPD DIR MIN PSBL S-S WX    SPD DR
================================================================================

 1  42  34  38 -14  27   0 0.47    M    M  2.2  7  30   M    M  10 1      11  50
 2  74  42  58   5   7   0 0.00    M    M  2.7 10 320   M    M   6 12     16  30
 3  60  44  52  -1  13   0 0.03    M    M  3.2  9  60   M    M  10 128    13  70
 4  81  44  63  10   2   0 0.00    M    M  7.1 25 240   M    M   5 12     37 230
 5  80  41  61   7   4   0 0.14    M    M 10.0 32 290   M    M   7 18     40 290
 6  50  35  43 -11  22   0 0.00    M    M  4.3 12  60   M    M   6        20  20
 7  65  30  48  -6  17   0 0.00    M    M  1.9 13 250   M    M   0 1      17 260
 8  74  36  55   1  10   0 0.00    M    M  2.7 13 200   M    M   0        19 200
 9  72  52  62   7   3   0 0.00    M    M  1.5  7  50   M    M   4        11  30
10  83  53  68  13   0   3 0.00    M    M  5.2 16 200   M    M   1        22 200
11  85  59  72  17   0   7 0.00    M    M  5.4 17 240   M    M   1        24 250
12  70  61  66  10   0   1    T    M    M  5.8 14  60   M    M   9 8      20  70
13  61  50  56   0   9   0 0.14    M    M  5.0 13  70   M    M  10 18     22  80
14  68  51  60   4   5   0 0.52    M    M  4.6 16 240   M    M   7 1      23 280
15  78  51  65   9   0   0 0.00    M    M  3.4 13 270   M    M   0 1      17 310
16  84  44  64   7   1   0 0.00    M    M  2.5 12 270   M    M   0        16 270
17  84  50  67  10   0   2 0.00    M    M  5.5 17 270   M    M   0        23 290
18  69  56  63   6   2   0 0.00    M    M  4.6 12  70   M    M   0        20  70
19  56  51  54  -4  11   0 0.61    M    M  3.0  9  70   M    M   8 1      14  30
20  69  49  59   1   6   0 0.02    M    M  2.6  9 320   M    M   7 1      13 310
21  74  55  65   7   0   0 0.00    M    M  1.9  8 160   M    M   5        11  90
22  63  57  60   2   5   0 0.43    M    M  1.4  7  70   M    M   9 1      11  70
23  68  54  61   2   4   0 0.00    M    M  2.9 10  70   M    M   9        17  60
24  75  45  60   1   5   0 0.00    M    M  2.2  9 170   M    M   1        13 140
25  74  59  67   8   0   2 0.00    M    M  3.5 10  80   M    M   8 8      14  70
26  78  63  71  11   0   6 0.00    M    M  6.8 17 250   M    M   6        25 260
27  68  46  57  -3   8   0 0.26    M    M  5.3 12 360   M    M   8 1      19  20
28  56  41  49 -11  16   0    T    M    M  5.7 18 280   M    M   2        25 270
29  58  30  44 -16  21   0 0.00    M    M  2.7 10  70   M    M   0        16  50
30  72  43  58  -3   7   0 0.02    M    M  6.8 16 280   M    M   3        24 280
31  81  43  62   1   3   0 0.00    M    M  5.5 22 270   M    M   0        30 270
================================================================================
SM 2172 1469       208  21  2.64    M    127.9          M      142
================================================================================
AV 70.1 47.4                               4.1 FASTST   M    M   5    MAX(MPH)
                                 MISC ---->  # 32 290               # 40  290
================================================================================
NOTES:
# LAST OF SEVERAL OCCURRENCES

COLUMN 17 PEAK WIND IN M.P.H.

PRELIMINARY LOCAL CLIMATOLOGICAL DATA (WS FORM: F-6) , PAGE 2

                                          STATION:  HAMILTON - OWENS AIRPORT SC
                                          MONTH:    MARCH
                                          YEAR:     2015
                                          LATITUDE:   33 58 N
                                          LONGITUDE:  80 59 W

[TEMPERATURE DATA]      [PRECIPITATION DATA]       SYMBOLS USED IN COLUMN 16

AVERAGE MONTHLY: 58.7   TOTAL FOR MONTH:   2.64    1 = FOG OR MIST
DPTR FM NORMAL:   2.0   DPTR FM NORMAL:   -1.24    2 = FOG REDUCING VISIBILITY
HIGHEST:    85 ON 11    GRTST 24HR  0.61 ON 19-19      TO 1/4 MILE OR LESS
LOWEST:     30 ON 29, 7                            3 = THUNDER
                        SNOW, ICE PELLETS, HAIL    4 = ICE PELLETS
                        TOTAL MONTH:    M          5 = HAIL
                        GRTST 24HR    M  ON   M    6 = FREEZING RAIN OR DRIZZLE
                        GRTST DEPTH:  M  ON   M    7 = DUSTSTORM OR SANDSTORM:
                                                       VSBY 1/2 MILE OR LESS
                                                   8 = SMOKE OR HAZE
[NO. OF DAYS WITH]      [WEATHER - DAYS WITH]      9 = BLOWING SNOW
                                                   X = TORNADO
MAX 32 OR BELOW:   0    0.01 INCH OR MORE:  10
MAX 90 OR ABOVE:   0    0.10 INCH OR MORE:   7
MIN 32 OR BELOW:   2    0.50 INCH OR MORE:   2
MIN  0 OR BELOW:   0    1.00 INCH OR MORE:   0

[HDD (BASE 65) ]
TOTAL THIS MO.   208    CLEAR  (SCALE 0-3)  12
DPTR FM NORMAL   -66    PTCLDY (SCALE 4-7)  11
TOTAL FM JUL 1  2334    CLOUDY (SCALE 8-10)  8
DPTR FM NORMAL   131

[CDD (BASE 65) ]
TOTAL THIS MO.    21
DPTR FM NORMAL     6    [PRESSURE DATA]
TOTAL FM JAN 1    21    HIGHEST SLP 30.63 ON  1
DPTR FM NORMAL     3    LOWEST  SLP 29.66 ON 27

[REMARKS]
#FINAL-03-15#
