000
CXUS53 KPAH 260631
CF6EVV
PRELIMINARY LOCAL CLIMATOLOGICAL DATA (WS FORM: F-6)

                                          STATION:   EVANSVILLE IN
                                          MONTH:     APRIL
                                          YEAR:      2015
                                          LATITUDE:   38  2 N
                                          LONGITUDE:  87 32 W

  TEMPERATURE IN F:       :PCPN:    SNOW:  WIND      :SUNSHINE: SKY     :PK WND
================================================================================
1   2   3   4   5  6A  6B    7    8   9   10  11  12  13   14  15   16   17  18
                                     12Z  AVG MX 2MIN
DY MAX MIN AVG DEP HDD CDD  WTR  SNW DPTH SPD SPD DIR MIN PSBL S-S WX    SPD DR
================================================================================

 1  73  41  57   6   8   0 0.00  0.0    0  5.6 14 130   M    M   0        19 150
 2  74  58  66  14   0   1 0.30  0.0    0 12.3 28 230   M    M   5 138    34 220
 3  69  44  57   5   8   0 2.01  0.0    0  9.9 22 330   M    M   5 13     32 330
 4  57  38  48  -4  17   0 0.00  0.0    0  5.0 12 260   M    M   0        17 330
 5  65  35  50  -3  15   0    T  0.0    0  3.5 13 180   M    M   1        17 170
 6  65  52  59   6   6   0 0.08  0.0    0  6.8 20 210   M    M  10 138    26 210
 7  75  60  68  15   0   3 0.79  0.0    0  7.8 36 320   M    M   9 138    50 320
 8  79  62  71  17   0   6    T  0.0    0  7.5 18 210   M    M   4 138    26 220
 9  81  63  72  18   0   7 0.52  0.0    0 13.7 52 240   M    M   1 13     67 240
10  67  49  58   4   7   0    T  0.0    0  8.7 25 250   M    M   1        35 330
11  67  42  55   0  10   0 0.00  0.0    0  2.7 12  10   M    M   0        15  10
12  76  45  61   6   4   0 0.00  0.0    0  4.6 13 140   M    M   0        16 150
13  77  60  69  14   0   4 0.14  0.0    0  9.5 18 220   M    M   7 1      24 210
14  69  52  61   5   4   0 0.28  0.0    0 11.6 28  30   M    M   7        38  30
15  68  55  62   6   3   0 0.01  0.0    0  8.9 18  80   M    M   9 1      23  80
16  75  55  65   9   0   0 0.12  0.0    0  3.4 10 240   M    M   5 123    13 250
17  77  60  69  12   0   4 0.00  0.0    0  2.2  8 140   M    M   4 18     10 140
18  80  55  68  11   0   3 0.00  0.0    0  4.0 14 100   M    M   1 18     18 100
19  69  59  64   7   1   0 1.73  0.0    0  6.7 23 260   M    M   9 13     34 250
20  62  46  54  -4  11   0 0.28  0.0    0 10.2 23 260   M    M   7 13     31 200
21  66  43  55  -3  10   0    T  0.0    0 12.5 29 240   M    M   2        35 240
22  58  39  49  -9  16   0    T  0.0    0  9.9 20 270   M    M   2        28 290
23  63  37  50  -9  15   0 0.00  0.0    0  6.5 21 340   M    M   0        28 340
24  63  36  50  -9  15   0 0.00  0.0    0  6.1 21 190   M    M   4 8      26 200
25  74  50  62   3   3   0 0.36  0.0    0  8.1 20 230   M    M   9 138    25  40
================================================================================
SM 1749 1236       153  28  6.62     0.0 187.7          M      102
================================================================================
AV 70.0 49.4                               7.5 FASTST   M    M   4    MAX(MPH)
                                 MISC ---->  # 52 240               # 67  240
================================================================================
NOTES:
# LAST OF SEVERAL OCCURRENCES

COLUMN 17 PEAK WIND IN M.P.H.

PRELIMINARY LOCAL CLIMATOLOGICAL DATA (WS FORM: F-6) , PAGE 2

                                          STATION:  EVANSVILLE IN
                                          MONTH:    APRIL
                                          YEAR:     2015
                                          LATITUDE:   38  2 N
                                          LONGITUDE:  87 32 W

[TEMPERATURE DATA]      [PRECIPITATION DATA]       SYMBOLS USED IN COLUMN 16

AVERAGE MONTHLY: 59.7   TOTAL FOR MONTH:   6.62    1 = FOG OR MIST
DPTR FM NORMAL:   4.4   DPTR FM NORMAL:    3.06    2 = FOG REDUCING VISIBILITY
HIGHEST:    81 ON  9    GRTST 24HR  2.19 ON  2- 3      TO 1/4 MILE OR LESS
LOWEST:     35 ON  5                               3 = THUNDER
                        SNOW, ICE PELLETS, HAIL    4 = ICE PELLETS
                        TOTAL MONTH:   0.0 INCH    5 = HAIL
                        GRTST 24HR     0.0         6 = FREEZING RAIN OR DRIZZLE
                        GRTST DEPTH:   0           7 = DUSTSTORM OR SANDSTORM:
                                                       VSBY 1/2 MILE OR LESS
                                                   8 = SMOKE OR HAZE
[NO. OF DAYS WITH]      [WEATHER - DAYS WITH]      9 = BLOWING SNOW
                                                   X = TORNADO
MAX 32 OR BELOW:   0    0.01 INCH OR MORE:  12
MAX 90 OR ABOVE:   0    0.10 INCH OR MORE:  10
MIN 32 OR BELOW:   0    0.50 INCH OR MORE:   4
MIN  0 OR BELOW:   0    1.00 INCH OR MORE:   2

[HDD (BASE 65) ]
TOTAL THIS MO.   153    CLEAR  (SCALE 0-3)  11
DPTR FM NORMAL  -106    PTCLDY (SCALE 4-7)   9
TOTAL FM JUL 1  4608    CLOUDY (SCALE 8-10)  5
DPTR FM NORMAL   183

[CDD (BASE 65) ]
TOTAL THIS MO.    28
DPTR FM NORMAL    11    [PRESSURE DATA]
TOTAL FM JAN 1    28    HIGHEST SLP M ON M
DPTR FM NORMAL     8    LOWEST  SLP 29.42 ON 19

[REMARKS]
