000
CXUS51 KOKX 240703
CF6EWR
PRELIMINARY LOCAL CLIMATOLOGICAL DATA (WS FORM: F-6)

                                          STATION:   NEWARK NJ
                                          MONTH:     APRIL
                                          YEAR:      2015
                                          LATITUDE:   40 42 N
                                          LONGITUDE:  74 10 W

  TEMPERATURE IN F:       :PCPN:    SNOW:  WIND      :SUNSHINE: SKY     :PK WND
================================================================================
1   2   3   4   5  6A  6B    7    8   9   10  11  12  13   14  15   16   17  18
                                     12Z  AVG MX 2MIN
DY MAX MIN AVG DEP HDD CDD  WTR  SNW DPTH SPD SPD DIR MIN PSBL S-S WX    SPD DR
================================================================================

 1  54  33  44  -4  21   0 0.00  0.0    0 11.3 21 280   M    M   4 8      30 300
 2  68  34  51   3  14   0 0.00  0.0    0 12.0 29 210   M    M   5        38 200
 3  64  59  62  14   3   0 0.05  0.0    0 11.0 20 230   M    M  10 1      25 230
 4  61  42  52   3  13   0    T  0.0    0 18.4 36 300   M    M   4 1      47 300
 5  64  35  50   1  15   0 0.00  0.0    0 12.5 35 230   M    M   6        46 240
 6  63  41  52   3  13   0 0.00  0.0    0  5.6 14 160   M    M   5        17  70
 7  60  44  52   2  13   0 0.12  0.0    0  8.1 17  40   M    M  10 1      22  40
 8  47  39  43  -7  22   0 0.01  0.0    0 11.9 18  30   M    M   9 1      23  50
 9  43  38  41 -10  24   0 0.02  0.0    0  9.4 15  70   M    M  10 1      22  50
10  57  40  49  -2  16   0 0.19  0.0    0  8.1 18 230   M    M   7 13     23 220
11  61  45  53   2  12   0 0.00  0.0    0 14.9 30 290   M    M   5        38 290
12  68  40  54   2  11   0 0.00  0.0    0  4.7 15 150   M    M   2        18 230
13  71  45  58   6   7   0 0.00  0.0    0  8.8 18 200   M    M   6        28 200
14  65  57  61   9   4   0    T  0.0    0  5.6 21 330   M    M   9        28 200
15  73  50  62   9   3   0 0.00  0.0    0 13.7 26 340   M    M   7        32 350
16  59  47  53   0  12   0 0.00  0.0    0  7.6 15 160   M    M   8 8      20 160
17  73  54  64  10   1   0 0.07  0.0    0 10.3 20 250   M    M   8        25 230
18  82  53  68  14   0   3 0.00  0.0    0 10.1 32 340   M    M   5        40 340
19  62  47  55   1  10   0 0.00  0.0    0 10.8 18 140   M    M   7        24 130
20  59  48  54   0  11   0 0.94  0.0    0 10.8 26  90   M    M  10 123    39 100
21  68  52  60   5   5   0 0.21  0.0    0 11.2 25 280   M    M   6 13     33 250
22  73  46  60   5   5   0 0.06  0.0    0 10.6 36 250   M    M   6 3      43 250
23  53  40  47  -9  18   0    T    T    0 15.7 32 270   M    M   5 5      38 270
================================================================================
SM 1448 1029       253   3  1.67    T    243.1          M      154
================================================================================
AV 63.0 44.7                              10.6 FASTST   M    M   7    MAX(MPH)
                                 MISC ---->  # 36 300               # 47  300
================================================================================
NOTES:
# LAST OF SEVERAL OCCURRENCES

COLUMN 17 PEAK WIND IN M.P.H.

PRELIMINARY LOCAL CLIMATOLOGICAL DATA (WS FORM: F-6) , PAGE 2

                                          STATION:  NEWARK NJ
                                          MONTH:    APRIL
                                          YEAR:     2015
                                          LATITUDE:   40 42 N
                                          LONGITUDE:  74 10 W

[TEMPERATURE DATA]      [PRECIPITATION DATA]       SYMBOLS USED IN COLUMN 16

AVERAGE MONTHLY: 53.8   TOTAL FOR MONTH:   1.67    1 = FOG OR MIST
DPTR FM NORMAL:   2.2   DPTR FM NORMAL:   -1.61    2 = FOG REDUCING VISIBILITY
HIGHEST:    82 ON 18    GRTST 24HR  1.11 ON 20-21      TO 1/4 MILE OR LESS
LOWEST:     33 ON  1                               3 = THUNDER
                        SNOW, ICE PELLETS, HAIL    4 = ICE PELLETS
                        TOTAL MONTH:    T          5 = HAIL
                        GRTST 24HR    T  ON 23-23  6 = FREEZING RAIN OR DRIZZLE
                        GRTST DEPTH:   0           7 = DUSTSTORM OR SANDSTORM:
                                                       VSBY 1/2 MILE OR LESS
                                                   8 = SMOKE OR HAZE
[NO. OF DAYS WITH]      [WEATHER - DAYS WITH]      9 = BLOWING SNOW
                                                   X = TORNADO
MAX 32 OR BELOW:   0    0.01 INCH OR MORE:   9
MAX 90 OR ABOVE:   0    0.10 INCH OR MORE:   4
MIN 32 OR BELOW:   0    0.50 INCH OR MORE:   1
MIN  0 OR BELOW:   0    1.00 INCH OR MORE:   0

[HDD (BASE 65) ]
TOTAL THIS MO.   253    CLEAR  (SCALE 0-3)   1
DPTR FM NORMAL   -62    PTCLDY (SCALE 4-7)  15
TOTAL FM JUL 1  4995    CLOUDY (SCALE 8-10)  7
DPTR FM NORMAL   336

[CDD (BASE 65) ]
TOTAL THIS MO.     3
DPTR FM NORMAL     1    [PRESSURE DATA]
TOTAL FM JAN 1     3    HIGHEST SLP M ON M
DPTR FM NORMAL     0    LOWEST  SLP 29.46 ON  4

[REMARKS]
