000
CXUS54 KJAN 261414
CF6HKS
PRELIMINARY LOCAL CLIMATOLOGICAL DATA (WS FORM: F-6)

                                          STATION:   JACKSON HAWKINS
                                          MONTH:     APRIL
                                          YEAR:      2015
                                          LATITUDE:   32 20 N
                                          LONGITUDE:  90 14 W

  TEMPERATURE IN F:       :PCPN:    SNOW:  WIND      :SUNSHINE: SKY     :PK WND
================================================================================
1   2   3   4   5  6A  6B    7    8   9   10  11  12  13   14  15   16   17  18
                                     12Z  AVG MX 2MIN
DY MAX MIN AVG DEP HDD CDD  WTR  SNW DPTH SPD SPD DIR MIN PSBL S-S WX    SPD DR
================================================================================

 1  81  62  72  11   0   7 0.00  0.0    0  7.5 18 180   M    M   3        23 110
 2  86  66  76  15   0  11    T  0.0    0 10.4 20 180   M    M   6 3      26 220
 3  87  57  72  10   0   7 0.51  0.0    0 11.6 22 310   M    M   2 13     30 320
 4  69  50  60  -2   5   0    T  0.0    0  6.5 15  10   M    M   2        23  20
 5  64  48  56  -6   9   0 0.09  0.0    0  5.2 14 150   M    M   3        17 150
 6  81  57  69   7   0   4 0.27  0.0    0  8.2 15 170   M    M   6 13     21 160
 7  81  67  74  11   0   9    T  0.0    0  8.0 15 160   M    M   4 1      23 110
 8  87  68  78  15   0  13 0.00  0.0    0  8.9 18 180   M    M   5 1      25 200
 9  85  70  78  15   0  13 0.00  0.0    0 11.0 22 170   M    M   5 3      31 180
10  73  57  65   2   0   0 0.40  0.0    0  5.6 15 300   M    M   6 13     19 310
11  79  51  65   1   0   0 0.00  0.0    0  4.6 13  60   M    M   0        18  80
12  79  57  68   4   0   3    T  0.0    0  6.0 16 180   M    M   5        19 180
13  78  67  73   9   0   8 0.29  0.0    0  7.5 16 140   M    M   9 1      22 160
14  74  65  70   6   0   5 0.01  0.0    0  4.8 14 190   M    M   7 1      24 320
15  80  65  73   8   0   8 0.00  0.0    0  5.8 17 170   M    M   8 1      22 150
16  75  65  70   5   0   5 0.07  0.0    0  4.4 10 100   M    M   8 13     15 100
17  77  64  71   6   0   6 0.05  0.0    0  4.7 14 350   M    M   7 1      22 360
18  73  65  69   3   0   4 1.64  0.0    0  6.0 16 300   M    M  10 1      19 300
19  79  64  72   6   0   7 0.34  0.0    0 10.7 22 230   M    M   4 13     33 200
20  71  53  62  -4   3   0 0.00  0.0    0  6.6 17 290   M    M   2        24 290
21  74  50  62  -4   3   0    T  0.0    0  3.8 13  70   M    M   1        18  60
22  81  54  68   1   0   3 0.04  0.0    0  2.5 25 270   M    M   4 13     33 280
23  73  59  66  -1   0   1 0.01  0.0    0  4.3 12 100   M    M   5 1      17 170
24  78  59  69   2   0   4    T  0.0    0  8.2 18 170   M    M   5        23 160
25  81  64  73   6   0   8 0.40  0.0    0  8.3 26 270   M    M   2 13     38 290
================================================================================
SM 1946 1504        20 126  4.12     0.0 171.1          M      119
================================================================================
AV 77.8 60.2                               6.8 FASTST   M    M   5    MAX(MPH)
                                 MISC ---->  # 26 270               # 38  290
================================================================================
NOTES:
# LAST OF SEVERAL OCCURRENCES

COLUMN 17 PEAK WIND IN M.P.H.

PRELIMINARY LOCAL CLIMATOLOGICAL DATA (WS FORM: F-6) , PAGE 2

                                          STATION:  JACKSON HAWKINS
                                          MONTH:    APRIL
                                          YEAR:     2015
                                          LATITUDE:   32 20 N
                                          LONGITUDE:  90 14 W

[TEMPERATURE DATA]      [PRECIPITATION DATA]       SYMBOLS USED IN COLUMN 16

AVERAGE MONTHLY: 69.0   TOTAL FOR MONTH:   4.12    1 = FOG OR MIST
DPTR FM NORMAL:   4.8   DPTR FM NORMAL:   -0.34    2 = FOG REDUCING VISIBILITY
HIGHEST:    87 ON  8, 3 GRTST 24HR  1.98 ON 18-19      TO 1/4 MILE OR LESS
LOWEST:     48 ON  5                               3 = THUNDER
                        SNOW, ICE PELLETS, HAIL    4 = ICE PELLETS
                        TOTAL MONTH:   0.0 INCH    5 = HAIL
                        GRTST 24HR     0.0         6 = FREEZING RAIN OR DRIZZLE
                        GRTST DEPTH:   0           7 = DUSTSTORM OR SANDSTORM:
                                                       VSBY 1/2 MILE OR LESS
                                                   8 = SMOKE OR HAZE
[NO. OF DAYS WITH]      [WEATHER - DAYS WITH]      9 = BLOWING SNOW
                                                   X = TORNADO
MAX 32 OR BELOW:   0    0.01 INCH OR MORE:  13
MAX 90 OR ABOVE:   0    0.10 INCH OR MORE:   7
MIN 32 OR BELOW:   0    0.50 INCH OR MORE:   2
MIN  0 OR BELOW:   0    1.00 INCH OR MORE:   1

[HDD (BASE 65) ]
TOTAL THIS MO.    20    CLEAR  (SCALE 0-3)   7
DPTR FM NORMAL   -64    PTCLDY (SCALE 4-7)  15
TOTAL FM JUL 1  2313    CLOUDY (SCALE 8-10)  3
DPTR FM NORMAL   110

[CDD (BASE 65) ]
TOTAL THIS MO.   126
DPTR FM NORMAL    60    [PRESSURE DATA]
TOTAL FM JAN 1   167    HIGHEST SLP M ON M
DPTR FM NORMAL    62    LOWEST  SLP 29.64 ON 25

[REMARKS]
