000
CXUS51 KCAR 190600
CF6HUL
PRELIMINARY LOCAL CLIMATOLOGICAL DATA (WS FORM: F-6)

                                          STATION:   HOULTON ME
                                          MONTH:     APRIL
                                          YEAR:      2015
                                          LATITUDE:   46  7 N
                                          LONGITUDE:  67 48 W

  TEMPERATURE IN F:       :PCPN:    SNOW:  WIND      :SUNSHINE: SKY     :PK WND
================================================================================
1   2   3   4   5  6A  6B    7    8   9   10  11  12  13   14  15   16   17  18
                                     12Z  AVG MX 2MIN
DY MAX MIN AVG DEP HDD CDD  WTR  SNW DPTH SPD SPD DIR MIN PSBL S-S WX    SPD DR
================================================================================

 1  31  16  24  -8  41   0 0.00    M    M  9.0 21 340   M    M   0        29 340
 2  42   7  25  -8  40   0    T    M    M  6.8 17 240   M    M   4        23 230
 3  57  29  43  10  22   0 0.26    M    M  6.3 17 260   M    M   5 16     25 240
 4  39  17  28  -6  37   0 0.12    M    M 11.2 24 330   M    M   8 128    37 330
 5  30  -7  12 -22  53   0    T    M    M  7.9 23 280   M    M   4 8      37 280
 6  35 -13  11 -24  54   0 0.00    M    M  6.4 18 240   M    M   1 1      24 230
 7  41  21  31  -4  34   0    T    M    M  4.6 17  10   M    M   5 1      22  10
 8  38   6  22 -14  43   0 0.00    M    M  3.7 14  20   M    M   0        15  30
 9  44  27  36   0  29   0 0.00    M    M  5.0 14 110   M    M   3        19 140
10  41  29  35  -1  30   0 0.51    M    M  8.4 17 160   M    M   9 136    23 150
11  43  37  40   3  25   0 0.00    M    M 12.2 26 270   M    M   7 1      38 240
12  58  29  44   6  21   0 0.00    M    M  7.0 18 270   M    M   4        24 280
13  65  28  47   9  18   0 0.00    M    M  7.8 20 230   M    M   0        24 230
14  59  42  51  13  14   0 0.08    M    M 10.2 29 280   M    M   3 1      38 260
15  46  25  36  -3  29   0 0.00    M    M  9.2 22  10   M    M   0        28  20
16  53  21  37  -2  28   0 0.00    M    M  5.9 15 210   M    M   0        22 210
17  64  37  51  11  14   0 0.05    M    M  8.9 17 240   M    M   4 1      23 230
18  51  27  39  -1  26   0 0.00  0.0    M  4.6 14  40   M    M   2        18 340
================================================================================
SM  837  378       558   0  1.02     0.0 135.1          M       59
================================================================================
AV 46.5 21.0                               7.5 FASTST   M    M   3    MAX(MPH)
                                 MISC ---->  # 29 280               # 38  240
================================================================================
NOTES:
# LAST OF SEVERAL OCCURRENCES

COLUMN 17 PEAK WIND IN M.P.H.

PRELIMINARY LOCAL CLIMATOLOGICAL DATA (WS FORM: F-6) , PAGE 2

                                          STATION:  HOULTON ME
                                          MONTH:    APRIL
                                          YEAR:     2015
                                          LATITUDE:   46  7 N
                                          LONGITUDE:  67 48 W

[TEMPERATURE DATA]      [PRECIPITATION DATA]       SYMBOLS USED IN COLUMN 16

AVERAGE MONTHLY: 33.8   TOTAL FOR MONTH:   1.02    1 = FOG OR MIST
DPTR FM NORMAL:  -2.5   DPTR FM NORMAL:   -1.28    2 = FOG REDUCING VISIBILITY
HIGHEST:    65 ON 13    GRTST 24HR  0.51 ON 10-10      TO 1/4 MILE OR LESS
LOWEST:    -13 ON  6                               3 = THUNDER
                        SNOW, ICE PELLETS, HAIL    4 = ICE PELLETS
                        TOTAL MONTH:   0.0 INCH    5 = HAIL
                        GRTST 24HR     0.0         6 = FREEZING RAIN OR DRIZZLE
                        GRTST DEPTH:  M  ON   M    7 = DUSTSTORM OR SANDSTORM:
                                                       VSBY 1/2 MILE OR LESS
                                                   8 = SMOKE OR HAZE
[NO. OF DAYS WITH]      [WEATHER - DAYS WITH]      9 = BLOWING SNOW
                                                   X = TORNADO
MAX 32 OR BELOW:   2    0.01 INCH OR MORE:   5
MAX 90 OR ABOVE:   0    0.10 INCH OR MORE:   3
MIN 32 OR BELOW:  15    0.50 INCH OR MORE:   1
MIN  0 OR BELOW:   2    1.00 INCH OR MORE:   0

[HDD (BASE 65) ]
TOTAL THIS MO.   558    CLEAR  (SCALE 0-3)   9
DPTR FM NORMAL    41    PTCLDY (SCALE 4-7)   8
TOTAL FM JUL 1  8522    CLOUDY (SCALE 8-10)  1
DPTR FM NORMAL   209

[CDD (BASE 65) ]
TOTAL THIS MO.     0
DPTR FM NORMAL     0    [PRESSURE DATA]
TOTAL FM JAN 1     0    HIGHEST SLP M ON M
DPTR FM NORMAL     0    LOWEST  SLP 29.38 ON 11

[REMARKS]
