000
CXUS51 KPHI 250800
CF6ILG
PRELIMINARY LOCAL CLIMATOLOGICAL DATA (WS FORM: F-6)

                                          STATION:   WILMINGTON DE
                                          MONTH:     APRIL
                                          YEAR:      2015
                                          LATITUDE:   39 40 N
                                          LONGITUDE:  75 36 W

  TEMPERATURE IN F:       :PCPN:    SNOW:  WIND      :SUNSHINE: SKY     :PK WND
================================================================================
1   2   3   4   5  6A  6B    7    8   9   10  11  12  13   14  15   16   17  18
                                     12Z  AVG MX 2MIN
DY MAX MIN AVG DEP HDD CDD  WTR  SNW DPTH SPD SPD DIR MIN PSBL S-S WX    SPD DR
================================================================================

 1  56  30  43  -5  22   0 0.00  0.0    0  8.8 21 300   M    M   0        28 300
 2  66  33  50   1  15   0 0.00  0.0    0 11.4 28 190   M    M   0        36 200
 3  63  53  58   9   7   0 0.10  0.0    0  8.4 16 230   M    M   7 12     23 220
 4  64  41  53   4  12   0 0.02  0.0    0 17.6 37 320   M    M   3 1      47 310
 5  63  39  51   1  14   0 0.00  0.0    0 12.7 30 230   M    M   0        37 220
 6  74  36  55   5  10   0 0.00  0.0    0  7.8 22 210   M    M   0        27 230
 7  69  44  57   7   8   0 0.78  0.0    0 10.2 28  50   M    M   9 1      34  60
 8  45  40  43  -8  22   0 0.05  0.0    0 14.4 22  70   M    M  10 1      29  60
 9  43  39  41 -10  24   0    T  0.0    0  9.1 16 120   M    M  10 1      20  50
10  57  40  49  -3  16   0 0.08  0.0    0  6.8 20 320   M    M   8 1      27 330
11  62  44  53   1  12   0 0.00  0.0    0 13.0 31 300   M    M   0        40 320
12  66  34  50  -2  15   0 0.00  0.0    0  5.5 20 170   M    M   0        23 180
13  72  41  57   5   8   0 0.00  0.0    0  9.2 21 160   M    M   0        25 160
14  62  50  56   3   9   0 0.14  0.0    0  4.7 22  20   M    M   8 1      27  30
15  70  45  58   5   7   0 0.00  0.0    0  8.2 23 360   M    M   0        27 350
16  68  50  59   5   6   0 0.00  0.0    0 10.4 17 170   M    M   1        21 160
17  74  54  64  10   1   0 0.25  0.0    0  6.0 14 240   M    M   8 1      16 240
18  80  52  66  12   0   1 0.00  0.0    0  5.8 20  10   M    M   0 1      22 320
19  66  49  58   4   7   0    T  0.0    0 12.7 21  80   M    M   2        26  70
20  76  60  68  13   0   3 2.37  0.0    0 11.3 20 250   M    M   7 13     26 230
21  65  50  58   3   7   0 0.46  0.0    0 11.0 24 290   M    M   4 13     31 230
22  71  41  56   1   9   0 0.04  0.0    0 11.8 41 290   M    M   1        49 290
23  53  38  46 -10  19   0 0.00  0.0    0 14.2 25 290   M    M   6        35 260
24  56  37  47  -9  18   0 0.00  0.0    0 15.2 28 290   M    M   3        37 300
================================================================================
SM 1541 1040       268   4  4.29     0.0 246.2          M       87
================================================================================
AV 64.2 43.3                              10.3 FASTST   M    M   4    MAX(MPH)
                                 MISC ---->  # 41 290               # 49  290
================================================================================
NOTES:
# LAST OF SEVERAL OCCURRENCES

COLUMN 17 PEAK WIND IN M.P.H.

PRELIMINARY LOCAL CLIMATOLOGICAL DATA (WS FORM: F-6) , PAGE 2

                                          STATION:  WILMINGTON DE
                                          MONTH:    APRIL
                                          YEAR:     2015
                                          LATITUDE:   39 40 N
                                          LONGITUDE:  75 36 W

[TEMPERATURE DATA]      [PRECIPITATION DATA]       SYMBOLS USED IN COLUMN 16

AVERAGE MONTHLY: 53.8   TOTAL FOR MONTH:   4.29    1 = FOG OR MIST
DPTR FM NORMAL:   1.5   DPTR FM NORMAL:    1.46    2 = FOG REDUCING VISIBILITY
HIGHEST:    80 ON 18    GRTST 24HR  2.37 ON 20-20      TO 1/4 MILE OR LESS
LOWEST:     30 ON  1                               3 = THUNDER
                        SNOW, ICE PELLETS, HAIL    4 = ICE PELLETS
                        TOTAL MONTH:   0.0 INCH    5 = HAIL
                        GRTST 24HR     0.0         6 = FREEZING RAIN OR DRIZZLE
                        GRTST DEPTH:   0           7 = DUSTSTORM OR SANDSTORM:
                                                       VSBY 1/2 MILE OR LESS
                                                   8 = SMOKE OR HAZE
[NO. OF DAYS WITH]      [WEATHER - DAYS WITH]      9 = BLOWING SNOW
                                                   X = TORNADO
MAX 32 OR BELOW:   0    0.01 INCH OR MORE:  10
MAX 90 OR ABOVE:   0    0.10 INCH OR MORE:   6
MIN 32 OR BELOW:   1    0.50 INCH OR MORE:   2
MIN  0 OR BELOW:   0    1.00 INCH OR MORE:   1

[HDD (BASE 65) ]
TOTAL THIS MO.   268    CLEAR  (SCALE 0-3)  13
DPTR FM NORMAL   -44    PTCLDY (SCALE 4-7)   6
TOTAL FM JUL 1  4941    CLOUDY (SCALE 8-10)  5
DPTR FM NORMAL   323

[CDD (BASE 65) ]
TOTAL THIS MO.     4
DPTR FM NORMAL     0    [PRESSURE DATA]
TOTAL FM JAN 1     4    HIGHEST SLP M ON M
DPTR FM NORMAL    -1    LOWEST  SLP 29.53 ON  4

[REMARKS]
