000
CXUS56 KFGZ 270900
CF6INW
PRELIMINARY LOCAL CLIMATOLOGICAL DATA (WS FORM: F-6)

                                          STATION:   WINSLOW AZ AIRPORT
                                          MONTH:     APRIL
                                          YEAR:      2015
                                          LATITUDE:   35  1 N
                                          LONGITUDE: 110 44 W

  TEMPERATURE IN F:       :PCPN:    SNOW:  WIND      :SUNSHINE: SKY     :PK WND
================================================================================
1   2   3   4   5  6A  6B    7    8   9   10  11  12  13   14  15   16   17  18
                                     12Z  AVG MX 2MIN
DY MAX MIN AVG DEP HDD CDD  WTR  SNW DPTH SPD SPD DIR MIN PSBL S-S WX    SPD DR
================================================================================

 1  78  48  63  13   2   0 0.00    M    M 13.1 29 210   M    M   0        39 200
 2  74  41  58   8   7   0 0.00    M    M 17.2 40 230   M    M   0        50 250
 3  63  29  46  -5  19   0 0.00    M    M  5.4 14 300   M    M   0        17 300
 4  79  27  53   2  12   0 0.00    M    M  8.1 24 230   M    M   0        32 220
 5  77  35  56   5   9   0 0.00    M    M  9.9 30 220   M    M   0        38 220
 6  74  34  54   2  11   0 0.00    M    M 12.6 32 210   M    M   0        41 220
 7  74  29  52   0  13   0 0.00    M    M 16.6 37 210   M    M   0        46 220
 8  68  29  49  -3  16   0 0.00    M    M 14.7 35 200   M    M   0        42 200
 9  67  23  45  -7  20   0 0.00    M    M  3.5 13 110   M    M   0        16 110
10  75  30  53   1  12   0 0.00    M    M  5.1 16 250   M    M   0        23 250
11  77  37  57   4   8   0 0.00    M    M  7.7 17 230   M    M   0        24 260
12  76  39  58   5   7   0 0.00    M    M  6.9 23 330   M    M   0        32 310
13  79  33  56   3   9   0 0.00    M    M  5.9 17 230   M    M   0        22 230
14  78  46  62   8   3   0 0.00    M    M 14.1 33 230   M    M   0        47 250
15  62  33  48  -6  17   0 0.00    M    M 12.4 28 310   M    M   0        36 300
16  54  23  39 -15  26   0 0.00    M    M  5.7 22 290   M    M   2        27 280
17  63  34  49  -6  16   0 0.01    M    M  7.8 21 290   M    M   6 1      27 270
18  74  33  54  -1  11   0 0.00    M    M  8.3 23 320   M    M   1        30 340
19  75  34  55   0  10   0 0.00    M    M  6.7 33 250   M    M   1        44 230
20  78  37  58   2   7   0 0.00    M    M  7.5 24 240   M    M   1        34 180
21  78  40  59   3   6   0 0.00    M    M  6.2 21 220   M    M   2 8      29 260
22  75  41  58   2   7   0 0.00    M    M  8.4 25 220   M    M   0        33 230
23  73  36  55  -1  10   0 0.00    M    M  9.7 26 220   M    M   2        34 220
24  67  41  54  -3  11   0 0.02    M    M 14.3 35 250   M    M   3        42 240
25  67  44  56  -1   9   0    T    M    M 14.3 32 230   M    M   5        42 230
26  60  40  50  -7  15   0 0.27    M    M  9.0 25 330   M    M   7 13     34 330
================================================================================
SM 1865  916       293   0  0.30    M    251.1          M       30
================================================================================
AV 71.7 35.2                               9.7 FASTST   M    M   1    MAX(MPH)
                                 MISC ---->  # 40 230               # 50  250
================================================================================
NOTES:
# LAST OF SEVERAL OCCURRENCES

COLUMN 17 PEAK WIND IN M.P.H.

PRELIMINARY LOCAL CLIMATOLOGICAL DATA (WS FORM: F-6) , PAGE 2

                                          STATION:  WINSLOW AZ AIRPORT
                                          MONTH:    APRIL
                                          YEAR:     2015
                                          LATITUDE:   35  1 N
                                          LONGITUDE: 110 44 W

[TEMPERATURE DATA]      [PRECIPITATION DATA]       SYMBOLS USED IN COLUMN 16

AVERAGE MONTHLY: 53.5   TOTAL FOR MONTH:   0.30    1 = FOG OR MIST
DPTR FM NORMAL:  -0.1   DPTR FM NORMAL:    0.07    2 = FOG REDUCING VISIBILITY
HIGHEST:    79 ON 13, 4 GRTST 24HR  0.27 ON 26-26      TO 1/4 MILE OR LESS
LOWEST:     23 ON 16, 9                            3 = THUNDER
                        SNOW, ICE PELLETS, HAIL    4 = ICE PELLETS
                        TOTAL MONTH:    M          5 = HAIL
                        GRTST 24HR    M  ON   M    6 = FREEZING RAIN OR DRIZZLE
                        GRTST DEPTH:  M  ON   M    7 = DUSTSTORM OR SANDSTORM:
                                                       VSBY 1/2 MILE OR LESS
                                                   8 = SMOKE OR HAZE
[NO. OF DAYS WITH]      [WEATHER - DAYS WITH]      9 = BLOWING SNOW
                                                   X = TORNADO
MAX 32 OR BELOW:   0    0.01 INCH OR MORE:   3
MAX 90 OR ABOVE:   0    0.10 INCH OR MORE:   1
MIN 32 OR BELOW:   7    0.50 INCH OR MORE:   0
MIN  0 OR BELOW:   0    1.00 INCH OR MORE:   0

[HDD (BASE 65) ]
TOTAL THIS MO.   293    CLEAR  (SCALE 0-3)  22
DPTR FM NORMAL    -5    PTCLDY (SCALE 4-7)   4
TOTAL FM JUL 1  3654    CLOUDY (SCALE 8-10)  0
DPTR FM NORMAL  -697

[CDD (BASE 65) ]
TOTAL THIS MO.     0
DPTR FM NORMAL     0    [PRESSURE DATA]
TOTAL FM JAN 1     0    HIGHEST SLP M ON M
DPTR FM NORMAL     0    LOWEST  SLP 29.64 ON 26

[REMARKS]
