000
CXUS55 KEAX 280736
CF6IRK
PRELIMINARY LOCAL CLIMATOLOGICAL DATA (WS FORM: F-6)

                                          STATION:   KIRKSVILLE MO
                                          MONTH:     APRIL
                                          YEAR:      2015
                                          LATITUDE:   40  5 N
                                          LONGITUDE:  92 33 W

  TEMPERATURE IN F:       :PCPN:    SNOW:  WIND      :SUNSHINE: SKY     :PK WND
================================================================================
1   2   3   4   5  6A  6B    7    8   9   10  11  12  13   14  15   16   17  18
                                     12Z  AVG MX 2MIN
DY MAX MIN AVG DEP HDD CDD  WTR  SNW DPTH SPD SPD DIR MIN PSBL S-S WX    SPD DR
================================================================================

 1  79  46  63  16   2   0 0.00    M    M 15.2 29 160   M    M   0        36 180
 2  70  51  61  14   4   0 0.36    M    M  9.6 18 100   M    M   5        23 180
 3  54  29  42  -6  23   0 0.07    M    M 13.7 25 300   M    M   5        34 350
 4  62  23  43  -5  22   0 0.00    M    M 10.1 22 240   M    M   1        29 210
 5  67  39  53   5  12   0 0.00    M    M 12.5 21 190   M    M   2        27 190
 6  61  48  55   6  10   0 0.01    M    M  8.1 16 130   M    M  10        20 140
 7  67  52  60  11   5   0 0.07    M    M  8.2 17 100   M    M   8        20  70
 8  76  51  64  15   1   0    T    M    M 10.1 26 170   M    M   7        35 170
 9  78  41  60  10   5   0 0.36    M    M 17.3 31 290   M    M   5        43 260
10  68  37  53   3  12   0 0.00    M    M 11.2 30 290   M    M   0        40 270
11  71  37  54   4  11   0 0.00    M    M 10.4 20 150   M    M   0        25 140
12  69  52  61  10   4   0 0.05    M    M 10.5 21 180   M    M   6        29 190
13  67  50  59   8   6   0 0.68    M    M  8.5 31 280   M    M   2 3      38 290
14  68  42  55   4  10   0 0.00    M    M  5.9 14  90   M    M   0        17  70
15  67  49  58   6   7   0 0.10    M    M  9.0 17 110   M    M   7        21 120
16  74  53  64  12   1   0 0.00    M    M  3.2  9  60   M    M   7        11  80
17  80  51  66  14   0   1 0.00    M    M  5.8 13 190   M    M   2 1      18 150
18  74  57  66  13   0   1 0.77    M    M  8.6 24 200   M    M   5 138    35 220
19  70  48  59   6   6   0 0.71    M    M  9.0 25 330   M    M   7 13     33 340
20  54  44  49  -4  16   0 0.00    M    M 14.2 28 280   M    M   8        35 280
21  64  42  53  -1  12   0 0.00    M    M 12.7 25 280   M    M   4        34 270
22  55  34  45  -9  20   0 0.00    M    M  9.5 21 310   M    M   0        27 290
23  64  29  47  -7  18   0 0.00    M    M  3.7  9 120   M    M   1        13 110
24  65  48  57   3   8   0    T    M    M 12.0 29 150   M    M   9        36 150
25  55  47  51  -4  14   0 0.53    M    M 12.7 23  30   M    M  10 13     27  20
26  62  40  51  -4  14   0 0.00    M    M  9.3 17  50   M    M   3 1      22  60
27  66  34  50  -6  15   0 0.00    M    M  7.3 18  20   M    M   0        24  40
================================================================================
SM 1807 1174       258   2  3.71    M    268.3          M      114
================================================================================
AV 66.9 43.5                               9.9 FASTST   M    M   4    MAX(MPH)
                                 MISC ---->  # 31 290               # 43  260
================================================================================
NOTES:
# LAST OF SEVERAL OCCURRENCES

COLUMN 17 PEAK WIND IN M.P.H.

PRELIMINARY LOCAL CLIMATOLOGICAL DATA (WS FORM: F-6) , PAGE 2

                                          STATION:  KIRKSVILLE MO
                                          MONTH:    APRIL
                                          YEAR:     2015
                                          LATITUDE:   40  5 N
                                          LONGITUDE:  92 33 W

[TEMPERATURE DATA]      [PRECIPITATION DATA]       SYMBOLS USED IN COLUMN 16

AVERAGE MONTHLY: 55.2   TOTAL FOR MONTH:   3.71    1 = FOG OR MIST
DPTR FM NORMAL:   3.9   DPTR FM NORMAL:    0.41    2 = FOG REDUCING VISIBILITY
HIGHEST:    80 ON 17    GRTST 24HR  1.08 ON 18-19      TO 1/4 MILE OR LESS
LOWEST:     23 ON  4                               3 = THUNDER
                        SNOW, ICE PELLETS, HAIL    4 = ICE PELLETS
                        TOTAL MONTH:    M          5 = HAIL
                        GRTST 24HR    M  ON   M    6 = FREEZING RAIN OR DRIZZLE
                        GRTST DEPTH:  M  ON   M    7 = DUSTSTORM OR SANDSTORM:
                                                       VSBY 1/2 MILE OR LESS
                                                   8 = SMOKE OR HAZE
[NO. OF DAYS WITH]      [WEATHER - DAYS WITH]      9 = BLOWING SNOW
                                                   X = TORNADO
MAX 32 OR BELOW:   0    0.01 INCH OR MORE:  11
MAX 90 OR ABOVE:   0    0.10 INCH OR MORE:   7
MIN 32 OR BELOW:   3    0.50 INCH OR MORE:   4
MIN  0 OR BELOW:   0    1.00 INCH OR MORE:   0

[HDD (BASE 65) ]
TOTAL THIS MO.   258    CLEAR  (SCALE 0-3)  12
DPTR FM NORMAL  -117    PTCLDY (SCALE 4-7)  12
TOTAL FM JUL 1  5623    CLOUDY (SCALE 8-10)  3
DPTR FM NORMAL   -39

[CDD (BASE 65) ]
TOTAL THIS MO.     2
DPTR FM NORMAL     2    [PRESSURE DATA]
TOTAL FM JAN 1     3    HIGHEST SLP  0.00 ON M
DPTR FM NORMAL     3    LOWEST  SLP  0.00 ON M

[REMARKS]
