000
CXUS53 KIND 270730
CF6MIE
PRELIMINARY LOCAL CLIMATOLOGICAL DATA (WS FORM: F-6)

                                          STATION:   MUNCIE IN
                                          MONTH:     APRIL
                                          YEAR:      2015
                                          LATITUDE:   40 13 N
                                          LONGITUDE:  85 23 W

  TEMPERATURE IN F:       :PCPN:    SNOW:  WIND      :SUNSHINE: SKY     :PK WND
================================================================================
1   2   3   4   5  6A  6B    7    8   9   10  11  12  13   14  15   16   17  18
                                     12Z  AVG MX 2MIN
DY MAX MIN AVG DEP HDD CDD  WTR  SNW DPTH SPD SPD DIR MIN PSBL S-S WX    SPD DR
================================================================================

 1  68  37  53   7  12   0 0.00    M    M  8.3 14 220   M    M   0 18     18 200
 2  68  52  60  14   5   0 0.58    M    M 11.9 25 210   M    M   6 13     36 210
 3  59  36  48   1  17   0 0.22    M    M  8.5 24 360   M    M   8 128    30 360
 4  53  30  42  -5  23   0 0.00    M    M 10.1 21 250   M    M   0        27 260
 5  63  40  52   4  13   0 0.00    M    M 10.1 20 240   M    M   0        26 210
 6  61  45  53   5  12   0 0.03    M    M  6.4 17 210   M    M   9 1      23 210
 7  63  43  53   5  12   0 0.05    M    M  8.1 15  60   M    M  10 123    18  70
 8  69  43  56   7   9   0 0.34    M    M  6.9 29 300   M    M   7 123    38 300
 9  79  57  68  19   0   3 0.37    M    M 10.4 26 220   M    M   4 13     36 210
10  71  43  57   8   8   0 0.06    M    M 19.7 31 280   M    M   5 3      41 290
11  60  35  48  -2  17   0 0.00    M    M  2.7 10 310   M    M   0 1      15 280
12  70  42  56   6   9   0    T    M    M  7.2 16 120   M    M   0        19 170
13  73  52  63  13   2   0 0.02    M    M 11.4 25 220   M    M   4 1      34 220
14  63  43  53   2  12   0 0.00    M    M  8.8 20  80   M    M   0        23  80
15  69  41  55   4  10   0 0.03    M    M 13.6 28  80   M    M   2        33  90
16  66  48  57   5   8   0 0.02    M    M  6.7 15 180   M    M   9 1      20 180
17  75  48  62  10   3   0 0.00    M    M  2.4  8 320   M    M   4 128    13 320
18  78  49  64  12   1   0 0.00    M    M  4.3 18  90   M    M   1        23  90
19  66  51  59   6   6   0 1.04    M    M 12.1 22 240   M    M   5 1      30 230
20  60  45  53   0  12   0 0.35    M    M 17.4 30 270   M    M   9 1      43 260
21  60  42  51  -3  14   0 0.00    M    M 15.1 35 270   M    M   4        47 250
22  48  34  41 -13  24   0 0.19    M    M 12.4 28 280   M    M   8 1      37 270
23  53  34  44 -10  21   0 0.00    M    M 10.2 23 320   M    M   1        32 290
24  61  29  45 -10  20   0    T    M    M  4.7 13 280   M    M   2        17 250
25  52  41  47  -8  18   0 0.84    M    M 13.8 28  90   M    M  10 1      33  90
26  58  37  48  -7  17   0 0.00    M    M 10.7 18  20   M    M   5        34 360
================================================================================
SM 1666 1097       305   3  4.14    M    253.9          M      113
================================================================================
AV 64.1 42.2                               9.8 FASTST   M    M   4    MAX(MPH)
                                 MISC ---->  # 35 270               # 47  250
================================================================================
NOTES:
# LAST OF SEVERAL OCCURRENCES

COLUMN 17 PEAK WIND IN M.P.H.

PRELIMINARY LOCAL CLIMATOLOGICAL DATA (WS FORM: F-6) , PAGE 2

                                          STATION:  MUNCIE IN
                                          MONTH:    APRIL
                                          YEAR:     2015
                                          LATITUDE:   40 13 N
                                          LONGITUDE:  85 23 W

[TEMPERATURE DATA]      [PRECIPITATION DATA]       SYMBOLS USED IN COLUMN 16

AVERAGE MONTHLY: 53.1   TOTAL FOR MONTH:   4.14    1 = FOG OR MIST
DPTR FM NORMAL:   2.4   DPTR FM NORMAL:    0.96    2 = FOG REDUCING VISIBILITY
HIGHEST:    79 ON  9    GRTST 24HR  1.39 ON 19-20      TO 1/4 MILE OR LESS
LOWEST:     29 ON 24                               3 = THUNDER
                        SNOW, ICE PELLETS, HAIL    4 = ICE PELLETS
                        TOTAL MONTH:    M          5 = HAIL
                        GRTST 24HR    M  ON   M    6 = FREEZING RAIN OR DRIZZLE
                        GRTST DEPTH:  M  ON   M    7 = DUSTSTORM OR SANDSTORM:
                                                       VSBY 1/2 MILE OR LESS
                                                   8 = SMOKE OR HAZE
[NO. OF DAYS WITH]      [WEATHER - DAYS WITH]      9 = BLOWING SNOW
                                                   X = TORNADO
MAX 32 OR BELOW:   0    0.01 INCH OR MORE:  14
MAX 90 OR ABOVE:   0    0.10 INCH OR MORE:   8
MIN 32 OR BELOW:   2    0.50 INCH OR MORE:   3
MIN  0 OR BELOW:   0    1.00 INCH OR MORE:   1

[HDD (BASE 65) ]
TOTAL THIS MO.   305    CLEAR  (SCALE 0-3)  10
DPTR FM NORMAL   -78    PTCLDY (SCALE 4-7)   9
TOTAL FM JUL 1  6036    CLOUDY (SCALE 8-10)  7
DPTR FM NORMAL   483

[CDD (BASE 65) ]
TOTAL THIS MO.     3
DPTR FM NORMAL    -6    [PRESSURE DATA]
TOTAL FM JAN 1     3    HIGHEST SLP M ON M
DPTR FM NORMAL    -7    LOWEST  SLP 29.33 ON 19

[REMARKS]
