000
CXUS55 KMSO 260800
CF6MSO
PRELIMINARY LOCAL CLIMATOLOGICAL DATA (WS FORM: F-6)

                                          STATION:   MISSOULA MT
                                          MONTH:     APRIL
                                          YEAR:      2015
                                          LATITUDE:   46 55 N
                                          LONGITUDE: 114  5 W

  TEMPERATURE IN F:       :PCPN:    SNOW:  WIND      :SUNSHINE: SKY     :PK WND
================================================================================
1   2   3   4   5  6A  6B    7    8   9   10  11  12  13   14  15   16   17  18
                                     12Z  AVG MX 2MIN
DY MAX MIN AVG DEP HDD CDD  WTR  SNW DPTH SPD SPD DIR MIN PSBL S-S WX    SPD DR
================================================================================

 1  45  28  37  -6  28   0 0.02    T    0  9.0 31 300   M    M   9 8      36 310
 2  44  25  35  -8  30   0 0.03    T    0  4.2 23 270   M    M   7 18     28 260
 3  51  23  37  -6  28   0 0.00  0.0    0  3.5 15 160   M    M   4        19 150
 4  49  29  39  -5  26   0    T  0.0    0  6.5 22 310   M    M   9        27 320
 5  50  24  37  -7  28   0    T  0.0    0  8.0 26 130   M    M   5        31 120
 6  46  28  37  -7  28   0 0.09  0.1    0  8.6 26 250   M    M   7        34 250
 7  57  20  39  -5  26   0 0.00  0.0    0  4.6 17  20   M    M   0 1      23  10
 8  58  28  43  -1  22   0 0.00  0.0    0  6.5 22  10   M    M   1        28  10
 9  60  27  44   0  21   0    T    M    0  4.2 26 190   M    M   3        33 200
10  63  29  46   2  19   0 0.00  0.0    0  4.9 17 230   M    M   3        22 240
11  55  32  44  -1  21   0 0.10  0.3    T 12.6 39 280   M    M   6 1      47 290
12  46  28  37  -8  28   0 0.03  0.2    T  5.6 25 290   M    M   8 1      30 300
13  70  23  47   2  18   0 0.00  0.0    0  3.8 23 250   M    M   1        33 260
14  47  35  41  -4  24   0    T  0.0    0 12.5 25 300   M    M   7        31 260
15  55  34  45   0  20   0 0.00  0.0    0  8.0 16 300   M    M   7        21  20
16  62  26  44  -2  21   0 0.00  0.0    0  4.1 15  10   M    M   0        18 360
17  71  29  50   4  15   0 0.00  0.0    0  3.8 12 320   M    M   0        14 350
18  66  36  51   5  14   0 0.00  0.0    0  8.8 22 110   M    M   0        28 110
19  64  32  48   2  17   0 0.00  0.0    0  9.4 23 110   M    M   0        29 120
20  71  28  50   4  15   0 0.00  0.0    0  2.3 13 350   M    M   0 8      19  30
21  73  33  53   6  12   0 0.00  0.0    0  2.3 10 310   M    M   0        12 310
22  65  34  50   3  15   0 0.00    M    0  9.2 23 300   M    M   2        28 320
23  62  28  45  -2  20   0 0.00  0.0    0  6.1 16 320   M    M   3        21 320
24  53  34  44  -3  21   0    T  0.0    0  8.3 20 300   M    M   8        24 320
25  56  28  42  -6  23   0 0.00  0.0    0  6.4 20 310   M    M   3        26 320
================================================================================
SM 1439  721       540   0  0.27     0.6 163.2          M       93
================================================================================
AV 57.6 28.8                               6.5 FASTST   M    M   4    MAX(MPH)
                                 MISC ---->  # 39 280               # 47  290
================================================================================
NOTES:
# LAST OF SEVERAL OCCURRENCES

COLUMN 17 PEAK WIND IN M.P.H.

PRELIMINARY LOCAL CLIMATOLOGICAL DATA (WS FORM: F-6) , PAGE 2

                                          STATION:  MISSOULA MT
                                          MONTH:    APRIL
                                          YEAR:     2015
                                          LATITUDE:   46 55 N
                                          LONGITUDE: 114  5 W

[TEMPERATURE DATA]      [PRECIPITATION DATA]       SYMBOLS USED IN COLUMN 16

AVERAGE MONTHLY: 43.2   TOTAL FOR MONTH:   0.27    1 = FOG OR MIST
DPTR FM NORMAL:  -1.9   DPTR FM NORMAL:   -0.75    2 = FOG REDUCING VISIBILITY
HIGHEST:    73 ON 21    GRTST 24HR  0.13 ON 11-12      TO 1/4 MILE OR LESS
LOWEST:     20 ON  7                               3 = THUNDER
                        SNOW, ICE PELLETS, HAIL    4 = ICE PELLETS
                        TOTAL MONTH:   0.6 INCH    5 = HAIL
                        GRTST 24HR   0.3 ON   M    6 = FREEZING RAIN OR DRIZZLE
                        GRTST DEPTH:   0           7 = DUSTSTORM OR SANDSTORM:
                                                       VSBY 1/2 MILE OR LESS
                                                   8 = SMOKE OR HAZE
[NO. OF DAYS WITH]      [WEATHER - DAYS WITH]      9 = BLOWING SNOW
                                                   X = TORNADO
MAX 32 OR BELOW:   0    0.01 INCH OR MORE:   5
MAX 90 OR ABOVE:   0    0.10 INCH OR MORE:   1
MIN 32 OR BELOW:  19    0.50 INCH OR MORE:   0
MIN  0 OR BELOW:   0    1.00 INCH OR MORE:   0

[HDD (BASE 65) ]
TOTAL THIS MO.   540    CLEAR  (SCALE 0-3)  13
DPTR FM NORMAL    42    PTCLDY (SCALE 4-7)  10
TOTAL FM JUL 1  6252    CLOUDY (SCALE 8-10)  2
DPTR FM NORMAL  -429

[CDD (BASE 65) ]
TOTAL THIS MO.     0
DPTR FM NORMAL     0    [PRESSURE DATA]
TOTAL FM JAN 1     0    HIGHEST SLP M ON M
DPTR FM NORMAL     0    LOWEST  SLP 29.60 ON 14

[REMARKS]
