000
CXUS51 KBTV 250700
CF6MVL
PRELIMINARY LOCAL CLIMATOLOGICAL DATA (WS FORM: F-6)

                                          STATION:   MORRISVILLE VT
                                          MONTH:     APRIL
                                          YEAR:      2015
                                          LATITUDE:   44 31 N
                                          LONGITUDE:  72 37 W

  TEMPERATURE IN F:       :PCPN:    SNOW:  WIND      :SUNSHINE: SKY     :PK WND
================================================================================
1   2   3   4   5  6A  6B    7    8   9   10  11  12  13   14  15   16   17  18
                                     12Z  AVG MX 2MIN
DY MAX MIN AVG DEP HDD CDD  WTR  SNW DPTH SPD SPD DIR MIN PSBL S-S WX    SPD DR
================================================================================

 1  35  12  24 -11  41   0    T    M    0  4.5 17 300   M    M   0        24 320
 2  57  14  36   0  29   0    T    M    0  4.7 15 200   M    M   5 8      24 220
 3  65  37  51  15  14   0    T    M    0  4.2 15 310   M    M   4        21 310
 4  43  26  35  -1  30   0 0.07    M    0  9.1 23 330   M    M   9 1      33 310
 5  37  26  32  -5  33   0 0.02    M    0  7.2 17 310   M    M   7 18     29 310
 6  37  24  31  -7  34   0 0.01    M    0  1.7 10 200   M    M   9 1      16 190
 7  46  23  35  -3  30   0    T    M    0  3.8 12 320   M    M   4 1      17 330
 8  45  20  33  -5  32   0 0.01    M    0  3.9 15 200   M    M   4 1      21 220
 9  38  30  34  -5  31   0 0.01    M    0  5.7 23 210   M    M  10 1      35 190
10  52  35  44   5  21   0 0.11    M    0  7.0 15 200   M    M   9 1      24 200
11  46  30  38  -2  27   0    T    M    0  7.8 21 310   M    M   7        34 310
12  64  27  46   6  19   0 0.00  0.0    0  2.7 15 320   M    M   0        23 310
13  73  27  50   9  15   0    T    M    0  5.9 18 200   M    M   0        28 190
14  62  32  47   6  18   0 0.01    M    0  5.8 21 310   M    M   4        31 320
15  53  27  40  -2  25   0 0.00  0.0    0  5.0 22 350   M    M   0        34 350
16  67  22  45   3  20   0 0.00  0.0    0  2.8 13 190   M    M   0        19 210
17  64  45  55  12  10   0 0.02    M    0  4.3 14 310   M    M   7 1      22 180
18  64  32  48   5  17   0    T    M    0  6.2 23 340   M    M   6        32 330
19  57  33  45   1  20   0 0.00  0.0    0  4.6 13  40   M    M   4        18 310
20  48  33  41  -3  24   0 0.40    M    0  5.8 18 210   M    M   7 1      28 200
21  50  33  42  -3  23   0 0.30    M    0  3.7 10 200   M    M   8 18     15 210
22  54  32  43  -2  22   0 0.19    M    0  3.1 18 200   M    M   7 1      26 190
23  44  32  38  -8  27   0    T    M    0  5.2 16 320   M    M   9 1      21 320
24  35  32  34 -12  31   0    T    M    0  8.7 18 340   M    M  10 1      28 340
================================================================================
SM 1236  684       593   0  1.15     0.0 123.4          M      130
================================================================================
AV 51.5 28.5                               5.1 FASTST   M    M   5    MAX(MPH)
                                 MISC ---->  # 23 330               # 35  190
================================================================================
NOTES:
# LAST OF SEVERAL OCCURRENCES

COLUMN 17 PEAK WIND IN M.P.H.

PRELIMINARY LOCAL CLIMATOLOGICAL DATA (WS FORM: F-6) , PAGE 2

                                          STATION:  MORRISVILLE VT
                                          MONTH:    APRIL
                                          YEAR:     2015
                                          LATITUDE:   44 31 N
                                          LONGITUDE:  72 37 W

[TEMPERATURE DATA]      [PRECIPITATION DATA]       SYMBOLS USED IN COLUMN 16

AVERAGE MONTHLY: 40.0   TOTAL FOR MONTH:   1.15    1 = FOG OR MIST
DPTR FM NORMAL:  -0.6   DPTR FM NORMAL:   -0.80    2 = FOG REDUCING VISIBILITY
HIGHEST:    73 ON 13    GRTST 24HR  0.48 ON 20-21      TO 1/4 MILE OR LESS
LOWEST:     12 ON  1                               3 = THUNDER
                        SNOW, ICE PELLETS, HAIL    4 = ICE PELLETS
                        TOTAL MONTH:   0.0 INCH    5 = HAIL
                        GRTST 24HR     0.0         6 = FREEZING RAIN OR DRIZZLE
                        GRTST DEPTH:   0           7 = DUSTSTORM OR SANDSTORM:
                                                       VSBY 1/2 MILE OR LESS
                                                   8 = SMOKE OR HAZE
[NO. OF DAYS WITH]      [WEATHER - DAYS WITH]      9 = BLOWING SNOW
                                                   X = TORNADO
MAX 32 OR BELOW:   0    0.01 INCH OR MORE:  11
MAX 90 OR ABOVE:   0    0.10 INCH OR MORE:   4
MIN 32 OR BELOW:  18    0.50 INCH OR MORE:   0
MIN  0 OR BELOW:   0    1.00 INCH OR MORE:   0

[HDD (BASE 65) ]
TOTAL THIS MO.   593    CLEAR  (SCALE 0-3)   5
DPTR FM NORMAL     6    PTCLDY (SCALE 4-7)  13
TOTAL FM JUL 1  7571    CLOUDY (SCALE 8-10)  6
DPTR FM NORMAL  -103

[CDD (BASE 65) ]
TOTAL THIS MO.     0
DPTR FM NORMAL     0    [PRESSURE DATA]
TOTAL FM JAN 1     0    HIGHEST SLP M ON M
DPTR FM NORMAL     0    LOWEST  SLP 29.55 ON 23

[REMARKS]
