000
CXUS53 KUNR 010945
CF6PHP
PRELIMINARY LOCAL CLIMATOLOGICAL DATA (WS FORM: F-6)

                                          STATION:   PHILIP SD
                                          MONTH:     MARCH
                                          YEAR:      2015
                                          LATITUDE:   44  3 N
                                          LONGITUDE: 101 36 W

  TEMPERATURE IN F:       :PCPN:    SNOW:  WIND      :SUNSHINE: SKY     :PK WND
================================================================================
1   2   3   4   5  6A  6B    7    8   9   10  11  12  13   14  15   16   17  18
                                     12Z  AVG MX 2MIN
DY MAX MIN AVG DEP HDD CDD  WTR  SNW DPTH SPD SPD DIR MIN PSBL S-S WX    SPD DR
================================================================================

 1  35   3  19 -10  46   0 0.00    M    M 10.8 29 300   M    M   3        43 270
 2  50   1  26  -4  39   0 0.08    M    M 11.4 31 190   M    M   3 1      40 180
 3  34   2  18 -12  47   0 0.01    M    M 19.3 37 350   M    M   6 1      49 350
 4  18  -6   6 -24  59   0 0.00    M    M 10.1 23 330   M    M   2        28 330
 5  46  -9  19 -12  46   0 0.00    M    M  7.4 20 250   M    M   1        24 250
 6  61  21  41  10  24   0 0.00    M    M 11.6 26 290   M    M   1        37 270
 7  55  27  41  10  24   0 0.00    M    M  7.1 16  10   M    M   3        19  10
 8  60  22  41   9  24   0 0.00    M    M  6.8 18 240   M    M   1        23 280
 9  67  23  45  13  20   0 0.00    M    M  7.5 20 310   M    M   0        23 310
10  67  24  46  14  19   0 0.00    M    M  8.8 16 320   M    M   0        21 310
11  77  25  51  18  14   0 0.00    M    M  7.4 24 230   M    M   0        31 230
12  75  37  56  23   9   0 0.00    M    M 10.7 24 330   M    M   0        29 290
13  69  26  48  14  17   0 0.00    M    M 12.5 26 360   M    M   0        35 340
14  76  22  49  15  16   0 0.00    M    M 10.1 29 200   M    M   0        35 190
15  85  51  68  34   0   3 0.00    M    M 10.4 23 200   M    M   0        30 200
16  64  33  49  14  16   0 0.00    M    M 12.3 32  10   M    M   3        40 360
17  40  29  35   0  30   0 0.00    M    M  7.9 15 130   M    M   7        21 120
18  61  28  45   9  20   0 0.00    M    M 10.6 18 340   M    M   1        22 140
19  57  28  43   7  22   0 0.00    M    M 14.0 32 310   M    M   1        40 310
20  72  24  48  12  17   0 0.00    M    M 13.7 31 320   M    M   0        42 290
21  64  23  44   7  21   0 0.00    M    M 14.0 25  90   M    M   3 12     30  80
22  47  21  34  -3  31   0 0.00    M    M 10.4 21  60   M    M   2        25 360
23  69  16  43   6  22   0    T    M    M  9.6 30 210   M    M   4        36 200
24  65  31  48  10  17   0 0.00    M    M 16.9 31 290   M    M   4        40 290
25  46  16  31  -7  34   0 0.00    M    M 13.8 28 330   M    M   7        35 320
26  43  14  29 -10  36   0    T    M    M  7.0 21  50   M    M   8        26  80
27  71  33  52  13  13   0    T    M    M  6.9 20 340   M    M   6        26 330
28  84  25  55  16  10   0 0.00    M    M 12.2 44 340   M    M   0        57 340
29  66  34  50  10  15   0 0.00    M    M 18.0 46 300   M    M   1        56 300
30  73  29  51  11  14   0 0.00    M    M 12.6 31 310   M    M   0        40 310
31  83  30  57  17   8   0 0.00    M    M  8.6 22 230   M    M   0        30 240
================================================================================
SM 1880  683       730   3  0.09    M    340.4          M       67
================================================================================
AV 60.6 22.0                              11.0 FASTST   M    M   2    MAX(MPH)
                                 MISC ---->  # 46 300               # 57  340
================================================================================
NOTES:
# LAST OF SEVERAL OCCURRENCES

COLUMN 17 PEAK WIND IN M.P.H.

PRELIMINARY LOCAL CLIMATOLOGICAL DATA (WS FORM: F-6) , PAGE 2

                                          STATION:  PHILIP SD
                                          MONTH:    MARCH
                                          YEAR:     2015
                                          LATITUDE:   44  3 N
                                          LONGITUDE: 101 36 W

[TEMPERATURE DATA]      [PRECIPITATION DATA]       SYMBOLS USED IN COLUMN 16

AVERAGE MONTHLY: 41.3   TOTAL FOR MONTH:   0.09    1 = FOG OR MIST
DPTR FM NORMAL:   6.6   DPTR FM NORMAL:   -1.18    2 = FOG REDUCING VISIBILITY
HIGHEST:    85 ON 15    GRTST 24HR  0.08 ON  2- 2      TO 1/4 MILE OR LESS
LOWEST:     -9 ON  5                               3 = THUNDER
                        SNOW, ICE PELLETS, HAIL    4 = ICE PELLETS
                        TOTAL MONTH:    M          5 = HAIL
                        GRTST 24HR    M  ON   M    6 = FREEZING RAIN OR DRIZZLE
                        GRTST DEPTH:  M  ON   M    7 = DUSTSTORM OR SANDSTORM:
                                                       VSBY 1/2 MILE OR LESS
                                                   8 = SMOKE OR HAZE
[NO. OF DAYS WITH]      [WEATHER - DAYS WITH]      9 = BLOWING SNOW
                                                   X = TORNADO
MAX 32 OR BELOW:   1    0.01 INCH OR MORE:   2
MAX 90 OR ABOVE:   0    0.10 INCH OR MORE:   0
MIN 32 OR BELOW:  26    0.50 INCH OR MORE:   0
MIN  0 OR BELOW:   2    1.00 INCH OR MORE:   0

[HDD (BASE 65) ]
TOTAL THIS MO.   730    CLEAR  (SCALE 0-3)  22
DPTR FM NORMAL  -208    PTCLDY (SCALE 4-7)   9
TOTAL FM JUL 1  5870    CLOUDY (SCALE 8-10)  0
DPTR FM NORMAL  -433

[CDD (BASE 65) ]
TOTAL THIS MO.     3
DPTR FM NORMAL     3    [PRESSURE DATA]
TOTAL FM JAN 1     3    HIGHEST SLP 30.60 ON 17
DPTR FM NORMAL     3    LOWEST  SLP 29.45 ON 31

[REMARKS]
#FINAL-03-15#
