000
CXUS56 KFGZ 200900
CF6PRC
PRELIMINARY LOCAL CLIMATOLOGICAL DATA (WS FORM: F-6)

                                          STATION:   PRESCOTT AZ AIRPORT
                                          MONTH:     APRIL
                                          YEAR:      2015
                                          LATITUDE:   34 39 N
                                          LONGITUDE: 112 26 W

  TEMPERATURE IN F:       :PCPN:    SNOW:  WIND      :SUNSHINE: SKY     :PK WND
================================================================================
1   2   3   4   5  6A  6B    7    8   9   10  11  12  13   14  15   16   17  18
                                     12Z  AVG MX 2MIN
DY MAX MIN AVG DEP HDD CDD  WTR  SNW DPTH SPD SPD DIR MIN PSBL S-S WX    SPD DR
================================================================================

 1  72  46  59  10   6   0 0.00    M    M  7.9 21 250   M    M   0        28 230
 2  68  43  56   7   9   0 0.00    M    M 11.3 26 230   M    M   0        35 240
 3  68  31  50   0  15   0 0.00    M    M  5.1 12 140   M    M   0        16  50
 4  71  35  53   3  12   0 0.00    M    M  7.0 20 230   M    M   0        27 180
 5  69  39  54   4  11   0 0.00    M    M  9.0 22 180   M    M   0        30 220
 6  67  43  55   5  10   0 0.00    M    M 12.4 31 230   M    M   0        40 230
 7  64  43  54   4  11   0 0.00    M    M 12.2 26 200   M    M   0        35 200
 8  59  35  47  -4  18   0 0.00    M    M  9.4 23 230   M    M   0        32 200
 9  68  28  48  -3  17   0 0.00    M    M  6.1 15 220   M    M   0        22 240
10  69  33  51   0  14   0 0.00    M    M  5.7 15 240   M    M   0        21 150
11  71  38  55   4  10   0 0.00    M    M  4.9 18 150   M    M   0        24 150
12  76  39  58   6   7   0 0.00    M    M  6.9 20 330   M    M   0        26 340
13  78  38  58   6   7   0 0.00    M    M  7.3 21 260   M    M   0        25 250
14  74  44  59   7   6   0 0.00    M    M 12.8 30 230   M    M   1        40 200
15  64  32  48  -4  17   0 0.00    M    M 11.3 26 320   M    M   0        33 340
16  54  29  42 -11  23   0 0.00    M    M  8.6 29 350   M    M   2        36 320
17  63  31  47  -6  18   0    T    M    M  6.5 22 350   M    M   4        32 330
18  74  37  56   3   9   0 0.00    M    M  8.0 22 240   M    M   1        29 260
19  75  41  58   5   7   0 0.00    M    M  5.1 20 130   M    M   2        29 130
================================================================================
SM 1304  705       227   0    T     M    157.5          M       10
================================================================================
AV 68.6 37.1                               8.3 FASTST   M    M   1    MAX(MPH)
                                 MISC ---->  # 31 230               # 40  230
================================================================================
NOTES:
# LAST OF SEVERAL OCCURRENCES

COLUMN 17 PEAK WIND IN M.P.H.

PRELIMINARY LOCAL CLIMATOLOGICAL DATA (WS FORM: F-6) , PAGE 2

                                          STATION:  PRESCOTT AZ AIRPORT
                                          MONTH:    APRIL
                                          YEAR:     2015
                                          LATITUDE:   34 39 N
                                          LONGITUDE: 112 26 W

[TEMPERATURE DATA]      [PRECIPITATION DATA]       SYMBOLS USED IN COLUMN 16

AVERAGE MONTHLY: 52.9   TOTAL FOR MONTH:      T    1 = FOG OR MIST
DPTR FM NORMAL:   1.7   DPTR FM NORMAL:   -0.36    2 = FOG REDUCING VISIBILITY
HIGHEST:    78 ON 13    GRTST 24HR    T  ON 17-17      TO 1/4 MILE OR LESS
LOWEST:     28 ON  9                               3 = THUNDER
                        SNOW, ICE PELLETS, HAIL    4 = ICE PELLETS
                        TOTAL MONTH:    M          5 = HAIL
                        GRTST 24HR    M  ON   M    6 = FREEZING RAIN OR DRIZZLE
                        GRTST DEPTH:  M  ON   M    7 = DUSTSTORM OR SANDSTORM:
                                                       VSBY 1/2 MILE OR LESS
                                                   8 = SMOKE OR HAZE
[NO. OF DAYS WITH]      [WEATHER - DAYS WITH]      9 = BLOWING SNOW
                                                   X = TORNADO
MAX 32 OR BELOW:   0    0.01 INCH OR MORE:   0
MAX 90 OR ABOVE:   0    0.10 INCH OR MORE:   0
MIN 32 OR BELOW:   5    0.50 INCH OR MORE:   0
MIN  0 OR BELOW:   0    1.00 INCH OR MORE:   0

[HDD (BASE 65) ]
TOTAL THIS MO.   227    CLEAR  (SCALE 0-3)  18
DPTR FM NORMAL   -36    PTCLDY (SCALE 4-7)   1
TOTAL FM JUL 1  3159    CLOUDY (SCALE 8-10)  0
DPTR FM NORMAL  -851

[CDD (BASE 65) ]
TOTAL THIS MO.     0
DPTR FM NORMAL     0    [PRESSURE DATA]
TOTAL FM JAN 1     0    HIGHEST SLP M ON M
DPTR FM NORMAL     0    LOWEST  SLP 29.71 ON  6

[REMARKS]
