000
CXAK56 PASN 191159
CF6SNP

PRELIMINARY LOCAL CLIMATOLOGICAL DATA (WS FORM: F-6)

                                          STATION:   ST PAUL
                                          MONTH:     04
                                          YEAR:      2015
                                          LATITUDE:   57 10 N
                                          LONGITUDE: 170 13 W

  TEMPERATURE IN F:       :PCPN:    SNOW:  WIND      :SUNSHINE: SKY     :PK WND
================================================================================
1   2   3   4   5  6A  6B    7     8   9   10  11  12  13   14  15   16  17  18
                                      12Z  AVG MX 2MIN
DY MAX MIN AVG DEP HDD CDD  WTR   SNW DPTH SPD SPD DIR MIN PSBL S-S WX   SPD DR
================================================================================

 1  22  15  19  -7  46   0  0.01  0.4   4 10.2 18  350   M    M   M       23 340
 2  34  21  28   2  37   0     T    T   5 13.8 28  140   M    M   M       32 130
 3  39  34  37  11  28   0  0.12    T   5 25.4 41  250   M    M   M 12    51 250
 4  40  34  37  10  28   0  0.05    T   T 20.5 37  260   M    M   M 1     48 260
 5  40  31  36   9  29   0  0.18  0.6   1 20.1 32  210   M    M   M 1     39 210
 6  34  30  32   5  33   0  0.04  1.1   1 24.6 38  260   M    M   M 19    46 260
 7  34  29  32   5  33   0     T  0.2   T 18.7 31  300   M    M   M 169   39 300
 8  38  29  34   7  31   0  0.20  0.4   1 21.8 41  310   M    M   M 1     52 300
 9  34  27  31   3  34   0  0.03  0.4   T 21.9 40  310   M    M   M 19    51 310
10  35  16  26  -2  39   0  0.04  0.6   T  9.2 25  260   M    M   M 1     32 250
11  27  18  23  -5  42   0  0.08  0.7   2 15.1 28  340   M    M   M 1     32 350
12  26  15  21  -7  44   0     T    T   1 11.2 23  320   M    M   M 1     30 320
13  29  15  22  -7  43   0     T  0.2   T 16.9 26   40   M    M   M 9     33  30
14  29  20  25  -4  40   0     T  0.1   T 21.8 30  360   M    M   M       35 360
15  34  13  24  -5  41   0     T  0.0   T  7.5 16  210   M    M   M       20 210
16  36  20  28  -1  37   0  0.00  0.0   T 11.6 25   70   M    M   M       32  70
17  27  20  24  -6  41   0     T    T   0 28.2 38   20   M    M   M       46  30
18  24  18  21  -9  44   0     T    T   0 35.8 45  340   M    M   M 1     54 360
================================================================================
SM  582  405       670   0  0.75 4.7    334.3           M        M
================================================================================
AV 32.3 22.5                             18.6 FASTST  PSBL  %   M    MAX(MPH)
                                 MISC ---->     45  340                 54 360
================================================================================
NOTES:
# LAST OF SEVERAL OCCURRENCES

COLUMN 17 PEAK WIND IN M.P.H.

PRELIMINARY LOCAL CLIMATOLOGICAL DATA (WS FORM: F-6) , PAGE 2

                                          STATION:   ST PAUL
                                          MONTH:     04
                                          YEAR:      2015
                                          LATITUDE:  57 10 N
                                          LONGITUDE: 170 13 W

[TEMPERATURE DATA]      [PRECIPITATION DATA]       SYMBOLS USED IN COLUMN 16

AVERAGE MONTHLY:27.4   TOTAL FOR MONTH: 0.75       1 = FOG
DPTR FM NORMAL: -0.4   DPTR FM NORMAL: 0.10       2 = FOG REDUCING VISIBILITY
HIGHEST:    40 ON  5    GRTST 24HR   0.20 ON  8        TO 1/4 MILE OR LESS
LOWEST:     13 ON 15                               3 = THUNDER
                        SNOW, ICE PELLETS, HAIL    4 = ICE PELLETS
                        TOTAL MONTH: 4.7 INCHES  5 = HAIL
                        GRTST 24HR   1.1 ON  6     6 = GLAZE OR RIME
                        GRTST DEPTH:    5 ON  3    7 = BLOWING DUST OR SAND:
                                                       VSBY 1/2 MILE OR LESS
                                                   8 = SMOKE OR HAZE
[NO. OF DAYS WITH]      [WEATHER - DAYS WITH]      9 = BLOWING SNOW
                                                   X = TORNADO
MAX 32 OR BELOW:   7    0.01 INCH OR MORE:   9
MAX 70 OR ABOVE:   0    0.10 INCH OR MORE:   3
MIN 32 OR BELOW:  16    0.50 INCH OR MORE:   0
MIN  0 OR BELOW:   0    1.00 INCH OR MORE:   0

[HDD (BASE 65) ]
TOTAL THIS MO.   670    CLEAR  (SCALE 0-3)   M
DPTR FM NORMAL     1    PTCLDY (SCALE 4-7)   M
SEASONAL TOTAL  7802    CLOUDY (SCALE 8-10)  M
DPTR FM NORMAL -1023

[CDD (BASE 65) ]
TOTAL THIS MO.     0
DPTR FM NORMAL     0    [PRESSURE DATA]
SEASONAL TOTAL     0    HIGHEST SLP     M
DPTR FM NORMAL     0    LOWEST  SLP     M

[REMARKS]
