000
CXUS54 KSHV 241300
CF6TXK
PRELIMINARY LOCAL CLIMATOLOGICAL DATA (WS FORM: F-6)

                                          STATION:   TEXARKANA
                                          MONTH:     APRIL
                                          YEAR:      2015
                                          LATITUDE:   33 27 N
                                          LONGITUDE:  94  0 W

  TEMPERATURE IN F:       :PCPN:    SNOW:  WIND      :SUNSHINE: SKY     :PK WND
================================================================================
1   2   3   4   5  6A  6B    7    8   9   10  11  12  13   14  15   16   17  18
                                     12Z  AVG MX 2MIN
DY MAX MIN AVG DEP HDD CDD  WTR  SNW DPTH SPD SPD DIR MIN PSBL S-S WX    SPD DR
================================================================================

 1  81  60  71  11   0   6    T  0.0    0 10.2 22 210   M    M   3 18     27 230
 2  84  66  75  15   0  10 0.00  0.0    0 13.8 23 210   M    M   6        31 190
 3  81  54  68   7   0   3 0.00  0.0    0 12.7 23 220   M    M   5 8      32 230
 4  66  47  57  -4   8   0 0.00  0.0    0  6.7 17  50   M    M   0        27  50
 5  56  47  52  -9  13   0 0.28  0.0    0  4.7 12 130   M    M   7 1      16 130
 6  81  56  69   8   0   4 0.06  0.0    0  9.2 18 190   M    M   7 123    24 190
 7  85  66  76  14   0  11 0.00  0.0    0 10.0 18 230   M    M   3 13     24 210
 8  84  67  76  14   0  11    T  0.0    0 10.8 21 210   M    M   4        28 170
 9  82  64  73  11   0   8 0.86  0.0    0 12.3 22 180   M    M   6 13     30 170
10  68  49  59  -3   6   0 0.00  0.0    0  6.7 15  30   M    M   0        21  20
11  75  46  61  -2   4   0 0.00  0.0    0  4.6 15  60   M    M   0        20  50
12  80  53  67   4   0   2    T  0.0    0  6.4 17 180   M    M   4        22 170
13  72  61  67   4   0   2 0.20  0.0    0  7.4 16  40   M    M  10 1      21  20
14  61  57  59  -4   6   0 0.05  0.0    0  7.1 14  50   M    M  10 13     22  50
15  67  51  59  -5   6   0 0.06  0.0    0  5.3 14 220   M    M   8 1      16 220
16  81  50  66   2   0   1 0.18  0.0    0  6.1 26 140   M    M   3 13     35 170
17  80  61  71   7   0   6 0.00  0.0    0  3.3 13 270   M    M   5        17 250
18  73  61  67   3   0   2 0.46  0.0    0  4.3 10  50   M    M   6 1      12 110
19  79  55  67   2   0   2 0.20  0.0    0 10.0 23 260   M    M   3 13     29 280
20  70  49  60  -5   5   0 0.00  0.0    0  9.1 18 340   M    M   1        27 330
21  68  44  56  -9   9   0 0.00  0.0    0  5.0 14 190   M    M   3        19 150
22  76  52  64  -2   1   0 0.42  0.0    0  5.5 18 350   M    M   4 138    24 340
23  66  56  61  -5   4   0 1.79  0.0    0  7.7 16  40   M    M   9 13     21  40
================================================================================
SM 1716 1272        62  68  4.56     0.0 178.9          M      107
================================================================================
AV 74.6 55.3                               7.8 FASTST   M    M   5    MAX(MPH)
                                 MISC ---->  # 26 140               # 35  170
================================================================================
NOTES:
# LAST OF SEVERAL OCCURRENCES

COLUMN 17 PEAK WIND IN M.P.H.

PRELIMINARY LOCAL CLIMATOLOGICAL DATA (WS FORM: F-6) , PAGE 2

                                          STATION:  TEXARKANA
                                          MONTH:    APRIL
                                          YEAR:     2015
                                          LATITUDE:   33 27 N
                                          LONGITUDE:  94  0 W

[TEMPERATURE DATA]      [PRECIPITATION DATA]       SYMBOLS USED IN COLUMN 16

AVERAGE MONTHLY: 65.0   TOTAL FOR MONTH:   4.56    1 = FOG OR MIST
DPTR FM NORMAL:   2.0   DPTR FM NORMAL:    1.66    2 = FOG REDUCING VISIBILITY
HIGHEST:    85 ON  7    GRTST 24HR  2.21 ON 22-23      TO 1/4 MILE OR LESS
LOWEST:     44 ON 21                               3 = THUNDER
                        SNOW, ICE PELLETS, HAIL    4 = ICE PELLETS
                        TOTAL MONTH:   0.0 INCH    5 = HAIL
                        GRTST 24HR     0.0         6 = FREEZING RAIN OR DRIZZLE
                        GRTST DEPTH:   0           7 = DUSTSTORM OR SANDSTORM:
                                                       VSBY 1/2 MILE OR LESS
                                                   8 = SMOKE OR HAZE
[NO. OF DAYS WITH]      [WEATHER - DAYS WITH]      9 = BLOWING SNOW
                                                   X = TORNADO
MAX 32 OR BELOW:   0    0.01 INCH OR MORE:  11
MAX 90 OR ABOVE:   0    0.10 INCH OR MORE:   8
MIN 32 OR BELOW:   0    0.50 INCH OR MORE:   2
MIN  0 OR BELOW:   0    1.00 INCH OR MORE:   1

[HDD (BASE 65) ]
TOTAL THIS MO.    62    CLEAR  (SCALE 0-3)   5
DPTR FM NORMAL   -35    PTCLDY (SCALE 4-7)  15
TOTAL FM JUL 1  2783    CLOUDY (SCALE 8-10)  3
DPTR FM NORMAL   192

[CDD (BASE 65) ]
TOTAL THIS MO.    68
DPTR FM NORMAL    18    [PRESSURE DATA]
TOTAL FM JAN 1    84    HIGHEST SLP M ON M
DPTR FM NORMAL    11    LOWEST  SLP 29.63 ON 19

[REMARKS]
