000
CDUS41 KPHI 202137
CLIABE


CLIMATE REPORT
NATIONAL WEATHER SERVICE MOUNT HOLLY NJ
535 PM EDT MON APR 20 2015


...................................

...THE ALLENTOWN PA CLIMATE SUMMARY FOR APRIL 20 2015...
VALID TODAY AS OF 0500 PM LOCAL TIME.

CLIMATE NORMAL PERIOD 1981 TO 2010
CLIMATE RECORD PERIOD 1922 TO 2015


WEATHER ITEM   OBSERVED TIME   RECORD YEAR NORMAL DEPARTURE LAST
                VALUE   (LST)  VALUE       VALUE  FROM      YEAR
                                                  NORMAL
..................................................................
TEMPERATURE (F)
 TODAY
  MAXIMUM         61    359 PM  90    1941  63     -2       62
  MINIMUM         47    312 AM  29    1961  40      7       38
  AVERAGE         54                        52      2       50

PRECIPITATION (IN)
  TODAY            0.60          1.14 1940   0.12   0.48     0.00
  MONTH TO DATE    1.33                      2.39  -1.06     2.62
  SINCE MAR 1      5.80                      5.78   0.02     5.06
  SINCE JAN 1     10.35                     11.51  -1.16    14.05

SNOWFALL (IN)
  TODAY            0.0           T    1983   0.0    0.0      0.0
  MONTH TO DATE    0.0                       0.9   -0.9      0.3
  SINCE MAR 1     17.8                       5.8   12.0      1.4
  SINCE JUL 1     50.1                      32.8   17.3     68.1
  SNOW DEPTH       0

DEGREE DAYS
 HEATING
  TODAY           11                        14     -3       15
  MONTH TO DATE  271                       338    -67      323
  SINCE MAR 1   1225                      1141     84     1285
  SINCE JUL 1   5706                      5450    256     5883

 COOLING
  TODAY            0                         0      0        0
  MONTH TO DATE    0                         0      0        7
  SINCE MAR 1      0                         0      0        7
  SINCE JAN 1      0                         0      0        7
..................................................................


WIND (MPH)
  HIGHEST WIND SPEED    26   HIGHEST WIND DIRECTION     E (110)
  HIGHEST GUST SPEED    37   HIGHEST GUST DIRECTION     E (110)
  AVERAGE WIND SPEED    14.3


SKY COVER
  POSSIBLE SUNSHINE  MM
  AVERAGE SKY COVER 0.9


WEATHER CONDITIONS
 THE FOLLOWING WEATHER WAS RECORDED TODAY.
  HEAVY RAIN
  RAIN
  LIGHT RAIN
  FOG


RELATIVE HUMIDITY (PERCENT)
 HIGHEST    96           900 AM
 LOWEST     66           100 AM
 AVERAGE    81

..........................................................


THE ALLENTOWN PA CLIMATE NORMALS FOR TOMORROW
                         NORMAL    RECORD    YEAR
 MAXIMUM TEMPERATURE (F)   64        89      1985
 MINIMUM TEMPERATURE (F)   40        28      1956
                                             1925


SUNRISE AND SUNSET
APRIL 20 2015.........SUNRISE   616 AM EDT   SUNSET   746 PM EDT
APRIL 21 2015.........SUNRISE   615 AM EDT   SUNSET   747 PM EDT


-  INDICATES NEGATIVE NUMBERS.
R  INDICATES RECORD WAS SET OR TIED.
MM INDICATES DATA IS MISSING.
T  INDICATES TRACE AMOUNT.




$$
