000
CDUS43 KABR 251036
CLIABR


CLIMATE REPORT
NATIONAL WEATHER SERVICE ABERDEEN SD
535 AM CDT SAT APR 25 2015


...................................

...THE ABERDEEN SD CLIMATE SUMMARY FOR APRIL 24 2015...

CLIMATE NORMAL PERIOD 1981 TO 2010
CLIMATE RECORD PERIOD 1893 TO 2015


WEATHER ITEM   OBSERVED TIME   RECORD YEAR NORMAL DEPARTURE LAST
                VALUE   (LST)  VALUE       VALUE  FROM      YEAR
                                                  NORMAL
..................................................................
TEMPERATURE (F)
 YESTERDAY
  MAXIMUM         71    124 PM  92    1962  62      9       67
  MINIMUM         42    505 AM  17    1956  35      7       36
  AVERAGE         57                        48      9       52

PRECIPITATION (IN)
  YESTERDAY        0.16          1.29 2010   0.09   0.07     0.00
  MONTH TO DATE    0.51                      1.34  -0.83     0.18
  SINCE MAR 1      0.74                      2.50  -1.76     0.95
  SINCE JAN 1      1.79                      3.52  -1.73     1.39

SNOWFALL (IN)
  YESTERDAY        0.0
  MONTH TO DATE    0.0
  SINCE OCT 1     20.2
  SINCE JUL 1     20.2
  SNOW DEPTH       0

DEGREE DAYS
 HEATING
  YESTERDAY        8                        17     -9       13
  MONTH TO DATE  418                       530   -112      594
  SINCE MAR 1   1343                      1618   -275     1816
  SINCE JUL 1   7611                      8081   -470     8975

 COOLING
  YESTERDAY        0                         0      0        0
  MONTH TO DATE    0                         0      0        0
  SINCE MAR 1      0                         0      0        0
  SINCE JAN 1      0                         0      0        0
..................................................................


WIND (MPH)
  HIGHEST WIND SPEED    24   HIGHEST WIND DIRECTION     E (70)
  HIGHEST GUST SPEED    28   HIGHEST GUST DIRECTION     E (70)
  AVERAGE WIND SPEED    11.6


SKY COVER
  POSSIBLE SUNSHINE  MM
  AVERAGE SKY COVER 0.5


WEATHER CONDITIONS
 THE FOLLOWING WEATHER WAS RECORDED YESTERDAY.
  THUNDERSTORM
  HEAVY RAIN
  LIGHT RAIN


RELATIVE HUMIDITY (PERCENT)
 HIGHEST    80           900 PM
 LOWEST     38          1200 AM
 AVERAGE    59

..........................................................


THE ABERDEEN SD CLIMATE NORMALS FOR TODAY
                         NORMAL    RECORD    YEAR
 MAXIMUM TEMPERATURE (F)   62        97      1962
 MINIMUM TEMPERATURE (F)   36        19      2013
                                             1958


SUNRISE AND SUNSET
APRIL 25 2015.........SUNRISE   632 AM CDT   SUNSET   832 PM CDT
APRIL 26 2015.........SUNRISE   630 AM CDT   SUNSET   834 PM CDT


-  INDICATES NEGATIVE NUMBERS.
R  INDICATES RECORD WAS SET OR TIED.
MM INDICATES DATA IS MISSING.
T  INDICATES TRACE AMOUNT.




$$
