000
CDUS44 KFWD 182120
CLIACT


CLIMATE REPORT
NATIONAL WEATHER SERVICE FORT WORTH TX
420 PM CDT SAT APR 18 2015


...................................

...THE WACO CLIMATE SUMMARY FOR APRIL 18 2015...
VALID AS OF 0400 PM LOCAL TIME.

CLIMATE NORMAL PERIOD 1981 TO 2010
CLIMATE RECORD PERIOD 1901 TO 2015


WEATHER ITEM   OBSERVED TIME   RECORD YEAR NORMAL DEPARTURE LAST
                VALUE   (LST)  VALUE       VALUE  FROM      YEAR
                                                  NORMAL
..................................................................
TEMPERATURE (F)
 TODAY
  MAXIMUM         79    259 PM  98    2006  78      1       76
  MINIMUM         61    622 AM  39    1921  55      6       52
  AVERAGE         70

PRECIPITATION (IN)
  TODAY            0.00          1.31 1976   0.10  -0.10     0.01
  MONTH TO DATE    1.07                      1.42  -0.35     1.68
  SINCE MAR 1      3.92                      4.57  -0.65     2.55
  SINCE JAN 1      8.65                      9.32  -0.67     3.31

SNOWFALL (IN)
  TODAY            0.0           0.0    MM   0.0    0.0      0.0
  MONTH TO DATE    0.0                       0.2   -0.2      0.0
  SINCE MAR 1      0.7                       0.3    0.4      0.1
  SINCE JUL 1      1.4                       1.2    0.2      0.1
  SNOW DEPTH       0

..................................................................


WIND (MPH)
  HIGHEST WIND SPEED    12   HIGHEST WIND DIRECTION    SE (120)
  HIGHEST GUST SPEED    14   HIGHEST GUST DIRECTION     E (100)
  AVERAGE WIND SPEED     2.9




..........................................................


THE WACO CLIMATE NORMALS FOR TOMORROW
                         NORMAL    RECORD    YEAR
 MAXIMUM TEMPERATURE (F)   79        97      1996
 MINIMUM TEMPERATURE (F)   56        34      2013


SUNRISE AND SUNSET
APRIL 18 2015.........SUNRISE   657 AM CDT   SUNSET   800 PM CDT
APRIL 19 2015.........SUNRISE   656 AM CDT   SUNSET   800 PM CDT


-  INDICATES NEGATIVE NUMBERS.
R  INDICATES RECORD WAS SET OR TIED.
MM INDICATES DATA IS MISSING.
T  INDICATES TRACE AMOUNT.




$$
