000
CDAK48 PADQ 281151
CLIADQ

CLIMATE REPORT
NATIONAL WEATHER SERVICE KODIAK, AK
351 AM AKDT TUE APR 28 2015

...................................
...THE KODIAK AP CLIMATE SUMMARY FOR APRIL 27 2015...

CLIMATE NORMAL PERIOD  1981 TO  2010
CLIMATE RECORD PERIOD  1949 TO  2015

WEATHER ITEM   OBSERVED TIME    RECORD YEAR NORMAL DEPARTURE LAST
               VALUE    (LST)   VALUE       VALUE  FROM      YEAR
                                                   NORMAL
...................................................................
TEMPERATURE
YESTERDAY
 MAXIMUM            48  0538 PM    61  1990     46       2     44
 MINIMUM            40  1150 PM    23  1975     35       5     40
 AVERAGE            44                          40       4     42

PRECIPITATION
(INCHES)
 YESTERDAY        0.14           1.71  1989   0.19   -0.05   0.12
 MONTH TO DATE    6.02                        5.25    0.77   7.10
 SINCE MAR 1     13.55                       10.78    2.77  11.06
 SINCE JAN 1     32.47                       25.21    7.26  32.31

SNOWFALL
(INCHES)
 YESTERDAY         0.0            5.3  2008    0.1    -0.1    0.0
 MONTH TO DATE     3.2                         7.7    -4.5     MM
 SINCE MAR 1       4.7                        19.0   -14.3   12.4
 SINCE JUL 1      20.1                        68.4   -48.3     MM
 SNOW DEPTH (IN)     0                                          0

DEGREE DAYS
 HEATING
  YESTERDAY         21                          25      -4     23
  MONTH TO DATE    709                         749     -40    701
  SINCE MAR 1     1585                        1747    -162   1671
  SINCE JUL 1     6503                        7620   -1117   6957

 COOLING
  YESTERDAY          0                           0       0      0
  MONTH TO DATE      0                           0       0      0
  SINCE MAR 1        0                           0       0      0
  SINCE JAN 1        0                           0       0      0
...................................................................

WIND (MPH)
 HIGHEST WIND SPEED    20     HIGHEST WIND DIRECTION     50
 HIGHEST GUST SPEED    24     HIGHEST GUST DIRECTION     20
 AVERAGE WIND SPEED  11.3

SKY COVER
  POSSIBLE SUNSHINE    MM          AVERAGE SKY COVER     MM

WEATHER CONDITIONS
 THE FOLLOWING WEATHER WAS RECORDED YESTERDAY.
  FOG
RAIN


RELATIVE HUMIDITY
 HIGHEST RH     MM PERCENT       MM
 LOWEST  RH     MM PERCENT       MM
 AVERAGE RH     MM PERCENT       MM
...................................................................

THE KODIAK CLIMATE NORMALS FOR TODAY
                           NORMAL    RECORD   YEAR
 MAXIMUM TEMPERATURE (F)     46        69     2005
 MINIMUM TEMPERATURE (F)     35        24     1964

SUNRISE AND SUNSET
 APR 28 2015..........SUNRISE  6:27 AM      SUNSET  9:51 PM
 APR 29 2015..........SUNRISE  6:24 AM      SUNSET  9:53 PM

-  INDICATES NEGATIVE NUMBERS.
R  INDICATES RECORD HAS BEEN SET OR TIED.
MM INDICATES DATA IS MISSING.
T  INDICATES TRACE OF PRECIPITATION.

&&
-------------------------------------------------------------------

AMOUNT OF DAYLIGHT TODAY  (HOUR:MIN)........15 HOURS 24 MINUTES
GAIN/LOSS SINCE YESTERDAY (HOUR:MIN:SEC)....+0:04:43

$$
*** APR 15
