000
CDUS45 KCYS 030744
CLIAIA


CLIMATE REPORT
NATIONAL WEATHER SERVICE CHEYENNE WY
144 AM MDT SUN MAY 3 2015


...................................

...THE ALLIANCE NE AIRPORT CLIMATE SUMMARY FOR MAY 2 2015...

CLIMATE NORMAL PERIOD 1981 TO 2010
CLIMATE RECORD PERIOD 1896 TO 2015


WEATHER ITEM   OBSERVED TIME   RECORD YEAR NORMAL DEPARTURE LAST
                VALUE   (LST)  VALUE       VALUE  FROM      YEAR
                                                  NORMAL
..................................................................
TEMPERATURE (F)
 YESTERDAY
  MAXIMUM         82    159 PM  86    1981  66     16       75
  MINIMUM         41    424 AM  12    2005  34      7       25
  AVERAGE         62                        50     12       50

PRECIPITATION (IN)
  YESTERDAY        0.00          1.16 1988   0.10  -0.10     0.00
  MONTH TO DATE    0.00                      0.19  -0.19     0.00
  SINCE JAN 1      3.43                      3.05   0.38     2.80

DEGREE DAYS
 HEATING
  YESTERDAY        3                        15    -12       15
  MONTH TO DATE   14                        31    -17       38
  SINCE MAR 1   1282                      1516   -234     1557
  SINCE JUL 1   6509                      6920   -411     7121

 COOLING
  YESTERDAY        0                         0      0        0
  MONTH TO DATE    0                         0      0        0
  SINCE MAR 1      0                         0      0        0
  SINCE JAN 1      0                         0      0        0
..................................................................


WIND (MPH)
  HIGHEST WIND SPEED    25   HIGHEST WIND DIRECTION    SW (240)
  HIGHEST GUST SPEED    33   HIGHEST GUST DIRECTION    SW (240)
  AVERAGE WIND SPEED    10.4


SKY COVER
  AVERAGE SKY COVER 0.1


WEATHER CONDITIONS
 THE FOLLOWING WEATHER WAS RECORDED YESTERDAY.
  NO SIGNIFICANT WEATHER WAS OBSERVED.


RELATIVE HUMIDITY (PERCENT)
 HIGHEST    92           100 AM
 LOWEST     15          1200 PM
 AVERAGE    54

..........................................................


THE ALLIANCE NE AIRPORT CLIMATE NORMALS FOR TODAY
                         NORMAL    RECORD    YEAR
 MAXIMUM TEMPERATURE (F)   66        87      1940
 MINIMUM TEMPERATURE (F)   35        16      2008
                                             1954


SUNRISE AND SUNSET
MAY  3 2015...........SUNRISE   545 AM MDT   SUNSET   752 PM MDT
MAY  4 2015...........SUNRISE   543 AM MDT   SUNSET   753 PM MDT


-  INDICATES NEGATIVE NUMBERS.
R  INDICATES RECORD WAS SET OR TIED.
MM INDICATES DATA IS MISSING.
T  INDICATES TRACE AMOUNT.




$$
